31.28.24.227 - - [20/Apr/2025:06:56:40 +0300] "POST /wp-cron.php?doing_wp_cron=1745121400.7918670177459716796875 HTTP/1.0" 200 - "-" "WordPress/6.8; https://argon-rnd.ru"
51.222.253.13 - - [20/Apr/2025:06:56:40 +0300] "GET /72613504 HTTP/1.0" 404 142044 "-" "Mozilla/5.0 (compatible; AhrefsBot/7.0; +http://ahrefs.com/robot/)"
150.95.140.248 - - [20/Apr/2025:06:56:53 +0300] "POST /xmlrpc.php HTTP/1.0" 200 439 "-" "Mozilla/5.0 (X11; Fedora; Linux x86_64; rv:94.0) Gecko/20100101 Firefox/95.0"
31.28.24.227 - - [20/Apr/2025:06:58:22 +0300] "POST /wp-cron.php?doing_wp_cron=1745121502.1602160930633544921875 HTTP/1.0" 200 - "-" "WordPress/6.8; https://argon-rnd.ru"
49.12.169.107 - - [20/Apr/2025:06:58:21 +0300] "POST /xmlrpc.php HTTP/1.0" 200 441 "-" "Mozilla/5.0 (Windows NT 10.0; Win64; x64; rv:75.0) Gecko/20100101 Firefox/75.0"
213.176.73.78 - - [20/Apr/2025:06:58:39 +0300] "GET / HTTP/1.0" 301 - "-" "Mozilla/5.0 (Macintosh; Intel Mac OS X 10.11; rv:50.0) Gecko/20100101 Firefox/50.0"
213.176.73.78 - - [20/Apr/2025:06:58:40 +0300] "GET / HTTP/1.0" 200 194557 "-" "Mozilla/5.0 (Macintosh; Intel Mac OS X 10.11; rv:50.0) Gecko/20100101 Firefox/50.0"
213.176.73.78 - - [20/Apr/2025:06:58:41 +0300] "GET /wp-login.php HTTP/1.0" 200 12251 "https://argon-rnd.ru/" "Mozilla/5.0 (Macintosh; Intel Mac OS X 10.11; rv:50.0) Gecko/20100101 Firefox/50.0"
213.176.73.78 - - [20/Apr/2025:06:58:41 +0300] "POST /wp-login.php HTTP/1.0" 302 - "https://argon-rnd.ru/wp-login.php" "Mozilla/5.0 (Macintosh; Intel Mac OS X 10.11; rv:50.0) Gecko/20100101 Firefox/50.0"
213.176.73.78 - - [20/Apr/2025:06:58:42 +0300] "GET /wp-admin/ HTTP/1.0" 200 386867 "https://argon-rnd.ru/wp-login.php" "Mozilla/5.0 (Macintosh; Intel Mac OS X 10.11; rv:50.0) Gecko/20100101 Firefox/50.0"
213.176.73.78 - - [20/Apr/2025:06:58:43 +0300] "GET /wp-admin/ HTTP/1.0" 200 386867 "https://argon-rnd.ru/wp-admin/" "Mozilla/5.0 (Macintosh; Intel Mac OS X 10.11; rv:50.0) Gecko/20100101 Firefox/50.0"
213.176.73.78 - - [20/Apr/2025:06:58:44 +0300] "GET /wp-admin/plugin-editor.php?file=suretriggers%2Fapp%2Fbuild%2Fmain.asset.php&plugin=suretriggers%2Fsuretriggers.php HTTP/1.0" 403 296 "https://argon-rnd.ru/wp-admin/" "Mozilla/5.0 (Macintosh; Intel Mac OS X 10.11; rv:50.0) Gecko/20100101 Firefox/50.0"
31.28.24.227 - - [20/Apr/2025:06:58:42 +0300] "POST /wp-admin/admin-ajax.php?action=as_async_request_queue_runner&nonce=75f3f4ccbf HTTP/1.0" 200 - "-" "WordPress/6.8; https://argon-rnd.ru"
63.250.32.87 - - [20/Apr/2025:06:59:11 +0300] "POST /xmlrpc.php HTTP/1.0" 200 441 "http://argon-rnd.ru" "Mozilla/5.0 (Macintosh; Intel Mac OS X 14.3) AppleWebKit/614.31.14 (KHTML, like Gecko) Version/17.0.96 Safari/614.31.14"
31.28.24.227 - - [20/Apr/2025:06:59:59 +0300] "POST /wp-cron.php?doing_wp_cron=1745121599.6530389785766601562500 HTTP/1.0" 200 - "-" "WordPress/6.8; https://argon-rnd.ru"
5.255.231.70 - - [20/Apr/2025:06:59:59 +0300] "GET /?yclid=7710547526903176844 HTTP/1.0" 200 194507 "-" "Mozilla/5.0 (compatible; YandexMetrika/2.0; +http://yandex.com/bots yabs01)"
177.38.181.160 - - [20/Apr/2025:07:03:45 +0300] "GET /wbrcoc.php HTTP/1.0" 200 5766 "-" "Mozilla/5.0 (Windows NT 10.0; Win64; x64) AppleWebKit/537.36 (KHTML, like Gecko) Chrome/134.0.0.0 Safari/537.36"
177.38.181.160 - - [20/Apr/2025:07:03:51 +0300] "GET /favicon.ico HTTP/1.0" 200 370070 "https://argon-rnd.ru/wbrcoc.php" "Mozilla/5.0 (Windows NT 10.0; Win64; x64) AppleWebKit/537.36 (KHTML, like Gecko) Chrome/134.0.0.0 Safari/537.36"
177.38.181.160 - - [20/Apr/2025:07:03:59 +0300] "POST /wbrcoc.php HTTP/1.0" 200 9685 "https://argon-rnd.ru/wbrcoc.php" "Mozilla/5.0 (Windows NT 10.0; Win64; x64) AppleWebKit/537.36 (KHTML, like Gecko) Chrome/134.0.0.0 Safari/537.36"
177.38.181.160 - - [20/Apr/2025:07:04:00 +0300] "GET /favicon.ico HTTP/1.0" 200 370070 "https://argon-rnd.ru/wbrcoc.php" "Mozilla/5.0 (Windows NT 10.0; Win64; x64) AppleWebKit/537.36 (KHTML, like Gecko) Chrome/134.0.0.0 Safari/537.36"
5.255.231.153 - - [20/Apr/2025:07:04:04 +0300] "GET /robots.txt HTTP/1.0" 200 713 "-" "Mozilla/5.0 (compatible; YandexBot/3.0; +http://yandex.com/bots)"
31.28.24.227 - - [20/Apr/2025:07:04:43 +0300] "POST /wp-cron.php?doing_wp_cron=1745121883.3301680088043212890625 HTTP/1.0" 200 - "-" "WordPress/6.8; https://argon-rnd.ru"
23.239.27.53 - - [20/Apr/2025:07:04:42 +0300] "POST /xmlrpc.php HTTP/1.0" 200 441 "http://argon-rnd.ru" "Mozilla/5.0 (Windows NT 10.0; Win64; x64; rv:128.0) Gecko/20100101 Firefox/128.0"
31.28.24.227 - - [20/Apr/2025:07:04:50 +0300] "POST /wp-cron.php?doing_wp_cron=1745121890.4768610000610351562500 HTTP/1.0" 200 - "-" "WordPress/6.8; https://argon-rnd.ru"
195.26.225.209 - - [20/Apr/2025:07:04:50 +0300] "GET / HTTP/1.0" 200 194557 "https://ARGON-RND.RU" "Mozilla/5.0 (Macintosh; Intel Mac OS X 10_15_7) AppleWebKit/537.36 (KHTML, like Gecko) Chrome/133.0.0.0 Safari/537.36"
41.220.117.234 - - [20/Apr/2025:07:04:53 +0300] "POST / HTTP/1.0" 200 194741 "-" "Mozilla/5.0 (Macintosh; Intel Mac OS X 10_15_7) AppleWebKit/537.36 (KHTML, like Gecko) Chrome/133.0.0.0 Safari/537.36"
41.220.117.234 - - [20/Apr/2025:07:04:56 +0300] "POST / HTTP/1.0" 200 194557 "-" "Mozilla/5.0 (Windows NT 10.0; Win64; x64) AppleWebKit/537.36 (KHTML, like Gecko) Chrome/120.0.0.0 Safari/537.36"
195.26.225.209 - - [20/Apr/2025:07:04:58 +0300] "GET /comments/feed/ HTTP/1.0" 200 859 "-" "Mozilla/5.0 (Macintosh; Intel Mac OS X 10_15_7) AppleWebKit/537.36 (KHTML, like Gecko) Chrome/133.0.0.0 Safari/537.36"
195.26.225.209 - - [20/Apr/2025:07:04:59 +0300] "GET /contact/ HTTP/1.0" 200 169300 "-" "Mozilla/5.0 (Macintosh; Intel Mac OS X 10_15_7) AppleWebKit/537.36 (KHTML, like Gecko) Chrome/133.0.0.0 Safari/537.36"
41.220.117.234 - - [20/Apr/2025:07:05:05 +0300] "POST /contact/ HTTP/1.0" 200 169300 "-" "Mozilla/5.0 (Macintosh; Intel Mac OS X 10_15_7) AppleWebKit/537.36 (KHTML, like Gecko) Chrome/133.0.0.0 Safari/537.36"
41.220.117.234 - - [20/Apr/2025:07:05:09 +0300] "POST /contact/ HTTP/1.0" 200 169300 "-" "Mozilla/5.0 (Windows NT 10.0; Win64; x64) AppleWebKit/537.36 (KHTML, like Gecko) Chrome/120.0.0.0 Safari/537.36"
31.28.24.227 - - [20/Apr/2025:07:05:29 +0300] "POST /wp-cron.php?doing_wp_cron=1745121929.7020881175994873046875 HTTP/1.0" 200 - "-" "WordPress/6.8; https://argon-rnd.ru"
213.180.203.196 - - [20/Apr/2025:07:05:29 +0300] "GET /?yclid=7710547526903176844 HTTP/1.0" 200 194507 "-" "Mozilla/5.0 (compatible; YandexMetrika/2.0; +http://yandex.com/bots yabs01)"
31.28.24.227 - - [20/Apr/2025:07:06:28 +0300] "POST /wp-cron.php?doing_wp_cron=1745121988.4710540771484375000000 HTTP/1.0" 200 - "-" "WordPress/6.8; https://argon-rnd.ru"
51.222.253.10 - - [20/Apr/2025:07:06:28 +0300] "GET /78542220 HTTP/1.0" 404 142044 "-" "Mozilla/5.0 (compatible; AhrefsBot/7.0; +http://ahrefs.com/robot/)"
2.58.21.130 - - [20/Apr/2025:07:06:36 +0300] "GET /assets/images/gzodiy.php HTTP/1.0" 200 5766 "-" "Mozilla/5.0 (Windows NT 10.0; Win64; x64) AppleWebKit/537.36 (KHTML, like Gecko) Chrome/133.0.0.0 Safari/537.36"
2.58.21.130 - - [20/Apr/2025:07:06:36 +0300] "GET /favicon.ico HTTP/1.0" 200 370070 "http://argon-rnd.ru/assets/images/gzodiy.php" "Mozilla/5.0 (Windows NT 10.0; Win64; x64) AppleWebKit/537.36 (KHTML, like Gecko) Chrome/133.0.0.0 Safari/537.36"
2.58.21.130 - - [20/Apr/2025:07:06:48 +0300] "POST /assets/images/gzodiy.php HTTP/1.0" 200 9714 "http://argon-rnd.ru/assets/images/gzodiy.php" "Mozilla/5.0 (Windows NT 10.0; Win64; x64) AppleWebKit/537.36 (KHTML, like Gecko) Chrome/133.0.0.0 Safari/537.36"
2.58.21.130 - - [20/Apr/2025:07:06:48 +0300] "GET /favicon.ico HTTP/1.0" 200 370070 "http://argon-rnd.ru/assets/images/gzodiy.php" "Mozilla/5.0 (Windows NT 10.0; Win64; x64) AppleWebKit/537.36 (KHTML, like Gecko) Chrome/133.0.0.0 Safari/537.36"
31.28.24.227 - - [20/Apr/2025:07:07:34 +0300] "POST /wp-cron.php?doing_wp_cron=1745122054.5137679576873779296875 HTTP/1.0" 200 - "-" "WordPress/6.8; https://argon-rnd.ru"
196.251.71.7 - - [20/Apr/2025:07:07:34 +0300] "GET / HTTP/1.0" 301 - "-" "-"
196.251.71.7 - - [20/Apr/2025:07:07:35 +0300] "GET / HTTP/1.0" 200 194557 "-" "-"
196.251.71.7 - - [20/Apr/2025:07:07:41 +0300] "GET / HTTP/1.0" 200 194557 "-" "-"
196.251.71.7 - - [20/Apr/2025:07:07:47 +0300] "GET / HTTP/1.0" 200 194557 "-" "-"
196.251.71.7 - - [20/Apr/2025:07:07:52 +0300] "GET / HTTP/1.0" 200 194557 "-" "-"
196.251.71.7 - - [20/Apr/2025:07:07:53 +0300] "GET /wordpress HTTP/1.0" 301 - "-" "-"
196.251.71.7 - - [20/Apr/2025:07:07:54 +0300] "GET /wordpress HTTP/1.0" 404 142044 "-" "-"
196.251.71.7 - - [20/Apr/2025:07:07:55 +0300] "GET /wp HTTP/1.0" 301 - "-" "-"
196.251.71.7 - - [20/Apr/2025:07:07:56 +0300] "GET /wp HTTP/1.0" 404 142044 "-" "-"
196.251.71.7 - - [20/Apr/2025:07:07:57 +0300] "GET /wp-admin/install.php HTTP/1.0" 200 1353 "-" "-"
196.251.71.7 - - [20/Apr/2025:07:07:57 +0300] "GET /blog HTTP/1.0" 301 - "-" "-"
196.251.71.7 - - [20/Apr/2025:07:07:58 +0300] "GET /blog HTTP/1.0" 404 142044 "-" "-"
196.251.71.7 - - [20/Apr/2025:07:08:04 +0300] "GET /blog HTTP/1.0" 404 142044 "-" "-"
196.251.71.7 - - [20/Apr/2025:07:08:08 +0300] "GET /new HTTP/1.0" 301 - "-" "-"
196.251.71.7 - - [20/Apr/2025:07:08:09 +0300] "GET /new HTTP/1.0" 404 142044 "-" "-"
196.251.71.7 - - [20/Apr/2025:07:08:12 +0300] "GET /old HTTP/1.0" 301 - "-" "-"
196.251.71.7 - - [20/Apr/2025:07:08:12 +0300] "GET /old HTTP/1.0" 404 142044 "-" "-"
31.28.24.227 - - [20/Apr/2025:07:08:17 +0300] "POST /wp-cron.php?doing_wp_cron=1745122097.3567318916320800781250 HTTP/1.0" 200 - "-" "WordPress/6.8; https://argon-rnd.ru"
196.251.71.7 - - [20/Apr/2025:07:08:16 +0300] "GET /newsite HTTP/1.0" 301 - "-" "-"
196.251.71.7 - - [20/Apr/2025:07:08:17 +0300] "GET /newsite HTTP/1.0" 404 142044 "-" "-"
196.251.71.7 - - [20/Apr/2025:07:08:23 +0300] "GET /newsite HTTP/1.0" 404 142044 "-" "-"
196.251.71.7 - - [20/Apr/2025:07:08:25 +0300] "GET /test HTTP/1.0" 301 - "-" "-"
196.251.71.7 - - [20/Apr/2025:07:08:26 +0300] "GET /test HTTP/1.0" 404 142044 "-" "-"
196.251.71.7 - - [20/Apr/2025:07:08:27 +0300] "GET /core HTTP/1.0" 301 - "-" "-"
196.251.71.7 - - [20/Apr/2025:07:08:28 +0300] "GET /core HTTP/1.0" 404 142044 "-" "-"
196.251.71.7 - - [20/Apr/2025:07:08:29 +0300] "GET /testing HTTP/1.0" 301 - "-" "-"
196.251.71.7 - - [20/Apr/2025:07:08:31 +0300] "GET /testing HTTP/1.0" 404 142044 "-" "-"
196.251.71.7 - - [20/Apr/2025:07:08:32 +0300] "GET /home HTTP/1.0" 301 - "-" "-"
196.251.71.7 - - [20/Apr/2025:07:08:32 +0300] "GET /home HTTP/1.0" 301 - "-" "-"
196.251.71.7 - - [20/Apr/2025:07:08:33 +0300] "GET / HTTP/1.0" 200 194557 "-" "-"
31.28.24.227 - - [20/Apr/2025:07:10:05 +0300] "POST /wp-cron.php?doing_wp_cron=1745122205.2910459041595458984375 HTTP/1.0" 200 - "-" "WordPress/6.8; https://argon-rnd.ru"
74.50.95.214 - - [20/Apr/2025:07:10:04 +0300] "POST /xmlrpc.php HTTP/1.0" 200 441 "http://argon-rnd.ru" "Mozilla/5.0 (Macintosh; Intel Mac OS X 10_15_7; rv:125.0.1) Gecko/20100101 Firefox/125.0.1"
31.28.24.227 - - [20/Apr/2025:07:14:20 +0300] "POST /wp-cron.php?doing_wp_cron=1745122460.7731211185455322265625 HTTP/1.0" 200 - "-" "WordPress/6.8; https://argon-rnd.ru"
213.199.47.87 - - [20/Apr/2025:07:14:20 +0300] "GET / HTTP/1.0" 200 194557 "-" "Mozilla/5.0 (Windows NT 10.0; Win64; x64) AppleWebKit/537.36 (KHTML, like Gecko) Chrome/126.0.0.0 Safari/537.36"
95.108.213.135 - - [20/Apr/2025:07:15:10 +0300] "GET /?yclid=7710547526903176844 HTTP/1.0" 200 194507 "-" "Mozilla/5.0 (compatible; YandexMetrika/2.0; +http://yandex.com/bots yabs01)"
31.28.24.227 - - [20/Apr/2025:07:15:34 +0300] "POST /wp-cron.php?doing_wp_cron=1745122534.6337320804595947265625 HTTP/1.0" 200 - "-" "WordPress/6.8; https://argon-rnd.ru"
95.108.213.248 - - [20/Apr/2025:07:15:34 +0300] "GET /?yclid=7710547526903176844 HTTP/1.0" 200 194507 "-" "Mozilla/5.0 (compatible; YandexMetrika/2.0; +http://yandex.com/bots yabs01)"
31.28.24.227 - - [20/Apr/2025:07:15:58 +0300] "POST /wp-cron.php?doing_wp_cron=1745122558.9325280189514160156250 HTTP/1.0" 200 - "-" "WordPress/6.8; https://argon-rnd.ru"
51.222.253.5 - - [20/Apr/2025:07:15:58 +0300] "GET /81638328 HTTP/1.0" 404 142044 "-" "Mozilla/5.0 (compatible; AhrefsBot/7.0; +http://ahrefs.com/robot/)"
31.28.24.227 - - [20/Apr/2025:07:19:25 +0300] "POST /wp-cron.php?doing_wp_cron=1745122765.5788359642028808593750 HTTP/1.0" 200 - "-" "WordPress/6.8; https://argon-rnd.ru"
74.208.82.207 - - [20/Apr/2025:07:19:25 +0300] "POST /xmlrpc.php HTTP/1.0" 200 441 "-" "Mozilla/5.0 (Windows NT 10.0; Win64; x64; rv:45.0) Gecko/20100101 Firefox/45.0"
31.28.24.227 - - [20/Apr/2025:07:20:55 +0300] "POST /wp-cron.php?doing_wp_cron=1745122855.1526839733123779296875 HTTP/1.0" 200 - "-" "WordPress/6.8; https://argon-rnd.ru"
37.27.108.55 - - [20/Apr/2025:07:20:54 +0300] "POST /xmlrpc.php HTTP/1.0" 200 441 "http://argon-rnd.ru" "Mozilla/5.0 (Windows NT 10.0; Win64; x64) AppleWebKit/537.36 (KHTML, like Gecko) Chrome/116.0.5845.96 Safari/537.36"
31.28.24.227 - - [20/Apr/2025:07:21:19 +0300] "POST /wp-cron.php?doing_wp_cron=1745122879.1972589492797851562500 HTTP/1.0" 200 - "-" "WordPress/6.8; https://argon-rnd.ru"
5.255.231.118 - - [20/Apr/2025:07:21:18 +0300] "GET /?yclid=7710547526903176844 HTTP/1.0" 200 194507 "-" "Mozilla/5.0 (compatible; YandexMetrika/2.0; +http://yandex.com/bots yabs01)"
5.255.231.145 - - [20/Apr/2025:07:25:17 +0300] "GET /robots.txt HTTP/1.0" 200 713 "-" "Mozilla/5.0 (compatible; YandexBot/3.0; +http://yandex.com/bots)"
31.28.24.227 - - [20/Apr/2025:07:25:18 +0300] "POST /wp-cron.php?doing_wp_cron=1745123118.2670440673828125000000 HTTP/1.0" 200 - "-" "WordPress/6.8; https://argon-rnd.ru"
5.255.231.84 - - [20/Apr/2025:07:25:17 +0300] "GET /?etext=2202.DSdl5UuOi5OtM8qGSTjuKRmqO0tfHpIS_fn-CuHYaiJPoA4ylfDBpmJejD2v55ln6yMjgsBLvwR2RKfDSwGUImp5cWF2cG9veXVucGx3Y3k.a4c1652befb57f3d676370597451773e81c83b48 HTTP/1.0" 200 194641 "-" "Mozilla/5.0 (compatible; YandexBot/3.0; +http://yandex.com/bots)"
51.222.253.18 - - [20/Apr/2025:07:25:37 +0300] "GET /82264880 HTTP/1.0" 404 142044 "-" "Mozilla/5.0 (compatible; AhrefsBot/7.0; +http://ahrefs.com/robot/)"
31.28.24.227 - - [20/Apr/2025:07:26:17 +0300] "POST /wp-cron.php?doing_wp_cron=1745123177.5855309963226318359375 HTTP/1.0" 200 - "-" "WordPress/6.8; https://argon-rnd.ru"
144.76.3.233 - - [20/Apr/2025:07:26:17 +0300] "POST /xmlrpc.php HTTP/1.0" 200 441 "http://argon-rnd.ru" "Mozilla/5.0 (Windows NT 10.0; Win64; x64; rv:128.0) Gecko/20100101 Firefox/128.0"
78.138.173.232 - - [20/Apr/2025:07:29:01 +0300] "GET /wbrcoc.php HTTP/1.0" 200 5766 "-" "Mozilla/5.0 (Windows NT 10.0; Win64; x64) AppleWebKit/537.36 (KHTML, like Gecko) Chrome/134.0.0.0 Safari/537.36"
78.138.173.232 - - [20/Apr/2025:07:29:03 +0300] "GET /favicon.ico HTTP/1.0" 200 370070 "https://argon-rnd.ru/wbrcoc.php" "Mozilla/5.0 (Windows NT 10.0; Win64; x64) AppleWebKit/537.36 (KHTML, like Gecko) Chrome/134.0.0.0 Safari/537.36"
78.138.173.232 - - [20/Apr/2025:07:29:15 +0300] "POST /wbrcoc.php HTTP/1.0" 200 9577 "https://argon-rnd.ru/wbrcoc.php" "Mozilla/5.0 (Windows NT 10.0; Win64; x64) AppleWebKit/537.36 (KHTML, like Gecko) Chrome/134.0.0.0 Safari/537.36"
78.138.173.232 - - [20/Apr/2025:07:29:15 +0300] "GET /favicon.ico HTTP/1.0" 200 370070 "https://argon-rnd.ru/wbrcoc.php" "Mozilla/5.0 (Windows NT 10.0; Win64; x64) AppleWebKit/537.36 (KHTML, like Gecko) Chrome/134.0.0.0 Safari/537.36"
31.28.24.227 - - [20/Apr/2025:07:30:54 +0300] "POST /wp-cron.php?doing_wp_cron=1745123454.0297110080718994140625 HTTP/1.0" 200 - "-" "WordPress/6.8; https://argon-rnd.ru"
5.255.231.143 - - [20/Apr/2025:07:30:53 +0300] "GET /?yclid=7710547526903176844 HTTP/1.0" 200 194507 "-" "Mozilla/5.0 (compatible; YandexMetrika/2.0; +http://yandex.com/bots yabs01)"
31.28.24.227 - - [20/Apr/2025:07:31:48 +0300] "POST /wp-cron.php?doing_wp_cron=1745123508.0950129032135009765625 HTTP/1.0" 200 - "-" "WordPress/6.8; https://argon-rnd.ru"
162.213.249.63 - - [20/Apr/2025:07:31:47 +0300] "POST /xmlrpc.php HTTP/1.0" 200 441 "http://argon-rnd.ru" "Mozilla/5.0 (Windows NT 10.0; Win64; x64) AppleWebKit/537.36 (KHTML, like Gecko) Chrome/115.0.5790.171 Safari/537.36 Edg/115.0.1901.203"
31.28.24.227 - - [20/Apr/2025:07:32:41 +0300] "POST /wp-cron.php?doing_wp_cron=1745123561.3171100616455078125000 HTTP/1.0" 200 - "-" "WordPress/6.8; https://argon-rnd.ru"
87.250.224.90 - - [20/Apr/2025:07:32:40 +0300] "GET /?yclid=7710547526903176844 HTTP/1.0" 200 194507 "-" "Mozilla/5.0 (compatible; YandexMetrika/2.0; +http://yandex.com/bots yabs01)"
31.28.24.227 - - [20/Apr/2025:07:35:21 +0300] "POST /wp-cron.php?doing_wp_cron=1745123721.9173719882965087890625 HTTP/1.0" 200 - "-" "WordPress/6.8; https://argon-rnd.ru"
51.222.253.7 - - [20/Apr/2025:07:35:21 +0300] "GET /85927972 HTTP/1.0" 404 142044 "-" "Mozilla/5.0 (compatible; AhrefsBot/7.0; +http://ahrefs.com/robot/)"
31.28.24.227 - - [20/Apr/2025:07:37:13 +0300] "POST /wp-cron.php?doing_wp_cron=1745123833.3464889526367187500000 HTTP/1.0" 200 - "-" "WordPress/6.8; https://argon-rnd.ru"
213.176.73.78 - - [20/Apr/2025:07:37:12 +0300] "GET / HTTP/1.0" 301 - "-" "Mozilla/5.0 (Macintosh; Intel Mac OS X 10.8; rv:49.0) Gecko/20100101 Firefox/49.0"
213.176.73.78 - - [20/Apr/2025:07:37:13 +0300] "GET / HTTP/1.0" 200 194557 "-" "Mozilla/5.0 (Macintosh; Intel Mac OS X 10.8; rv:49.0) Gecko/20100101 Firefox/49.0"
31.28.24.227 - - [20/Apr/2025:07:37:15 +0300] "POST /wp-cron.php?doing_wp_cron=1745123835.3215639591217041015625 HTTP/1.0" 200 - "-" "WordPress/6.8; https://argon-rnd.ru"
213.176.73.78 - - [20/Apr/2025:07:37:14 +0300] "GET /wp-login.php HTTP/1.0" 200 12251 "https://argon-rnd.ru/" "Mozilla/5.0 (Macintosh; Intel Mac OS X 10.8; rv:49.0) Gecko/20100101 Firefox/49.0"
199.188.200.145 - - [20/Apr/2025:07:37:15 +0300] "POST /xmlrpc.php HTTP/1.0" 200 441 "http://argon-rnd.ru" "Mozilla/5.0 (Windows NT 10.0; Win64; x64) AppleWebKit/537.36 (KHTML, like Gecko) Chrome/116.0.5845.96 Safari/537.36"
213.176.73.78 - - [20/Apr/2025:07:37:16 +0300] "POST /wp-login.php HTTP/1.0" 302 - "https://argon-rnd.ru/wp-login.php" "Mozilla/5.0 (Macintosh; Intel Mac OS X 10.8; rv:49.0) Gecko/20100101 Firefox/49.0"
213.176.73.78 - - [20/Apr/2025:07:37:16 +0300] "GET /wp-admin/ HTTP/1.0" 200 386867 "https://argon-rnd.ru/wp-login.php" "Mozilla/5.0 (Macintosh; Intel Mac OS X 10.8; rv:49.0) Gecko/20100101 Firefox/49.0"
213.176.73.78 - - [20/Apr/2025:07:37:18 +0300] "GET /wp-admin/ HTTP/1.0" 200 386867 "https://argon-rnd.ru/wp-admin/" "Mozilla/5.0 (Macintosh; Intel Mac OS X 10.8; rv:49.0) Gecko/20100101 Firefox/49.0"
213.176.73.78 - - [20/Apr/2025:07:37:19 +0300] "GET /wp-admin/plugin-install.php?tab=upload HTTP/1.0" 200 289174 "https://argon-rnd.ru/wp-admin/" "Mozilla/5.0 (Macintosh; Intel Mac OS X 10.8; rv:49.0) Gecko/20100101 Firefox/49.0"
213.176.73.78 - - [20/Apr/2025:07:37:20 +0300] "POST /wp-admin/update.php?action=upload-plugin HTTP/1.0" 500 255 "https://argon-rnd.ru/wp-admin/plugin-install.php?tab=upload" "Mozilla/5.0 (Macintosh; Intel Mac OS X 10.8; rv:49.0) Gecko/20100101 Firefox/49.0"
213.176.73.78 - - [20/Apr/2025:07:37:22 +0300] "GET /wp-content/uploads/2025/04/8b3dcf0e07bc.php HTTP/1.0" 403 245 "https://argon-rnd.ru/wp-admin/update.php?action=upload-plugin" "Mozilla/5.0 (Macintosh; Intel Mac OS X 10.8; rv:49.0) Gecko/20100101 Firefox/49.0"
213.176.73.78 - - [20/Apr/2025:07:37:22 +0300] "GET /wp-admin/plugins.php HTTP/1.0" 200 383306 "https://argon-rnd.ru/wp-content/uploads/2025/04/8b3dcf0e07bc.php" "Mozilla/5.0 (Macintosh; Intel Mac OS X 10.8; rv:49.0) Gecko/20100101 Firefox/49.0"
213.176.73.78 - - [20/Apr/2025:07:37:23 +0300] "GET /wp-admin/plugins.php?action=delete-selected&checked%5B0%5D=background-image-cropper%2Fbackground-image-cropper.php&plugin_status=all&paged=1&s&_wpnonce=b685627064 HTTP/1.0" 200 287561 "https://argon-rnd.ru/wp-admin/plugins.php" "Mozilla/5.0 (Macintosh; Intel Mac OS X 10.8; rv:49.0) Gecko/20100101 Firefox/49.0"
213.176.73.78 - - [20/Apr/2025:07:37:24 +0300] "GET /wp-admin/plugin-install.php?tab=upload HTTP/1.0" 200 289174 "https://argon-rnd.ru/wp-admin/plugins.php?action=delete-selected&checked%5B0%5D=background-image-cropper%2Fbackground-image-cropper.php&plugin_status=all&paged=1&s&_wpnonce=b685627064" "Mozilla/5.0 (Macintosh; Intel Mac OS X 10.8; rv:49.0) Gecko/20100101 Firefox/49.0"
213.176.73.78 - - [20/Apr/2025:07:37:25 +0300] "POST /wp-admin/update.php?action=upload-plugin HTTP/1.0" 200 265175 "https://argon-rnd.ru/wp-admin/plugin-install.php?tab=upload" "Mozilla/5.0 (Macintosh; Intel Mac OS X 10.8; rv:49.0) Gecko/20100101 Firefox/49.0"
213.176.73.78 - - [20/Apr/2025:07:37:32 +0300] "POST /wp-content/plugins/background-image-cropper/accesson.php HTTP/1.0" 404 213054 "https://argon-rnd.ru/wp-admin/update.php?action=upload-plugin" "Mozilla/5.0 (Macintosh; Intel Mac OS X 10.8; rv:49.0) Gecko/20100101 Firefox/49.0"
213.176.73.78 - - [20/Apr/2025:07:37:35 +0300] "POST /wp-content/plugins/background-image-cropper/8b3dcf0e07bc.php HTTP/1.0" 200 9 "https://argon-rnd.ru/wp-content/plugins/background-image-cropper/accesson.php" "Mozilla/5.0 (Macintosh; Intel Mac OS X 10.8; rv:49.0) Gecko/20100101 Firefox/49.0"
31.28.24.227 - - [20/Apr/2025:07:38:19 +0300] "POST /wp-cron.php?doing_wp_cron=1745123899.6294980049133300781250 HTTP/1.0" 200 - "-" "WordPress/6.8; https://argon-rnd.ru"
212.63.145.222 - - [20/Apr/2025:07:38:19 +0300] "POST /xmlrpc.php HTTP/1.0" 200 441 "-" "Mozilla/5.0 (Windows NT 10.0; Win64; x64; rv:93.0) Gecko/20100101 Firefox/93.0"
95.108.213.112 - - [20/Apr/2025:07:38:38 +0300] "GET /?yclid=7710547526903176844 HTTP/1.0" 200 194507 "-" "Mozilla/5.0 (compatible; YandexMetrika/2.0; +http://yandex.com/bots yabs01)"
31.28.24.227 - - [20/Apr/2025:07:42:49 +0300] "POST /wp-cron.php?doing_wp_cron=1745124169.8007578849792480468750 HTTP/1.0" 200 - "-" "WordPress/6.8; https://argon-rnd.ru"
69.57.162.14 - - [20/Apr/2025:07:42:49 +0300] "POST /xmlrpc.php HTTP/1.0" 200 441 "http://argon-rnd.ru" "Mozilla/5.0 (Windows NT 10.0; Win64; x64) AppleWebKit/537.36 (KHTML, like Gecko) Chrome/114.0.5735.134 Safari/537.36"
177.53.143.35 - - [20/Apr/2025:07:42:52 +0300] "POST /xmlrpc.php HTTP/1.0" 200 439 "-" "Mozilla/5.0 (X11; Fedora; Linux x86_64; rv:94.0) Gecko/20100101 Firefox/95.0"
31.28.24.227 - - [20/Apr/2025:07:43:58 +0300] "POST /wp-cron.php?doing_wp_cron=1745124238.7820229530334472656250 HTTP/1.0" 200 - "-" "WordPress/6.8; https://argon-rnd.ru"
95.108.213.163 - - [20/Apr/2025:07:43:58 +0300] "GET /?yclid=7710547526903176844 HTTP/1.0" 200 194507 "-" "Mozilla/5.0 (compatible; YandexMetrika/2.0; +http://yandex.com/bots yabs01)"
31.28.24.227 - - [20/Apr/2025:07:45:35 +0300] "POST /wp-cron.php?doing_wp_cron=1745124335.8008799552917480468750 HTTP/1.0" 200 - "-" "WordPress/6.8; https://argon-rnd.ru"
51.222.253.13 - - [20/Apr/2025:07:45:35 +0300] "GET /87558748 HTTP/1.0" 404 142044 "-" "Mozilla/5.0 (compatible; AhrefsBot/7.0; +http://ahrefs.com/robot/)"
31.28.24.227 - - [20/Apr/2025:07:48:10 +0300] "POST /wp-cron.php?doing_wp_cron=1745124490.2607460021972656250000 HTTP/1.0" 200 - "-" "WordPress/6.8; https://argon-rnd.ru"
199.188.205.3 - - [20/Apr/2025:07:48:09 +0300] "POST /xmlrpc.php HTTP/1.0" 200 441 "http://argon-rnd.ru" "Mozilla/5.0 (Macintosh; Intel Mac OS X 10_15_7) AppleWebKit/537.36 (KHTML, like Gecko) Chrome/126.0.0.0 Safari/537.36"
31.28.24.227 - - [20/Apr/2025:07:49:48 +0300] "POST /wp-cron.php?doing_wp_cron=1745124588.2460401058197021484375 HTTP/1.0" 200 - "-" "WordPress/6.8; https://argon-rnd.ru"
5.255.231.46 - - [20/Apr/2025:07:49:47 +0300] "GET /?yclid=7710547526903176844 HTTP/1.0" 200 194507 "-" "Mozilla/5.0 (compatible; YandexMetrika/2.0; +http://yandex.com/bots yabs01)"
31.28.24.227 - - [20/Apr/2025:07:51:05 +0300] "POST /wp-cron.php?doing_wp_cron=1745124665.1788120269775390625000 HTTP/1.0" 200 - "-" "WordPress/6.8; https://argon-rnd.ru"
213.176.73.78 - - [20/Apr/2025:07:51:04 +0300] "GET / HTTP/1.0" 301 - "-" "Mozilla/5.0 (X11; Ubuntu; Linux i686; rv:49.0) Gecko/20100101 Firefox/49.0"
213.176.73.78 - - [20/Apr/2025:07:51:05 +0300] "GET / HTTP/1.0" 200 194557 "-" "Mozilla/5.0 (X11; Ubuntu; Linux i686; rv:49.0) Gecko/20100101 Firefox/49.0"
213.176.73.78 - - [20/Apr/2025:07:51:06 +0300] "GET /wp-login.php HTTP/1.0" 200 12251 "https://argon-rnd.ru/" "Mozilla/5.0 (X11; Ubuntu; Linux i686; rv:49.0) Gecko/20100101 Firefox/49.0"
213.176.73.78 - - [20/Apr/2025:07:51:07 +0300] "POST /wp-login.php HTTP/1.0" 302 - "https://argon-rnd.ru/wp-login.php" "Mozilla/5.0 (X11; Ubuntu; Linux i686; rv:49.0) Gecko/20100101 Firefox/49.0"
213.176.73.78 - - [20/Apr/2025:07:51:08 +0300] "GET /wp-admin/ HTTP/1.0" 200 386867 "https://argon-rnd.ru/wp-login.php" "Mozilla/5.0 (X11; Ubuntu; Linux i686; rv:49.0) Gecko/20100101 Firefox/49.0"
213.176.73.78 - - [20/Apr/2025:07:51:09 +0300] "GET /wp-admin/ HTTP/1.0" 200 386867 "https://argon-rnd.ru/wp-admin/" "Mozilla/5.0 (X11; Ubuntu; Linux i686; rv:49.0) Gecko/20100101 Firefox/49.0"
213.176.73.78 - - [20/Apr/2025:07:51:10 +0300] "GET /wp-admin/ HTTP/1.0" 200 386867 "https://argon-rnd.ru/wp-admin/" "Mozilla/5.0 (X11; Ubuntu; Linux i686; rv:49.0) Gecko/20100101 Firefox/49.0"
213.176.73.78 - - [20/Apr/2025:07:51:10 +0300] "POST /wp-json/wp/v2/plugins HTTP/1.0" 500 182 "https://argon-rnd.ru/wp-admin/" "Mozilla/5.0 (X11; Ubuntu; Linux i686; rv:49.0) Gecko/20100101 Firefox/49.0"
31.28.24.227 - - [20/Apr/2025:07:51:19 +0300] "POST /wp-cron.php?doing_wp_cron=1745124679.3232820034027099609375 HTTP/1.0" 200 - "-" "WordPress/6.8; https://argon-rnd.ru"
213.176.73.78 - - [20/Apr/2025:07:51:18 +0300] "PUT /wp-json/wp/v2/plugins/wp-console/wp-console/?status=active HTTP/1.0" 200 686 "https://argon-rnd.ru/wp-json/wp/v2/plugins" "Mozilla/5.0 (X11; Ubuntu; Linux i686; rv:49.0) Gecko/20100101 Firefox/49.0"
213.176.73.78 - - [20/Apr/2025:07:51:19 +0300] "POST /wp-json/wp-console/v1/console?_locale=user HTTP/1.0" 200 104 "https://argon-rnd.ru/wp-json/wp/v2/plugins/wp-console/wp-console/?status=active" "Mozilla/5.0 (X11; Ubuntu; Linux i686; rv:49.0) Gecko/20100101 Firefox/49.0"
213.176.73.78 - - [20/Apr/2025:07:51:20 +0300] "GET /8b3dcf0e07bc.php HTTP/1.0" 200 7 "https://argon-rnd.ru/wp-json/wp-console/v1/console?_locale=user" "Mozilla/5.0 (X11; Ubuntu; Linux i686; rv:49.0) Gecko/20100101 Firefox/49.0"
31.28.24.227 - - [20/Apr/2025:07:54:08 +0300] "POST /wp-cron.php?doing_wp_cron=1745124848.7717039585113525390625 HTTP/1.0" 200 - "-" "WordPress/6.8; https://argon-rnd.ru"
213.180.203.39 - - [20/Apr/2025:07:54:08 +0300] "GET /?yclid=7710547526903176844 HTTP/1.0" 200 194507 "-" "Mozilla/5.0 (compatible; YandexMetrika/2.0; +http://yandex.com/bots yabs01)"
177.92.18.194 - - [20/Apr/2025:07:54:48 +0300] "GET /wbrcoc.php HTTP/1.0" 200 5766 "-" "Mozilla/5.0 (Windows NT 10.0; Win64; x64) AppleWebKit/537.36 (KHTML, like Gecko) Chrome/133.0.0.0 Safari/537.36"
177.92.18.194 - - [20/Apr/2025:07:55:01 +0300] "POST /wbrcoc.php HTTP/1.0" 200 9678 "https://argon-rnd.ru/wbrcoc.php" "Mozilla/5.0 (Windows NT 10.0; Win64; x64) AppleWebKit/537.36 (KHTML, like Gecko) Chrome/133.0.0.0 Safari/537.36"
177.92.18.194 - - [20/Apr/2025:07:55:04 +0300] "GET /favicon.ico HTTP/1.0" 200 370070 "https://argon-rnd.ru/wbrcoc.php" "Mozilla/5.0 (Windows NT 10.0; Win64; x64) AppleWebKit/537.36 (KHTML, like Gecko) Chrome/133.0.0.0 Safari/537.36"
31.28.24.227 - - [20/Apr/2025:07:55:08 +0300] "POST /wp-cron.php?doing_wp_cron=1745124908.3389348983764648437500 HTTP/1.0" 200 - "-" "WordPress/6.8; https://argon-rnd.ru"
51.222.253.2 - - [20/Apr/2025:07:55:07 +0300] "GET /87722152 HTTP/1.0" 404 142044 "-" "Mozilla/5.0 (compatible; AhrefsBot/7.0; +http://ahrefs.com/robot/)"
31.28.24.227 - - [20/Apr/2025:07:57:05 +0300] "POST /wp-cron.php?doing_wp_cron=1745125025.7705879211425781250000 HTTP/1.0" 200 - "-" "WordPress/6.8; https://argon-rnd.ru"
213.176.73.78 - - [20/Apr/2025:07:57:05 +0300] "GET / HTTP/1.0" 301 - "-" "Mozilla/5.0 (X11; Ubuntu; Linux x86_64) AppleWebKit/537.36 (KHTML, like Gecko) Chrome/53.0.2833.22 Safari/537.36"
213.176.73.78 - - [20/Apr/2025:07:57:06 +0300] "GET / HTTP/1.0" 200 194557 "-" "Mozilla/5.0 (X11; Ubuntu; Linux x86_64) AppleWebKit/537.36 (KHTML, like Gecko) Chrome/53.0.2833.22 Safari/537.36"
213.176.73.78 - - [20/Apr/2025:07:57:09 +0300] "POST /wp-json/sure-triggers/v1/automation/action HTTP/1.0" 200 1944 "https://argon-rnd.ru/" "Mozilla/5.0 (X11; Ubuntu; Linux x86_64) AppleWebKit/537.36 (KHTML, like Gecko) Chrome/53.0.2833.22 Safari/537.36"
31.28.24.227 - - [20/Apr/2025:07:57:30 +0300] "POST /wp-cron.php?doing_wp_cron=1745125050.9371800422668457031250 HTTP/1.0" 200 - "-" "WordPress/6.8; https://argon-rnd.ru"
213.176.73.78 - - [20/Apr/2025:07:57:30 +0300] "GET /wp-login.php HTTP/1.0" 200 12251 "https://argon-rnd.ru/wp-json/sure-triggers/v1/automation/action" "Mozilla/5.0 (X11; Ubuntu; Linux x86_64) AppleWebKit/537.36 (KHTML, like Gecko) Chrome/53.0.2833.22 Safari/537.36"
31.28.24.227 - - [20/Apr/2025:07:58:39 +0300] "POST /wp-cron.php?doing_wp_cron=1745125119.4535939693450927734375 HTTP/1.0" 200 - "-" "WordPress/6.8; https://argon-rnd.ru"
66.102.132.28 - - [20/Apr/2025:07:58:39 +0300] "POST /xmlrpc.php HTTP/1.0" 200 441 "http://argon-rnd.ru" "Mozilla/5.0 (Windows NT 10.0; Win64; x64) AppleWebKit/537.36 (KHTML, like Gecko) Chrome/126.0.0.0 Safari/537.36"
31.28.24.227 - - [20/Apr/2025:07:59:47 +0300] "POST /wp-cron.php?doing_wp_cron=1745125187.3059799671173095703125 HTTP/1.0" 200 - "-" "WordPress/6.8; https://argon-rnd.ru"
87.250.224.45 - - [20/Apr/2025:07:59:46 +0300] "GET /?yclid=7710547526903176844 HTTP/1.0" 200 194507 "-" "Mozilla/5.0 (compatible; YandexMetrika/2.0; +http://yandex.com/bots yabs01)"
167.99.153.99 - - [20/Apr/2025:08:00:06 +0300] "POST /xmlrpc.php HTTP/1.0" 200 441 "-" "Mozilla/5.0 (Windows NT 10.0; Win64; x64; rv:52.0) Gecko/20100101 Firefox/52.0"
31.28.24.227 - - [20/Apr/2025:08:03:59 +0300] "POST /wp-cron.php?doing_wp_cron=1745125439.5073161125183105468750 HTTP/1.0" 200 - "-" "WordPress/6.8; https://argon-rnd.ru"
162.213.249.63 - - [20/Apr/2025:08:03:59 +0300] "POST /xmlrpc.php HTTP/1.0" 200 441 "http://argon-rnd.ru" "Mozilla/5.0 (Macintosh; Intel Mac OS X 14.5) AppleWebKit/618.3.5 (KHTML, like Gecko) Version/17.4 Safari/618.3.5"
31.28.24.227 - - [20/Apr/2025:08:04:48 +0300] "POST /wp-cron.php?doing_wp_cron=1745125488.0950520038604736328125 HTTP/1.0" 200 - "-" "WordPress/6.8; https://argon-rnd.ru"
51.222.253.8 - - [20/Apr/2025:08:04:47 +0300] "GET /87879130 HTTP/1.0" 404 142044 "-" "Mozilla/5.0 (compatible; AhrefsBot/7.0; +http://ahrefs.com/robot/)"
31.28.24.227 - - [20/Apr/2025:08:06:12 +0300] "POST /wp-cron.php?doing_wp_cron=1745125572.4065260887145996093750 HTTP/1.0" 200 - "-" "WordPress/6.8; https://argon-rnd.ru"
31.28.24.227 - - [20/Apr/2025:08:06:12 +0300] "POST /wp-cron.php?doing_wp_cron=1745125572.4446120262145996093750 HTTP/1.0" 200 - "-" "WordPress/6.8; https://argon-rnd.ru"
5.255.231.136 - - [20/Apr/2025:08:06:11 +0300] "GET /?yclid=7710547526903176844 HTTP/1.0" 200 194507 "-" "Mozilla/5.0 (compatible; YandexMetrika/2.0; +http://yandex.com/bots yabs01)"
31.28.24.227 - - [20/Apr/2025:08:09:18 +0300] "POST /wp-cron.php?doing_wp_cron=1745125758.4049758911132812500000 HTTP/1.0" 200 - "-" "WordPress/6.8; https://argon-rnd.ru"
63.250.32.87 - - [20/Apr/2025:08:09:17 +0300] "POST /xmlrpc.php HTTP/1.0" 200 441 "http://argon-rnd.ru" "Mozilla/5.0 (Windows NT 10.0; Win64; x64) AppleWebKit/537.36 (KHTML, like Gecko) Chrome/116.0.5845.96 Safari/537.36 Edg/116.0.1938.62"
31.28.24.227 - - [20/Apr/2025:08:11:55 +0300] "POST /wp-cron.php?doing_wp_cron=1745125915.2769939899444580078125 HTTP/1.0" 200 - "-" "WordPress/6.8; https://argon-rnd.ru"
5.255.231.54 - - [20/Apr/2025:08:11:54 +0300] "GET /?yclid=7710547526903176844 HTTP/1.0" 200 194507 "-" "Mozilla/5.0 (compatible; YandexMetrika/2.0; +http://yandex.com/bots yabs01)"
31.28.24.227 - - [20/Apr/2025:08:14:25 +0300] "POST /wp-cron.php?doing_wp_cron=1745126065.3633189201354980468750 HTTP/1.0" 200 - "-" "WordPress/6.8; https://argon-rnd.ru"
51.222.253.16 - - [20/Apr/2025:08:14:24 +0300] "GET /87996124 HTTP/1.0" 404 142044 "-" "Mozilla/5.0 (compatible; AhrefsBot/7.0; +http://ahrefs.com/robot/)"
162.0.232.105 - - [20/Apr/2025:08:14:40 +0300] "POST /xmlrpc.php HTTP/1.0" 200 441 "http://argon-rnd.ru" "Mozilla/5.0 (Macintosh; Intel Mac OS X 14.5) AppleWebKit/618.3.5 (KHTML, like Gecko) Version/17.4 Safari/618.3.5"
212.36.76.11 - - [20/Apr/2025:08:15:05 +0300] "POST /xmlrpc.php HTTP/1.0" 200 441 "-" "Mozilla/5.0 (Windows NT 10.0; Win64; x64; rv:92.0) Gecko/20100101 Firefox/92.0"
31.28.24.227 - - [20/Apr/2025:08:15:59 +0300] "POST /wp-cron.php?doing_wp_cron=1745126159.9422609806060791015625 HTTP/1.0" 200 - "-" "WordPress/6.8; https://argon-rnd.ru"
45.142.122.22 - - [20/Apr/2025:08:15:59 +0300] "GET / HTTP/1.0" 301 - "-" "Mozilla/5.0 (compatible; MSIE 9.0; Windows NT 6.3; Trident/5.0)"
45.142.122.22 - - [20/Apr/2025:08:16:00 +0300] "GET / HTTP/1.0" 200 194557 "-" "Mozilla/5.0 (compatible; MSIE 9.0; Windows NT 6.3; Trident/5.0)"
45.142.122.22 - - [20/Apr/2025:08:16:01 +0300] "GET /wp-login.php HTTP/1.0" 200 12251 "https://argon-rnd.ru/" "Mozilla/5.0 (compatible; MSIE 9.0; Windows NT 6.3; Trident/5.0)"
45.142.122.22 - - [20/Apr/2025:08:16:01 +0300] "POST /wp-login.php HTTP/1.0" 302 - "https://argon-rnd.ru/wp-login.php" "Mozilla/5.0 (compatible; MSIE 9.0; Windows NT 6.3; Trident/5.0)"
45.142.122.22 - - [20/Apr/2025:08:16:02 +0300] "GET /wp-admin/ HTTP/1.0" 200 386604 "https://argon-rnd.ru/wp-login.php" "Mozilla/5.0 (compatible; MSIE 9.0; Windows NT 6.3; Trident/5.0)"
45.142.122.22 - - [20/Apr/2025:08:16:04 +0300] "GET /wp-admin/ HTTP/1.0" 200 386530 "https://argon-rnd.ru/wp-admin/" "Mozilla/5.0 (compatible; MSIE 9.0; Windows NT 6.3; Trident/5.0)"
45.142.122.22 - - [20/Apr/2025:08:16:06 +0300] "GET /wp-admin/plugin-editor.php?file=suretriggers%2Fapp%2Fbuild%2Fmain.asset.php&plugin=suretriggers%2Fsuretriggers.php HTTP/1.0" 403 296 "https://argon-rnd.ru/wp-admin/" "Mozilla/5.0 (compatible; MSIE 9.0; Windows NT 6.3; Trident/5.0)"
31.28.24.227 - - [20/Apr/2025:08:17:18 +0300] "POST /wp-cron.php?doing_wp_cron=1745126238.5118000507354736328125 HTTP/1.0" 200 - "-" "WordPress/6.8; https://argon-rnd.ru"
213.180.203.125 - - [20/Apr/2025:08:17:18 +0300] "GET /?yclid=7710547526903176844 HTTP/1.0" 200 194507 "-" "Mozilla/5.0 (compatible; YandexMetrika/2.0; +http://yandex.com/bots yabs01)"
188.227.164.121 - - [20/Apr/2025:08:17:57 +0300] "POST /xmlrpc.php HTTP/1.0" 200 439 "-" "Mozilla/5.0 (X11; Fedora; Linux x86_64; rv:94.0) Gecko/20100101 Firefox/95.0"
31.28.24.227 - - [20/Apr/2025:08:19:55 +0300] "POST /wp-cron.php?doing_wp_cron=1745126395.5763280391693115234375 HTTP/1.0" 200 - "-" "WordPress/6.8; https://argon-rnd.ru"
172.104.232.115 - - [20/Apr/2025:08:19:55 +0300] "POST /xmlrpc.php HTTP/1.0" 200 441 "http://argon-rnd.ru" "Mozilla/5.0 (Macintosh; Intel Mac OS X 10_15_7) AppleWebKit/537.36 (KHTML, like Gecko) Chrome/116.0.5845.96 Safari/537.36"
103.36.35.134 - - [20/Apr/2025:08:20:33 +0300] "GET /wbrcoc.php HTTP/1.0" 200 5766 "-" "Mozilla/5.0 (Windows NT 10.0; Win64; x64) AppleWebKit/537.36 (KHTML, like Gecko) Chrome/133.0.0.0 Safari/537.36"
103.36.35.134 - - [20/Apr/2025:08:20:39 +0300] "GET /favicon.ico HTTP/1.0" 200 370070 "https://argon-rnd.ru/wbrcoc.php" "Mozilla/5.0 (Windows NT 10.0; Win64; x64) AppleWebKit/537.36 (KHTML, like Gecko) Chrome/133.0.0.0 Safari/537.36"
103.36.35.134 - - [20/Apr/2025:08:20:48 +0300] "POST /wbrcoc.php HTTP/1.0" 200 9606 "https://argon-rnd.ru/wbrcoc.php" "Mozilla/5.0 (Windows NT 10.0; Win64; x64) AppleWebKit/537.36 (KHTML, like Gecko) Chrome/133.0.0.0 Safari/537.36"
103.36.35.134 - - [20/Apr/2025:08:20:49 +0300] "GET /favicon.ico HTTP/1.0" 200 370070 "https://argon-rnd.ru/wbrcoc.php" "Mozilla/5.0 (Windows NT 10.0; Win64; x64) AppleWebKit/537.36 (KHTML, like Gecko) Chrome/133.0.0.0 Safari/537.36"
31.28.24.227 - - [20/Apr/2025:08:21:58 +0300] "POST /wp-cron.php?doing_wp_cron=1745126518.9181480407714843750000 HTTP/1.0" 200 - "-" "WordPress/6.8; https://argon-rnd.ru"
192.250.239.237 - - [20/Apr/2025:08:21:58 +0300] "POST /xmlrpc.php HTTP/1.0" 200 441 "-" "Mozilla/5.0 (Windows NT 10.0; Win64; x64; rv:74.0) Gecko/20100101 Firefox/74.0"
31.28.24.227 - - [20/Apr/2025:08:22:46 +0300] "POST /wp-cron.php?doing_wp_cron=1745126566.3343300819396972656250 HTTP/1.0" 200 - "-" "WordPress/6.8; https://argon-rnd.ru"
95.108.213.237 - - [20/Apr/2025:08:22:45 +0300] "GET /?yclid=7710547526903176844 HTTP/1.0" 200 194507 "-" "Mozilla/5.0 (compatible; YandexMetrika/2.0; +http://yandex.com/bots yabs01)"
95.31.136.47 - - [20/Apr/2025:08:23:24 +0300] "GET /assets/images/gzodiy.php HTTP/1.0" 200 5766 "-" "Mozilla/5.0 (Windows NT 10.0; Win64; x64) AppleWebKit/537.36 (KHTML, like Gecko) Chrome/134.0.0.0 Safari/537.36"
95.31.136.47 - - [20/Apr/2025:08:23:26 +0300] "GET /favicon.ico HTTP/1.0" 200 370070 "http://argon-rnd.ru/assets/images/gzodiy.php" "Mozilla/5.0 (Windows NT 10.0; Win64; x64) AppleWebKit/537.36 (KHTML, like Gecko) Chrome/134.0.0.0 Safari/537.36"
95.31.136.47 - - [20/Apr/2025:08:23:37 +0300] "POST /assets/images/gzodiy.php HTTP/1.0" 200 9760 "http://argon-rnd.ru/assets/images/gzodiy.php" "Mozilla/5.0 (Windows NT 10.0; Win64; x64) AppleWebKit/537.36 (KHTML, like Gecko) Chrome/134.0.0.0 Safari/537.36"
95.31.136.47 - - [20/Apr/2025:08:23:37 +0300] "GET /favicon.ico HTTP/1.0" 200 370070 "http://argon-rnd.ru/assets/images/gzodiy.php" "Mozilla/5.0 (Windows NT 10.0; Win64; x64) AppleWebKit/537.36 (KHTML, like Gecko) Chrome/134.0.0.0 Safari/537.36"
31.28.24.227 - - [20/Apr/2025:08:24:04 +0300] "POST /wp-cron.php?doing_wp_cron=1745126644.9364879131317138671875 HTTP/1.0" 200 - "-" "WordPress/6.8; https://argon-rnd.ru"
51.222.253.9 - - [20/Apr/2025:08:24:04 +0300] "GET /88423266 HTTP/1.0" 404 142044 "-" "Mozilla/5.0 (compatible; AhrefsBot/7.0; +http://ahrefs.com/robot/)"
31.28.24.227 - - [20/Apr/2025:08:24:59 +0300] "POST /wp-cron.php?doing_wp_cron=1745126699.4034368991851806640625 HTTP/1.0" 200 - "-" "WordPress/6.8; https://argon-rnd.ru"
66.249.76.161 - - [20/Apr/2025:08:24:58 +0300] "GET /sitemap-11.xml HTTP/1.0" 404 140255 "-" "Mozilla/5.0 (compatible; Googlebot/2.1; +http://www.google.com/bot.html)"
31.28.24.227 - - [20/Apr/2025:08:25:18 +0300] "POST /wp-cron.php?doing_wp_cron=1745126718.1173911094665527343750 HTTP/1.0" 200 - "-" "WordPress/6.8; https://argon-rnd.ru"
81.177.139.234 - - [20/Apr/2025:08:25:17 +0300] "POST /xmlrpc.php HTTP/1.0" 200 441 "http://argon-rnd.ru" "Mozilla/5.0 (Windows NT 10.0; Win64; x64; rv:128.0) Gecko/20100101 Firefox/128.0"
31.28.24.227 - - [20/Apr/2025:08:28:23 +0300] "POST /wp-cron.php?doing_wp_cron=1745126903.8011751174926757812500 HTTP/1.0" 200 - "-" "WordPress/6.8; https://argon-rnd.ru"
213.180.203.67 - - [20/Apr/2025:08:28:23 +0300] "GET /?yclid=7710547526903176844 HTTP/1.0" 200 194507 "-" "Mozilla/5.0 (compatible; YandexMetrika/2.0; +http://yandex.com/bots yabs01)"
31.28.24.227 - - [20/Apr/2025:08:34:17 +0300] "POST /wp-cron.php?doing_wp_cron=1745127257.1173920631408691406250 HTTP/1.0" 200 - "-" "WordPress/6.8; https://argon-rnd.ru"
51.222.253.10 - - [20/Apr/2025:08:34:16 +0300] "GET /88741370 HTTP/1.0" 404 142044 "-" "Mozilla/5.0 (compatible; AhrefsBot/7.0; +http://ahrefs.com/robot/)"
213.180.203.44 - - [20/Apr/2025:08:34:47 +0300] "GET /?yclid=7710547526903176844 HTTP/1.0" 200 194507 "-" "Mozilla/5.0 (compatible; YandexMetrika/2.0; +http://yandex.com/bots yabs01)"
31.28.24.227 - - [20/Apr/2025:08:36:05 +0300] "POST /wp-cron.php?doing_wp_cron=1745127365.2866261005401611328125 HTTP/1.0" 200 - "-" "WordPress/6.8; https://argon-rnd.ru"
52.21.209.231 - - [20/Apr/2025:08:36:04 +0300] "POST /xmlrpc.php HTTP/1.0" 200 441 "http://argon-rnd.ru" "Mozilla/5.0 (Macintosh; Intel Mac OS X 10_15_7; rv:125.0.1) Gecko/20100101 Firefox/125.0.1"
31.28.24.227 - - [20/Apr/2025:08:41:01 +0300] "POST /wp-cron.php?doing_wp_cron=1745127661.2728500366210937500000 HTTP/1.0" 200 - "-" "WordPress/6.8; https://argon-rnd.ru"
5.255.231.19 - - [20/Apr/2025:08:41:00 +0300] "GET /?yclid=7710547526903176844 HTTP/1.0" 200 194507 "-" "Mozilla/5.0 (compatible; YandexMetrika/2.0; +http://yandex.com/bots yabs01)"
31.28.24.227 - - [20/Apr/2025:08:41:30 +0300] "POST /wp-cron.php?doing_wp_cron=1745127690.3713080883026123046875 HTTP/1.0" 200 - "-" "WordPress/6.8; https://argon-rnd.ru"
185.61.152.8 - - [20/Apr/2025:08:41:29 +0300] "POST /xmlrpc.php HTTP/1.0" 200 441 "http://argon-rnd.ru" "Mozilla/5.0 (Windows NT 10.0; Win64; x64) AppleWebKit/537.36 (KHTML, like Gecko) Chrome/115.0.5790.171 Safari/537.36 Edg/115.0.1901.203"
5.9.72.214 - - [20/Apr/2025:08:41:37 +0300] "POST /xmlrpc.php HTTP/1.0" 200 441 "-" "Mozilla/5.0 (Windows NT 10.0; Win64; x64; rv:100.0) Gecko/20100101 Firefox/100.0"
95.108.213.204 - - [20/Apr/2025:08:43:00 +0300] "GET /robots.txt HTTP/1.0" 200 713 "-" "Mozilla/5.0 (compatible; YandexBot/3.0; +http://yandex.com/bots)"
31.28.24.227 - - [20/Apr/2025:08:44:04 +0300] "POST /wp-cron.php?doing_wp_cron=1745127843.9856860637664794921875 HTTP/1.0" 200 - "-" "WordPress/6.8; https://argon-rnd.ru"
51.222.253.12 - - [20/Apr/2025:08:44:03 +0300] "GET /89010786 HTTP/1.0" 404 142044 "-" "Mozilla/5.0 (compatible; AhrefsBot/7.0; +http://ahrefs.com/robot/)"
170.80.33.58 - - [20/Apr/2025:08:46:06 +0300] "GET /wbrcoc.php HTTP/1.0" 200 5766 "-" "Mozilla/5.0 (Windows NT 10.0; Win64; x64) AppleWebKit/537.36 (KHTML, like Gecko) Chrome/134.0.0.0 Safari/537.36"
170.80.33.58 - - [20/Apr/2025:08:46:12 +0300] "GET /favicon.ico HTTP/1.0" 200 370070 "https://argon-rnd.ru/wbrcoc.php" "Mozilla/5.0 (Windows NT 10.0; Win64; x64) AppleWebKit/537.36 (KHTML, like Gecko) Chrome/134.0.0.0 Safari/537.36"
170.80.33.58 - - [20/Apr/2025:08:46:19 +0300] "POST /wbrcoc.php HTTP/1.0" 200 9728 "https://argon-rnd.ru/wbrcoc.php" "Mozilla/5.0 (Windows NT 10.0; Win64; x64) AppleWebKit/537.36 (KHTML, like Gecko) Chrome/134.0.0.0 Safari/537.36"
170.80.33.58 - - [20/Apr/2025:08:46:20 +0300] "GET /favicon.ico HTTP/1.0" 200 370070 "https://argon-rnd.ru/wbrcoc.php" "Mozilla/5.0 (Windows NT 10.0; Win64; x64) AppleWebKit/537.36 (KHTML, like Gecko) Chrome/134.0.0.0 Safari/537.36"
31.28.24.227 - - [20/Apr/2025:08:47:10 +0300] "POST /wp-cron.php?doing_wp_cron=1745128030.4445970058441162109375 HTTP/1.0" 200 - "-" "WordPress/6.8; https://argon-rnd.ru"
87.250.224.81 - - [20/Apr/2025:08:47:10 +0300] "GET /?yclid=7710547526903176844 HTTP/1.0" 200 194507 "-" "Mozilla/5.0 (compatible; YandexMetrika/2.0; +http://yandex.com/bots yabs01)"
191.7.102.34 - - [20/Apr/2025:08:48:57 +0300] "GET /assets/images/gzodiy.php HTTP/1.0" 200 5766 "-" "Mozilla/5.0 (Windows NT 10.0; Win64; x64) AppleWebKit/537.36 (KHTML, like Gecko) Chrome/133.0.0.0 Safari/537.36"
191.7.102.34 - - [20/Apr/2025:08:49:14 +0300] "POST /assets/images/gzodiy.php HTTP/1.0" 200 9647 "http://argon-rnd.ru/assets/images/gzodiy.php" "Mozilla/5.0 (Windows NT 10.0; Win64; x64) AppleWebKit/537.36 (KHTML, like Gecko) Chrome/133.0.0.0 Safari/537.36"
191.7.102.34 - - [20/Apr/2025:08:49:17 +0300] "GET /favicon.ico HTTP/1.0" 200 370070 "http://argon-rnd.ru/assets/images/gzodiy.php" "Mozilla/5.0 (Windows NT 10.0; Win64; x64) AppleWebKit/537.36 (KHTML, like Gecko) Chrome/133.0.0.0 Safari/537.36"
31.28.24.227 - - [20/Apr/2025:08:51:09 +0300] "POST /wp-cron.php?doing_wp_cron=1745128269.5844559669494628906250 HTTP/1.0" 200 - "-" "WordPress/6.8; https://argon-rnd.ru"
103.97.126.116 - - [20/Apr/2025:08:51:09 +0300] "POST /xmlrpc.php HTTP/1.0" 200 439 "-" "Mozilla/5.0 (X11; Fedora; Linux x86_64; rv:94.0) Gecko/20100101 Firefox/95.0"
31.28.24.227 - - [20/Apr/2025:08:53:11 +0300] "POST /wp-cron.php?doing_wp_cron=1745128391.8004879951477050781250 HTTP/1.0" 200 - "-" "WordPress/6.8; https://argon-rnd.ru"
213.180.203.166 - - [20/Apr/2025:08:53:11 +0300] "GET /?yclid=7710547526903176844 HTTP/1.0" 200 194507 "-" "Mozilla/5.0 (compatible; YandexMetrika/2.0; +http://yandex.com/bots yabs01)"
31.28.24.227 - - [20/Apr/2025:08:53:40 +0300] "POST /wp-cron.php?doing_wp_cron=1745128420.8065249919891357421875 HTTP/1.0" 200 - "-" "WordPress/6.8; https://argon-rnd.ru"
51.222.253.14 - - [20/Apr/2025:08:53:40 +0300] "GET /89075964 HTTP/1.0" 404 142044 "-" "Mozilla/5.0 (compatible; AhrefsBot/7.0; +http://ahrefs.com/robot/)"
103.187.5.128 - - [20/Apr/2025:08:56:28 +0300] "GET /wp-content/plugins/suretriggers/readme.txt HTTP/1.0" 200 41227 "-" "Mozilla/5.0 (Windows NT 10.0; Win64; x64) AppleWebKit/537.36 (KHTML, like Gecko) Chrome/120.0.0.0 Safari/537.36"
31.28.24.227 - - [20/Apr/2025:08:56:31 +0300] "POST /wp-cron.php?doing_wp_cron=1745128590.9870250225067138671875 HTTP/1.0" 200 - "-" "WordPress/6.8; https://argon-rnd.ru"
103.187.5.128 - - [20/Apr/2025:08:56:30 +0300] "POST /wp-json/sure-triggers/v1/automation/action HTTP/1.0" 200 1900 "-" "Mozilla/5.0 (Windows NT 10.0; Win64; x64) AppleWebKit/537.36 (KHTML, like Gecko) Chrome/120.0.0.0 Safari/537.36"
31.28.24.227 - - [20/Apr/2025:08:57:40 +0300] "POST /wp-cron.php?doing_wp_cron=1745128660.7469840049743652343750 HTTP/1.0" 200 - "-" "WordPress/6.8; https://argon-rnd.ru"
198.54.114.98 - - [20/Apr/2025:08:57:40 +0300] "POST /xmlrpc.php HTTP/1.0" 200 441 "http://argon-rnd.ru" "Mozilla/5.0 (Windows NT 10.0; Win64; x64; rv:128.0) Gecko/20100101 Firefox/128.0"
31.28.24.227 - - [20/Apr/2025:08:59:52 +0300] "POST /wp-cron.php?doing_wp_cron=1745128792.8787879943847656250000 HTTP/1.0" 200 - "-" "WordPress/6.8; https://argon-rnd.ru"
95.108.213.183 - - [20/Apr/2025:08:59:52 +0300] "GET /?yclid=7710547526903176844 HTTP/1.0" 200 194507 "-" "Mozilla/5.0 (compatible; YandexMetrika/2.0; +http://yandex.com/bots yabs01)"
31.28.24.227 - - [20/Apr/2025:09:02:55 +0300] "POST /wp-cron.php?doing_wp_cron=1745128975.7150390148162841796875 HTTP/1.0" 200 - "-" "WordPress/6.8; https://argon-rnd.ru"
51.222.253.18 - - [20/Apr/2025:09:02:55 +0300] "GET /89271022 HTTP/1.0" 404 142044 "-" "Mozilla/5.0 (compatible; AhrefsBot/7.0; +http://ahrefs.com/robot/)"
31.28.24.227 - - [20/Apr/2025:09:03:37 +0300] "POST /wp-cron.php?doing_wp_cron=1745129017.0575249195098876953125 HTTP/1.0" 200 - "-" "WordPress/6.8; https://argon-rnd.ru"
51.79.166.146 - - [20/Apr/2025:09:03:36 +0300] "POST /xmlrpc.php HTTP/1.0" 200 441 "-" "Mozilla/5.0 (Windows NT 10.0; Win64; x64; rv:96.0) Gecko/20100101 Firefox/96.0"
31.28.24.227 - - [20/Apr/2025:09:04:34 +0300] "POST /wp-cron.php?doing_wp_cron=1745129074.8035049438476562500000 HTTP/1.0" 200 - "-" "WordPress/6.8; https://argon-rnd.ru"
5.255.231.162 - - [20/Apr/2025:09:04:34 +0300] "GET /?yclid=7710547526903176844 HTTP/1.0" 200 194507 "-" "Mozilla/5.0 (compatible; YandexMetrika/2.0; +http://yandex.com/bots yabs01)"
31.28.24.227 - - [20/Apr/2025:09:09:44 +0300] "POST /wp-cron.php?doing_wp_cron=1745129384.9378259181976318359375 HTTP/1.0" 200 - "-" "WordPress/6.8; https://argon-rnd.ru"
31.28.24.227 - - [20/Apr/2025:09:09:45 +0300] "POST /wp-cron.php?doing_wp_cron=1745129384.9864799976348876953125 HTTP/1.0" 200 - "-" "WordPress/6.8; https://argon-rnd.ru"
87.250.224.95 - - [20/Apr/2025:09:09:44 +0300] "GET /?yclid=7710547526903176844 HTTP/1.0" 200 194507 "-" "Mozilla/5.0 (compatible; YandexMetrika/2.0; +http://yandex.com/bots yabs01)"
31.28.24.227 - - [20/Apr/2025:09:11:29 +0300] "POST /wp-cron.php?doing_wp_cron=1745129489.8341910839080810546875 HTTP/1.0" 200 - "-" "WordPress/6.8; https://argon-rnd.ru"
45.142.122.22 - - [20/Apr/2025:09:11:29 +0300] "GET / HTTP/1.0" 301 - "-" "Mozilla/5.0 (Macintosh; Intel Mac OS X 10_8_7) AppleWebKit/537.36 (KHTML, like Gecko) Chrome/56.0.2926.3 Safari/537.36"
45.142.122.22 - - [20/Apr/2025:09:11:29 +0300] "GET / HTTP/1.0" 200 194557 "-" "Mozilla/5.0 (Macintosh; Intel Mac OS X 10_8_7) AppleWebKit/537.36 (KHTML, like Gecko) Chrome/56.0.2926.3 Safari/537.36"
45.142.122.22 - - [20/Apr/2025:09:11:31 +0300] "GET /wp-login.php HTTP/1.0" 200 12251 "https://argon-rnd.ru/" "Mozilla/5.0 (Macintosh; Intel Mac OS X 10_8_7) AppleWebKit/537.36 (KHTML, like Gecko) Chrome/56.0.2926.3 Safari/537.36"
45.142.122.22 - - [20/Apr/2025:09:11:31 +0300] "POST /wp-login.php HTTP/1.0" 302 - "https://argon-rnd.ru/wp-login.php" "Mozilla/5.0 (Macintosh; Intel Mac OS X 10_8_7) AppleWebKit/537.36 (KHTML, like Gecko) Chrome/56.0.2926.3 Safari/537.36"
45.142.122.22 - - [20/Apr/2025:09:11:32 +0300] "GET /wp-admin/ HTTP/1.0" 200 385296 "https://argon-rnd.ru/wp-login.php" "Mozilla/5.0 (Macintosh; Intel Mac OS X 10_8_7) AppleWebKit/537.36 (KHTML, like Gecko) Chrome/56.0.2926.3 Safari/537.36"
45.142.122.22 - - [20/Apr/2025:09:11:34 +0300] "GET /wp-admin/ HTTP/1.0" 200 385296 "https://argon-rnd.ru/wp-admin/" "Mozilla/5.0 (Macintosh; Intel Mac OS X 10_8_7) AppleWebKit/537.36 (KHTML, like Gecko) Chrome/56.0.2926.3 Safari/537.36"
45.142.122.22 - - [20/Apr/2025:09:11:34 +0300] "GET /wp-admin/plugin-install.php?tab=upload HTTP/1.0" 200 289174 "https://argon-rnd.ru/wp-admin/" "Mozilla/5.0 (Macintosh; Intel Mac OS X 10_8_7) AppleWebKit/537.36 (KHTML, like Gecko) Chrome/56.0.2926.3 Safari/537.36"
45.142.122.22 - - [20/Apr/2025:09:11:35 +0300] "POST /wp-admin/update.php?action=upload-plugin HTTP/1.0" 500 255 "https://argon-rnd.ru/wp-admin/plugin-install.php?tab=upload" "Mozilla/5.0 (Macintosh; Intel Mac OS X 10_8_7) AppleWebKit/537.36 (KHTML, like Gecko) Chrome/56.0.2926.3 Safari/537.36"
45.142.122.22 - - [20/Apr/2025:09:11:36 +0300] "GET /wp-content/uploads/2025/04/8b3dcf0e07bc.php HTTP/1.0" 403 245 "https://argon-rnd.ru/wp-admin/update.php?action=upload-plugin" "Mozilla/5.0 (Macintosh; Intel Mac OS X 10_8_7) AppleWebKit/537.36 (KHTML, like Gecko) Chrome/56.0.2926.3 Safari/537.36"
45.142.122.22 - - [20/Apr/2025:09:11:37 +0300] "GET /wp-admin/plugins.php HTTP/1.0" 200 383270 "https://argon-rnd.ru/wp-content/uploads/2025/04/8b3dcf0e07bc.php" "Mozilla/5.0 (Macintosh; Intel Mac OS X 10_8_7) AppleWebKit/537.36 (KHTML, like Gecko) Chrome/56.0.2926.3 Safari/537.36"
45.142.122.22 - - [20/Apr/2025:09:11:38 +0300] "GET /wp-admin/plugins.php?action=delete-selected&checked%5B0%5D=background-image-cropper%2Fbackground-image-cropper.php&plugin_status=all&paged=1&s&_wpnonce=e246a3575b HTTP/1.0" 200 287561 "https://argon-rnd.ru/wp-admin/plugins.php" "Mozilla/5.0 (Macintosh; Intel Mac OS X 10_8_7) AppleWebKit/537.36 (KHTML, like Gecko) Chrome/56.0.2926.3 Safari/537.36"
