198.145.66.98 - - [20/Apr/2025:15:02:36 +0300] "GET /wp-admin/js/dashboard.min.js?ver=6.8 HTTP/1.0" 200 8862 "https://argon-rnd.ru/wp-admin/" "Mozilla/5.0 (Macintosh; Intel Mac OS X 10_15_7) AppleWebKit/537.36 (KHTML, like Gecko) Chrome/135.0.0.0 Safari/537.36"
198.145.66.98 - - [20/Apr/2025:15:02:36 +0300] "GET /wp-includes/js/dist/date.min.js?ver=85ff222add187a4e358f HTTP/1.0" 200 783424 "https://argon-rnd.ru/wp-admin/" "Mozilla/5.0 (Macintosh; Intel Mac OS X 10_15_7) AppleWebKit/537.36 (KHTML, like Gecko) Chrome/135.0.0.0 Safari/537.36"
198.145.66.98 - - [20/Apr/2025:15:02:36 +0300] "GET /wp-includes/js/thickbox/thickbox.js?ver=3.1-20121105 HTTP/1.0" 200 13332 "https://argon-rnd.ru/wp-admin/" "Mozilla/5.0 (Macintosh; Intel Mac OS X 10_15_7) AppleWebKit/537.36 (KHTML, like Gecko) Chrome/135.0.0.0 Safari/537.36"
198.145.66.98 - - [20/Apr/2025:15:02:37 +0300] "GET /wp-admin/js/plugin-install.min.js?ver=6.8 HTTP/1.0" 200 2403 "https://argon-rnd.ru/wp-admin/" "Mozilla/5.0 (Macintosh; Intel Mac OS X 10_15_7) AppleWebKit/537.36 (KHTML, like Gecko) Chrome/135.0.0.0 Safari/537.36"
198.145.66.98 - - [20/Apr/2025:15:02:37 +0300] "GET /wp-admin/js/updates.min.js?ver=6.8 HTTP/1.0" 200 48407 "https://argon-rnd.ru/wp-admin/" "Mozilla/5.0 (Macintosh; Intel Mac OS X 10_15_7) AppleWebKit/537.36 (KHTML, like Gecko) Chrome/135.0.0.0 Safari/537.36"
198.145.66.98 - - [20/Apr/2025:15:02:37 +0300] "GET /wp-includes/js/wp-sanitize.min.js?ver=09b501f71a4f1a011b1a92daa3f398ba HTTP/1.0" 200 458 "https://argon-rnd.ru/wp-admin/" "Mozilla/5.0 (Macintosh; Intel Mac OS X 10_15_7) AppleWebKit/537.36 (KHTML, like Gecko) Chrome/135.0.0.0 Safari/537.36"
198.145.66.98 - - [20/Apr/2025:15:02:37 +0300] "GET /wp-admin/js/media-upload.min.js?ver=6.8 HTTP/1.0" 200 1152 "https://argon-rnd.ru/wp-admin/" "Mozilla/5.0 (Macintosh; Intel Mac OS X 10_15_7) AppleWebKit/537.36 (KHTML, like Gecko) Chrome/135.0.0.0 Safari/537.36"
198.145.66.98 - - [20/Apr/2025:15:02:37 +0300] "GET /wp-includes/js/shortcode.min.js?ver=09b501f71a4f1a011b1a92daa3f398ba HTTP/1.0" 200 2643 "https://argon-rnd.ru/wp-admin/" "Mozilla/5.0 (Macintosh; Intel Mac OS X 10_15_7) AppleWebKit/537.36 (KHTML, like Gecko) Chrome/135.0.0.0 Safari/537.36"
198.145.66.98 - - [20/Apr/2025:15:02:37 +0300] "GET /wp-admin/js/svg-painter.js?ver=6.8 HTTP/1.0" 200 3280 "https://argon-rnd.ru/wp-admin/" "Mozilla/5.0 (Macintosh; Intel Mac OS X 10_15_7) AppleWebKit/537.36 (KHTML, like Gecko) Chrome/135.0.0.0 Safari/537.36"
198.145.66.98 - - [20/Apr/2025:15:02:37 +0300] "GET /wp-includes/js/wp-auth-check.min.js?ver=09b501f71a4f1a011b1a92daa3f398ba HTTP/1.0" 200 1658 "https://argon-rnd.ru/wp-admin/" "Mozilla/5.0 (Macintosh; Intel Mac OS X 10_15_7) AppleWebKit/537.36 (KHTML, like Gecko) Chrome/135.0.0.0 Safari/537.36"
198.145.66.98 - - [20/Apr/2025:15:02:37 +0300] "GET /wp-includes/js/heartbeat.min.js?ver=09b501f71a4f1a011b1a92daa3f398ba HTTP/1.0" 200 5947 "https://argon-rnd.ru/wp-admin/" "Mozilla/5.0 (Macintosh; Intel Mac OS X 10_15_7) AppleWebKit/537.36 (KHTML, like Gecko) Chrome/135.0.0.0 Safari/537.36"
198.145.66.98 - - [20/Apr/2025:15:02:37 +0300] "GET /wp-includes/js/dist/api-fetch.min.js?ver=3623a576c78df404ff20 HTTP/1.0" 200 5838 "https://argon-rnd.ru/wp-admin/" "Mozilla/5.0 (Macintosh; Intel Mac OS X 10_15_7) AppleWebKit/537.36 (KHTML, like Gecko) Chrome/135.0.0.0 Safari/537.36"
198.145.66.98 - - [20/Apr/2025:15:02:37 +0300] "GET /wp-includes/js/dist/vendor/react.min.js?ver=18.3.1.1 HTTP/1.0" 200 10628 "https://argon-rnd.ru/wp-admin/" "Mozilla/5.0 (Macintosh; Intel Mac OS X 10_15_7) AppleWebKit/537.36 (KHTML, like Gecko) Chrome/135.0.0.0 Safari/537.36"
198.145.66.98 - - [20/Apr/2025:15:02:37 +0300] "GET /wp-includes/js/dist/vendor/react-dom.min.js?ver=18.3.1.1 HTTP/1.0" 200 128946 "https://argon-rnd.ru/wp-admin/" "Mozilla/5.0 (Macintosh; Intel Mac OS X 10_15_7) AppleWebKit/537.36 (KHTML, like Gecko) Chrome/135.0.0.0 Safari/537.36"
198.145.66.98 - - [20/Apr/2025:15:02:37 +0300] "GET /wp-includes/js/dist/vendor/react-jsx-runtime.min.js?ver=18.3.1 HTTP/1.0" 200 900 "https://argon-rnd.ru/wp-admin/" "Mozilla/5.0 (Macintosh; Intel Mac OS X 10_15_7) AppleWebKit/537.36 (KHTML, like Gecko) Chrome/135.0.0.0 Safari/537.36"
198.145.66.98 - - [20/Apr/2025:15:02:37 +0300] "GET /wp-includes/js/dist/escape-html.min.js?ver=6561a406d2d232a6fbd2 HTTP/1.0" 200 1000 "https://argon-rnd.ru/wp-admin/" "Mozilla/5.0 (Macintosh; Intel Mac OS X 10_15_7) AppleWebKit/537.36 (KHTML, like Gecko) Chrome/135.0.0.0 Safari/537.36"
198.145.66.98 - - [20/Apr/2025:15:02:37 +0300] "GET /wp-includes/js/dist/dom.min.js?ver=f3a673a30f968c8fa314 HTTP/1.0" 200 12537 "https://argon-rnd.ru/wp-admin/" "Mozilla/5.0 (Macintosh; Intel Mac OS X 10_15_7) AppleWebKit/537.36 (KHTML, like Gecko) Chrome/135.0.0.0 Safari/537.36"
198.145.66.98 - - [20/Apr/2025:15:02:37 +0300] "GET /wp-includes/js/dist/is-shallow-equal.min.js?ver=e0f9f1d78d83f5196979 HTTP/1.0" 200 1018 "https://argon-rnd.ru/wp-admin/" "Mozilla/5.0 (Macintosh; Intel Mac OS X 10_15_7) AppleWebKit/537.36 (KHTML, like Gecko) Chrome/135.0.0.0 Safari/537.36"
198.145.66.98 - - [20/Apr/2025:15:02:37 +0300] "GET /wp-includes/js/dist/element.min.js?ver=a4eeeadd23c0d7ab1d2d HTTP/1.0" 200 11968 "https://argon-rnd.ru/wp-admin/" "Mozilla/5.0 (Macintosh; Intel Mac OS X 10_15_7) AppleWebKit/537.36 (KHTML, like Gecko) Chrome/135.0.0.0 Safari/537.36"
198.145.66.98 - - [20/Apr/2025:15:02:37 +0300] "GET /wp-includes/js/dist/priority-queue.min.js?ver=9c21c957c7e50ffdbf48 HTTP/1.0" 200 3378 "https://argon-rnd.ru/wp-admin/" "Mozilla/5.0 (Macintosh; Intel Mac OS X 10_15_7) AppleWebKit/537.36 (KHTML, like Gecko) Chrome/135.0.0.0 Safari/537.36"
198.145.66.98 - - [20/Apr/2025:15:02:37 +0300] "GET /wp-includes/js/dist/keycodes.min.js?ver=034ff647a54b018581d3 HTTP/1.0" 200 2642 "https://argon-rnd.ru/wp-admin/" "Mozilla/5.0 (Macintosh; Intel Mac OS X 10_15_7) AppleWebKit/537.36 (KHTML, like Gecko) Chrome/135.0.0.0 Safari/537.36"
198.145.66.98 - - [20/Apr/2025:15:02:37 +0300] "GET /wp-includes/js/dist/private-apis.min.js?ver=0f8478f1ba7e0eea562b HTTP/1.0" 200 2815 "https://argon-rnd.ru/wp-admin/" "Mozilla/5.0 (Macintosh; Intel Mac OS X 10_15_7) AppleWebKit/537.36 (KHTML, like Gecko) Chrome/135.0.0.0 Safari/537.36"
198.145.66.98 - - [20/Apr/2025:15:02:37 +0300] "GET /wp-includes/js/dist/primitives.min.js?ver=aef2543ab60c8c9bb609 HTTP/1.0" 200 1655 "https://argon-rnd.ru/wp-admin/" "Mozilla/5.0 (Macintosh; Intel Mac OS X 10_15_7) AppleWebKit/537.36 (KHTML, like Gecko) Chrome/135.0.0.0 Safari/537.36"
198.145.66.98 - - [20/Apr/2025:15:02:37 +0300] "GET /wp-includes/js/dist/html-entities.min.js?ver=2cd3358363e0675638fb HTTP/1.0" 200 788 "https://argon-rnd.ru/wp-admin/" "Mozilla/5.0 (Macintosh; Intel Mac OS X 10_15_7) AppleWebKit/537.36 (KHTML, like Gecko) Chrome/135.0.0.0 Safari/537.36"
198.145.66.98 - - [20/Apr/2025:15:02:37 +0300] "GET /wp-includes/js/dist/compose.min.js?ver=84bcf832a5c99203f3db HTTP/1.0" 200 36853 "https://argon-rnd.ru/wp-admin/" "Mozilla/5.0 (Macintosh; Intel Mac OS X 10_15_7) AppleWebKit/537.36 (KHTML, like Gecko) Chrome/135.0.0.0 Safari/537.36"
198.145.66.98 - - [20/Apr/2025:15:02:37 +0300] "GET /wp-includes/js/dist/data.min.js?ver=fe6c4835cd00e12493c3 HTTP/1.0" 200 25596 "https://argon-rnd.ru/wp-admin/" "Mozilla/5.0 (Macintosh; Intel Mac OS X 10_15_7) AppleWebKit/537.36 (KHTML, like Gecko) Chrome/135.0.0.0 Safari/537.36"
198.145.66.98 - - [20/Apr/2025:15:02:37 +0300] "GET /wp-includes/js/dist/redux-routine.min.js?ver=8bb92d45458b29590f53 HTTP/1.0" 200 8889 "https://argon-rnd.ru/wp-admin/" "Mozilla/5.0 (Macintosh; Intel Mac OS X 10_15_7) AppleWebKit/537.36 (KHTML, like Gecko) Chrome/135.0.0.0 Safari/537.36"
198.145.66.98 - - [20/Apr/2025:15:02:37 +0300] "GET /wp-includes/js/dist/rich-text.min.js?ver=74178fc8c4d67d66f1a8 HTTP/1.0" 200 31005 "https://argon-rnd.ru/wp-admin/" "Mozilla/5.0 (Macintosh; Intel Mac OS X 10_15_7) AppleWebKit/537.36 (KHTML, like Gecko) Chrome/135.0.0.0 Safari/537.36"
198.145.66.98 - - [20/Apr/2025:15:02:37 +0300] "GET /wp-includes/js/dist/warning.min.js?ver=ed7c8b0940914f4fe44b HTTP/1.0" 200 311 "https://argon-rnd.ru/wp-admin/" "Mozilla/5.0 (Macintosh; Intel Mac OS X 10_15_7) AppleWebKit/537.36 (KHTML, like Gecko) Chrome/135.0.0.0 Safari/537.36"
198.145.66.98 - - [20/Apr/2025:15:02:38 +0300] "GET /wp-content/plugins/wp-console/assets/vendor/ace-builds/src-min-noconflict/ace.js?ver=1.23.4 HTTP/1.0" 200 436997 "https://argon-rnd.ru/wp-admin/" "Mozilla/5.0 (Macintosh; Intel Mac OS X 10_15_7) AppleWebKit/537.36 (KHTML, like Gecko) Chrome/135.0.0.0 Safari/537.36"
198.145.66.98 - - [20/Apr/2025:15:02:38 +0300] "GET /wp-includes/js/dist/components.min.js?ver=787a8a74848a09b31e37 HTTP/1.0" 200 719006 "https://argon-rnd.ru/wp-admin/" "Mozilla/5.0 (Macintosh; Intel Mac OS X 10_15_7) AppleWebKit/537.36 (KHTML, like Gecko) Chrome/135.0.0.0 Safari/537.36"
198.145.66.98 - - [20/Apr/2025:15:02:39 +0300] "GET /wp-content/plugins/wp-console/assets/vendor/ace-builds/src-min-noconflict/ext-language_tools.js?ver=1.23.4 HTTP/1.0" 200 48465 "https://argon-rnd.ru/wp-admin/" "Mozilla/5.0 (Macintosh; Intel Mac OS X 10_15_7) AppleWebKit/537.36 (KHTML, like Gecko) Chrome/135.0.0.0 Safari/537.36"
198.145.66.98 - - [20/Apr/2025:15:02:39 +0300] "GET /wp-content/plugins/wordpress-seo/js/dist/externals/propTypes.js?ver=4c546a0c9e97b70d3fe0 HTTP/1.0" 200 967 "https://argon-rnd.ru/wp-admin/" "Mozilla/5.0 (Macintosh; Intel Mac OS X 10_15_7) AppleWebKit/537.36 (KHTML, like Gecko) Chrome/135.0.0.0 Safari/537.36"
198.145.66.98 - - [20/Apr/2025:15:02:39 +0300] "GET /wp-content/plugins/wp-console/assets/js/wp-console.js?ver=3fd1be6f97ec204f993d HTTP/1.0" 200 28755 "https://argon-rnd.ru/wp-admin/" "Mozilla/5.0 (Macintosh; Intel Mac OS X 10_15_7) AppleWebKit/537.36 (KHTML, like Gecko) Chrome/135.0.0.0 Safari/537.36"
198.145.66.98 - - [20/Apr/2025:15:02:39 +0300] "GET /wp-content/plugins/wpforms-lite/assets/lib/jquery.confirm/jquery-confirm.min.js?ver=1.0.0 HTTP/1.0" 200 22850 "https://argon-rnd.ru/wp-admin/" "Mozilla/5.0 (Macintosh; Intel Mac OS X 10_15_7) AppleWebKit/537.36 (KHTML, like Gecko) Chrome/135.0.0.0 Safari/537.36"
198.145.66.98 - - [20/Apr/2025:15:02:39 +0300] "GET /wp-includes/js/dist/vendor/lodash.min.js?ver=4.17.21 HTTP/1.0" 200 70707 "https://argon-rnd.ru/wp-admin/" "Mozilla/5.0 (Macintosh; Intel Mac OS X 10_15_7) AppleWebKit/537.36 (KHTML, like Gecko) Chrome/135.0.0.0 Safari/537.36"
198.145.66.98 - - [20/Apr/2025:15:02:39 +0300] "GET /wp-content/plugins/wpforms-lite/assets/lite/js/admin/education/lite-connect.min.js?ver=1.9.1.3 HTTP/1.0" 200 6532 "https://argon-rnd.ru/wp-admin/" "Mozilla/5.0 (Macintosh; Intel Mac OS X 10_15_7) AppleWebKit/537.36 (KHTML, like Gecko) Chrome/135.0.0.0 Safari/537.36"
198.145.66.98 - - [20/Apr/2025:15:02:39 +0300] "GET /wp-content/plugins/wordpress-seo/js/dist/externals/styledComponents.js?ver=f030a78c47ee9be46c07 HTTP/1.0" 200 36336 "https://argon-rnd.ru/wp-admin/" "Mozilla/5.0 (Macintosh; Intel Mac OS X 10_15_7) AppleWebKit/537.36 (KHTML, like Gecko) Chrome/135.0.0.0 Safari/537.36"
198.145.66.98 - - [20/Apr/2025:15:02:39 +0300] "GET /wp-content/plugins/wordpress-seo/js/dist/externals/helpers.js?ver=f38a5f8b9a9ba801e722 HTTP/1.0" 200 55031 "https://argon-rnd.ru/wp-admin/" "Mozilla/5.0 (Macintosh; Intel Mac OS X 10_15_7) AppleWebKit/537.36 (KHTML, like Gecko) Chrome/135.0.0.0 Safari/537.36"
198.145.66.98 - - [20/Apr/2025:15:02:39 +0300] "GET /wp-content/plugins/wordpress-seo/js/dist/react-select.js?ver=016b19f563b56deb8ad5 HTTP/1.0" 200 93549 "https://argon-rnd.ru/wp-admin/" "Mozilla/5.0 (Macintosh; Intel Mac OS X 10_15_7) AppleWebKit/537.36 (KHTML, like Gecko) Chrome/135.0.0.0 Safari/537.36"
198.145.66.98 - - [20/Apr/2025:15:02:39 +0300] "GET /wp-content/plugins/wordpress-seo/js/dist/externals/styleGuide.js?ver=a65ddb8de826da5fea4d HTTP/1.0" 200 6982 "https://argon-rnd.ru/wp-admin/" "Mozilla/5.0 (Macintosh; Intel Mac OS X 10_15_7) AppleWebKit/537.36 (KHTML, like Gecko) Chrome/135.0.0.0 Safari/537.36"
198.145.66.98 - - [20/Apr/2025:15:02:39 +0300] "GET /wp-content/plugins/wordpress-seo/js/dist/externals/componentsNew.js?ver=898e7a63226507fb9afc HTTP/1.0" 200 198322 "https://argon-rnd.ru/wp-admin/" "Mozilla/5.0 (Macintosh; Intel Mac OS X 10_15_7) AppleWebKit/537.36 (KHTML, like Gecko) Chrome/135.0.0.0 Safari/537.36"
198.145.66.98 - - [20/Apr/2025:15:02:40 +0300] "GET /wp-includes/js/wp-api.min.js?ver=09b501f71a4f1a011b1a92daa3f398ba HTTP/1.0" 200 14682 "https://argon-rnd.ru/wp-admin/" "Mozilla/5.0 (Macintosh; Intel Mac OS X 10_15_7) AppleWebKit/537.36 (KHTML, like Gecko) Chrome/135.0.0.0 Safari/537.36"
198.145.66.98 - - [20/Apr/2025:15:02:40 +0300] "GET /wp-content/plugins/wordpress-seo/js/dist/externals/analysisReport.js?ver=a0f12a824e5689dd0faf HTTP/1.0" 200 10228 "https://argon-rnd.ru/wp-admin/" "Mozilla/5.0 (Macintosh; Intel Mac OS X 10_15_7) AppleWebKit/537.36 (KHTML, like Gecko) Chrome/135.0.0.0 Safari/537.36"
198.145.66.98 - - [20/Apr/2025:15:02:40 +0300] "GET /wp-includes/js/backbone.min.js?ver=1.6.0 HTTP/1.0" 200 24301 "https://argon-rnd.ru/wp-admin/" "Mozilla/5.0 (Macintosh; Intel Mac OS X 10_15_7) AppleWebKit/537.36 (KHTML, like Gecko) Chrome/135.0.0.0 Safari/537.36"
198.145.66.98 - - [20/Apr/2025:15:02:40 +0300] "GET /wp-content/plugins/wordpress-seo/js/dist/api-client.js?ver=f56d7de163fa219c67e2 HTTP/1.0" 200 579 "https://argon-rnd.ru/wp-admin/" "Mozilla/5.0 (Macintosh; Intel Mac OS X 10_15_7) AppleWebKit/537.36 (KHTML, like Gecko) Chrome/135.0.0.0 Safari/537.36"
198.145.66.98 - - [20/Apr/2025:15:02:40 +0300] "GET /wp-content/plugins/wordpress-seo/js/dist/dashboard-widget.js?ver=ad6147e367cc50376cc5 HTTP/1.0" 200 2069 "https://argon-rnd.ru/wp-admin/" "Mozilla/5.0 (Macintosh; Intel Mac OS X 10_15_7) AppleWebKit/537.36 (KHTML, like Gecko) Chrome/135.0.0.0 Safari/537.36"
198.145.66.98 - - [20/Apr/2025:15:02:40 +0300] "GET /wp-content/plugins/wp-console/assets/js/wp-console.js.map HTTP/1.0" 200 95972 "-" "Mozilla/5.0 (Macintosh; Intel Mac OS X 10_15_7) AppleWebKit/537.36 (KHTML, like Gecko) Chrome/135.0.0.0 Safari/537.36"
198.145.66.98 - - [20/Apr/2025:15:02:40 +0300] "GET /wp-content/plugins/wordpress-seo/js/dist/wincher-dashboard-widget.js?ver=3e855acf6ae73ab6d1ed HTTP/1.0" 200 29436 "https://argon-rnd.ru/wp-admin/" "Mozilla/5.0 (Macintosh; Intel Mac OS X 10_15_7) AppleWebKit/537.36 (KHTML, like Gecko) Chrome/135.0.0.0 Safari/537.36"
198.145.66.98 - - [20/Apr/2025:15:02:40 +0300] "GET /wp-includes/js/dist/blob.min.js?ver=9113eed771d446f4a556 HTTP/1.0" 200 1108 "https://argon-rnd.ru/wp-admin/" "Mozilla/5.0 (Macintosh; Intel Mac OS X 10_15_7) AppleWebKit/537.36 (KHTML, like Gecko) Chrome/135.0.0.0 Safari/537.36"
198.145.66.98 - - [20/Apr/2025:15:02:40 +0300] "GET /wp-includes/js/dist/block-serialization-default-parser.min.js?ver=14d44daebf663d05d330 HTTP/1.0" 200 2400 "https://argon-rnd.ru/wp-admin/" "Mozilla/5.0 (Macintosh; Intel Mac OS X 10_15_7) AppleWebKit/537.36 (KHTML, like Gecko) Chrome/135.0.0.0 Safari/537.36"
198.145.66.98 - - [20/Apr/2025:15:02:40 +0300] "GET /wp-includes/js/dist/autop.min.js?ver=9fb50649848277dd318d HTTP/1.0" 200 5614 "https://argon-rnd.ru/wp-admin/" "Mozilla/5.0 (Macintosh; Intel Mac OS X 10_15_7) AppleWebKit/537.36 (KHTML, like Gecko) Chrome/135.0.0.0 Safari/537.36"
198.145.66.98 - - [20/Apr/2025:15:02:40 +0300] "GET /wp-includes/js/dist/keyboard-shortcuts.min.js?ver=32686e58e84193ce808b HTTP/1.0" 200 3017 "https://argon-rnd.ru/wp-admin/" "Mozilla/5.0 (Macintosh; Intel Mac OS X 10_15_7) AppleWebKit/537.36 (KHTML, like Gecko) Chrome/135.0.0.0 Safari/537.36"
198.145.66.98 - - [20/Apr/2025:15:02:40 +0300] "GET /wp-includes/js/dist/shortcode.min.js?ver=b7747eee0efafd2f0c3b HTTP/1.0" 200 2900 "https://argon-rnd.ru/wp-admin/" "Mozilla/5.0 (Macintosh; Intel Mac OS X 10_15_7) AppleWebKit/537.36 (KHTML, like Gecko) Chrome/135.0.0.0 Safari/537.36"
198.145.66.98 - - [20/Apr/2025:15:02:40 +0300] "GET /wp-includes/js/dist/commands.min.js?ver=14ee29ad1743be844b11 HTTP/1.0" 200 49429 "https://argon-rnd.ru/wp-admin/" "Mozilla/5.0 (Macintosh; Intel Mac OS X 10_15_7) AppleWebKit/537.36 (KHTML, like Gecko) Chrome/135.0.0.0 Safari/537.36"
198.145.66.98 - - [20/Apr/2025:15:02:40 +0300] "GET /wp-includes/js/dist/blocks.min.js?ver=84530c06a3c62815b497 HTTP/1.0" 200 173562 "https://argon-rnd.ru/wp-admin/" "Mozilla/5.0 (Macintosh; Intel Mac OS X 10_15_7) AppleWebKit/537.36 (KHTML, like Gecko) Chrome/135.0.0.0 Safari/537.36"
198.145.66.98 - - [20/Apr/2025:15:02:40 +0300] "GET /wp-json/yoast/v1/statistics HTTP/1.0" 200 573 "https://argon-rnd.ru/wp-admin/" "Mozilla/5.0 (Macintosh; Intel Mac OS X 10_15_7) AppleWebKit/537.36 (KHTML, like Gecko) Chrome/135.0.0.0 Safari/537.36"
198.145.66.98 - - [20/Apr/2025:15:02:40 +0300] "GET /wp-json/wp/v2/ HTTP/1.0" 200 637493 "https://argon-rnd.ru/wp-admin/" "Mozilla/5.0 (Macintosh; Intel Mac OS X 10_15_7) AppleWebKit/537.36 (KHTML, like Gecko) Chrome/135.0.0.0 Safari/537.36"
198.145.66.98 - - [20/Apr/2025:15:02:40 +0300] "GET /wp-includes/js/dist/notices.min.js?ver=673a68a7ac2f556ed50b HTTP/1.0" 200 2070 "https://argon-rnd.ru/wp-admin/" "Mozilla/5.0 (Macintosh; Intel Mac OS X 10_15_7) AppleWebKit/537.36 (KHTML, like Gecko) Chrome/135.0.0.0 Safari/537.36"
198.145.66.98 - - [20/Apr/2025:15:02:41 +0300] "GET /wp-includes/js/dist/preferences-persistence.min.js?ver=9307a8c9e3254140a223 HTTP/1.0" 200 5625 "https://argon-rnd.ru/wp-admin/" "Mozilla/5.0 (Macintosh; Intel Mac OS X 10_15_7) AppleWebKit/537.36 (KHTML, like Gecko) Chrome/135.0.0.0 Safari/537.36"
198.145.66.98 - - [20/Apr/2025:15:02:41 +0300] "GET /wp-includes/js/dist/preferences.min.js?ver=4aa23582b858c882a887 HTTP/1.0" 200 7012 "https://argon-rnd.ru/wp-admin/" "Mozilla/5.0 (Macintosh; Intel Mac OS X 10_15_7) AppleWebKit/537.36 (KHTML, like Gecko) Chrome/135.0.0.0 Safari/537.36"
198.145.66.98 - - [20/Apr/2025:15:02:41 +0300] "GET /wp-includes/js/dist/token-list.min.js?ver=3b5f5dcfde830ecef24f HTTP/1.0" 200 1271 "https://argon-rnd.ru/wp-admin/" "Mozilla/5.0 (Macintosh; Intel Mac OS X 10_15_7) AppleWebKit/537.36 (KHTML, like Gecko) Chrome/135.0.0.0 Safari/537.36"
198.145.66.98 - - [20/Apr/2025:15:02:41 +0300] "GET /wp-includes/js/dist/style-engine.min.js?ver=08cc10e9532531e22456 HTTP/1.0" 200 6050 "https://argon-rnd.ru/wp-admin/" "Mozilla/5.0 (Macintosh; Intel Mac OS X 10_15_7) AppleWebKit/537.36 (KHTML, like Gecko) Chrome/135.0.0.0 Safari/537.36"
198.145.66.98 - - [20/Apr/2025:15:02:41 +0300] "GET /wp-includes/js/dist/plugins.min.js?ver=20303a2de19246c83e5a HTTP/1.0" 200 4284 "https://argon-rnd.ru/wp-admin/" "Mozilla/5.0 (Macintosh; Intel Mac OS X 10_15_7) AppleWebKit/537.36 (KHTML, like Gecko) Chrome/135.0.0.0 Safari/537.36"
198.145.66.98 - - [20/Apr/2025:15:02:41 +0300] "GET /wp-includes/js/dist/block-editor.min.js?ver=0fc7ccf43bed20e8f558 HTTP/1.0" 200 866102 "https://argon-rnd.ru/wp-admin/" "Mozilla/5.0 (Macintosh; Intel Mac OS X 10_15_7) AppleWebKit/537.36 (KHTML, like Gecko) Chrome/135.0.0.0 Safari/537.36"
198.145.66.98 - - [20/Apr/2025:15:02:41 +0300] "GET /wp-includes/js/media-models.min.js?ver=09b501f71a4f1a011b1a92daa3f398ba HTTP/1.0" 200 13284 "https://argon-rnd.ru/wp-admin/" "Mozilla/5.0 (Macintosh; Intel Mac OS X 10_15_7) AppleWebKit/537.36 (KHTML, like Gecko) Chrome/135.0.0.0 Safari/537.36"
198.145.66.98 - - [20/Apr/2025:15:02:41 +0300] "GET /wp-includes/js/plupload/wp-plupload.min.js?ver=09b501f71a4f1a011b1a92daa3f398ba HTTP/1.0" 200 6036 "https://argon-rnd.ru/wp-admin/" "Mozilla/5.0 (Macintosh; Intel Mac OS X 10_15_7) AppleWebKit/537.36 (KHTML, like Gecko) Chrome/135.0.0.0 Safari/537.36"
198.145.66.98 - - [20/Apr/2025:15:02:41 +0300] "GET /wp-content/themes/astra/admin/assets/theme-builder/build/index.js?ver=4.8.2 HTTP/1.0" 200 57599 "https://argon-rnd.ru/wp-admin/" "Mozilla/5.0 (Macintosh; Intel Mac OS X 10_15_7) AppleWebKit/537.36 (KHTML, like Gecko) Chrome/135.0.0.0 Safari/537.36"
198.145.66.98 - - [20/Apr/2025:15:02:41 +0300] "GET /wp-content/plugins/astra-sites/inc/lib/nps-survey/dist/main.js?ver=ca236856981a64d3a791 HTTP/1.0" 200 34792 "https://argon-rnd.ru/wp-admin/" "Mozilla/5.0 (Macintosh; Intel Mac OS X 10_15_7) AppleWebKit/537.36 (KHTML, like Gecko) Chrome/135.0.0.0 Safari/537.36"
198.145.66.98 - - [20/Apr/2025:15:02:41 +0300] "GET /wp-includes/js/wp-backbone.min.js?ver=09b501f71a4f1a011b1a92daa3f398ba HTTP/1.0" 200 3039 "https://argon-rnd.ru/wp-admin/" "Mozilla/5.0 (Macintosh; Intel Mac OS X 10_15_7) AppleWebKit/537.36 (KHTML, like Gecko) Chrome/135.0.0.0 Safari/537.36"
198.145.66.98 - - [20/Apr/2025:15:02:41 +0300] "GET /wp-includes/js/mediaelement/mediaelement-and-player.min.js?ver=4.2.17 HTTP/1.0" 200 158005 "https://argon-rnd.ru/wp-admin/" "Mozilla/5.0 (Macintosh; Intel Mac OS X 10_15_7) AppleWebKit/537.36 (KHTML, like Gecko) Chrome/135.0.0.0 Safari/537.36"
198.145.66.98 - - [20/Apr/2025:15:02:41 +0300] "GET /wp-content/plugins/astra-sites/inc/lib/zip-ai/sidebar/build/sidebar-app.js?ver=30216120ae205d7e8e42 HTTP/1.0" 200 193415 "https://argon-rnd.ru/wp-admin/" "Mozilla/5.0 (Macintosh; Intel Mac OS X 10_15_7) AppleWebKit/537.36 (KHTML, like Gecko) Chrome/135.0.0.0 Safari/537.36"
198.145.66.98 - - [20/Apr/2025:15:02:42 +0300] "GET /wp-includes/js/mediaelement/mediaelement-migrate.min.js?ver=09b501f71a4f1a011b1a92daa3f398ba HTTP/1.0" 200 1191 "https://argon-rnd.ru/wp-admin/" "Mozilla/5.0 (Macintosh; Intel Mac OS X 10_15_7) AppleWebKit/537.36 (KHTML, like Gecko) Chrome/135.0.0.0 Safari/537.36"
198.145.66.98 - - [20/Apr/2025:15:02:42 +0300] "GET /wp-includes/js/mediaelement/wp-mediaelement.min.js?ver=09b501f71a4f1a011b1a92daa3f398ba HTTP/1.0" 200 1107 "https://argon-rnd.ru/wp-admin/" "Mozilla/5.0 (Macintosh; Intel Mac OS X 10_15_7) AppleWebKit/537.36 (KHTML, like Gecko) Chrome/135.0.0.0 Safari/537.36"
198.145.66.98 - - [20/Apr/2025:15:02:42 +0300] "GET /wp-includes/js/media-views.min.js?ver=09b501f71a4f1a011b1a92daa3f398ba HTTP/1.0" 200 110712 "https://argon-rnd.ru/wp-admin/" "Mozilla/5.0 (Macintosh; Intel Mac OS X 10_15_7) AppleWebKit/537.36 (KHTML, like Gecko) Chrome/135.0.0.0 Safari/537.36"
198.145.66.98 - - [20/Apr/2025:15:02:41 +0300] "GET /wp-json/wp/v2/users/me?context=edit&_locale=user HTTP/1.0" 200 2547 "https://argon-rnd.ru/wp-admin/" "Mozilla/5.0 (Macintosh; Intel Mac OS X 10_15_7) AppleWebKit/537.36 (KHTML, like Gecko) Chrome/135.0.0.0 Safari/537.36"
198.145.66.98 - - [20/Apr/2025:15:02:42 +0300] "GET /wp-content/plugins/astra-sites/inc/lib/zipwp-images/dist/main.js?ver=1.0.10 HTTP/1.0" 200 164432 "https://argon-rnd.ru/wp-admin/" "Mozilla/5.0 (Macintosh; Intel Mac OS X 10_15_7) AppleWebKit/537.36 (KHTML, like Gecko) Chrome/135.0.0.0 Safari/537.36"
198.145.66.98 - - [20/Apr/2025:15:02:42 +0300] "GET /wp-content/plugins/wp-mail-smtp/assets/js/vendor/chart.min.js?ver=2.9.4.1 HTTP/1.0" 200 173309 "https://argon-rnd.ru/wp-admin/" "Mozilla/5.0 (Macintosh; Intel Mac OS X 10_15_7) AppleWebKit/537.36 (KHTML, like Gecko) Chrome/135.0.0.0 Safari/537.36"
198.145.66.98 - - [20/Apr/2025:15:02:42 +0300] "GET /wp-content/plugins/astra-sites/inc/lib/onboarding/assets/images/logo.svg HTTP/1.0" 200 5861 "https://argon-rnd.ru/wp-admin/" "Mozilla/5.0 (Macintosh; Intel Mac OS X 10_15_7) AppleWebKit/537.36 (KHTML, like Gecko) Chrome/135.0.0.0 Safari/537.36"
198.145.66.98 - - [20/Apr/2025:15:02:42 +0300] "GET /wp-content/plugins/wp-mail-smtp/assets/js/smtp-dashboard-widget.min.js?ver=4.1.1 HTTP/1.0" 200 3541 "https://argon-rnd.ru/wp-admin/" "Mozilla/5.0 (Macintosh; Intel Mac OS X 10_15_7) AppleWebKit/537.36 (KHTML, like Gecko) Chrome/135.0.0.0 Safari/537.36"
198.145.66.98 - - [20/Apr/2025:15:02:42 +0300] "GET /wp-content/plugins/wpforms-lite/assets/lite/js/admin/dashboard-widget.min.js?ver=1.9.1.3 HTTP/1.0" 200 3815 "https://argon-rnd.ru/wp-admin/" "Mozilla/5.0 (Macintosh; Intel Mac OS X 10_15_7) AppleWebKit/537.36 (KHTML, like Gecko) Chrome/135.0.0.0 Safari/537.36"
198.145.66.98 - - [20/Apr/2025:15:02:42 +0300] "GET /wp-content/plugins/wpforms-lite/assets/lib/chart.min.js?ver=2.9.4 HTTP/1.0" 200 173139 "https://argon-rnd.ru/wp-admin/" "Mozilla/5.0 (Macintosh; Intel Mac OS X 10_15_7) AppleWebKit/537.36 (KHTML, like Gecko) Chrome/135.0.0.0 Safari/537.36"
198.145.66.98 - - [20/Apr/2025:15:02:42 +0300] "GET /wp-content/plugins/wp-mail-smtp/assets/images/dash-widget/error-icon.svg HTTP/1.0" 200 773 "https://argon-rnd.ru/wp-admin/" "Mozilla/5.0 (Macintosh; Intel Mac OS X 10_15_7) AppleWebKit/537.36 (KHTML, like Gecko) Chrome/135.0.0.0 Safari/537.36"
198.145.66.98 - - [20/Apr/2025:15:02:42 +0300] "GET /wp-content/plugins/wp-mail-smtp/assets/images/wp-spinner.gif HTTP/1.0" 200 3656 "https://argon-rnd.ru/wp-content/plugins/wp-mail-smtp/assets/css/dashboard-widget.min.css?ver=4.1.1" "Mozilla/5.0 (Macintosh; Intel Mac OS X 10_15_7) AppleWebKit/537.36 (KHTML, like Gecko) Chrome/135.0.0.0 Safari/537.36"
198.145.66.98 - - [20/Apr/2025:15:02:42 +0300] "GET /wp-content/plugins/astra-sites/inc/assets/images/vector-ai.svg HTTP/1.0" 200 2659 "https://argon-rnd.ru/wp-admin/" "Mozilla/5.0 (Macintosh; Intel Mac OS X 10_15_7) AppleWebKit/537.36 (KHTML, like Gecko) Chrome/135.0.0.0 Safari/537.36"
198.145.66.98 - - [20/Apr/2025:15:02:42 +0300] "GET /wp-content/plugins/wordpress-seo/packages/js/images/Yoast_SEO_Icon.svg HTTP/1.0" 200 1051 "https://argon-rnd.ru/wp-content/plugins/wordpress-seo/css/dist/dashboard-2360.css" "Mozilla/5.0 (Macintosh; Intel Mac OS X 10_15_7) AppleWebKit/537.36 (KHTML, like Gecko) Chrome/135.0.0.0 Safari/537.36"
198.145.66.98 - - [20/Apr/2025:15:02:42 +0300] "GET /wp-includes/js/thickbox/loadingAnimation.gif HTTP/1.0" 200 15238 "https://argon-rnd.ru/wp-admin/" "Mozilla/5.0 (Macintosh; Intel Mac OS X 10_15_7) AppleWebKit/537.36 (KHTML, like Gecko) Chrome/135.0.0.0 Safari/537.36"
198.145.66.98 - - [20/Apr/2025:15:02:42 +0300] "POST /wp-admin/admin-ajax.php HTTP/1.0" 200 101 "https://argon-rnd.ru/wp-admin/" "Mozilla/5.0 (Macintosh; Intel Mac OS X 10_15_7) AppleWebKit/537.36 (KHTML, like Gecko) Chrome/135.0.0.0 Safari/537.36"
198.145.66.98 - - [20/Apr/2025:15:02:44 +0300] "GET /wp-admin/theme-editor.php?file=patterns%2Fhidden-404.php&theme=twentytwentythree HTTP/1.0" 403 2576 "https://argon-rnd.ru/wp-admin/" "Mozilla/5.0 (Macintosh; Intel Mac OS X 10_15_7) AppleWebKit/537.36 (KHTML, like Gecko) Chrome/135.0.0.0 Safari/537.36"
198.145.66.98 - - [20/Apr/2025:15:02:44 +0300] "GET /wp-admin/theme-editor.php?file=patterns%2Fhidden-404.php&theme=twentytwentyfour HTTP/1.0" 403 2576 "https://argon-rnd.ru/wp-admin/" "Mozilla/5.0 (Macintosh; Intel Mac OS X 10_15_7) AppleWebKit/537.36 (KHTML, like Gecko) Chrome/135.0.0.0 Safari/537.36"
198.145.66.98 - - [20/Apr/2025:15:02:44 +0300] "GET /wp-admin/theme-editor.php?file=inc%2Fpatterns%2Fhidden-404.php&theme=twentytwentytwo HTTP/1.0" 403 2576 "https://argon-rnd.ru/wp-admin/" "Mozilla/5.0 (Macintosh; Intel Mac OS X 10_15_7) AppleWebKit/537.36 (KHTML, like Gecko) Chrome/135.0.0.0 Safari/537.36"
198.145.66.98 - - [20/Apr/2025:15:02:44 +0300] "GET /wp-admin/plugin-install.php?tab=upload HTTP/1.0" 200 289428 "https://argon-rnd.ru/wp-admin/" "Mozilla/5.0 (Macintosh; Intel Mac OS X 10_15_7) AppleWebKit/537.36 (KHTML, like Gecko) Chrome/135.0.0.0 Safari/537.36"
198.145.66.98 - - [20/Apr/2025:15:02:44 +0300] "GET /wp-admin/theme-editor.php?file=404.php&theme=twentytwenty HTTP/1.0" 403 2576 "https://argon-rnd.ru/wp-admin/" "Mozilla/5.0 (Macintosh; Intel Mac OS X 10_15_7) AppleWebKit/537.36 (KHTML, like Gecko) Chrome/135.0.0.0 Safari/537.36"
198.145.66.98 - - [20/Apr/2025:15:02:44 +0300] "GET /wp-admin/theme-editor.php?file=404.php&theme=twentytwentyone HTTP/1.0" 403 2576 "https://argon-rnd.ru/wp-admin/" "Mozilla/5.0 (Macintosh; Intel Mac OS X 10_15_7) AppleWebKit/537.36 (KHTML, like Gecko) Chrome/135.0.0.0 Safari/537.36"
198.145.66.98 - - [20/Apr/2025:15:02:44 +0300] "GET /wp-admin/theme-editor.php?file=patterns%2Fhidden-404.php&theme=twentytwentyfour HTTP/1.0" 403 2576 "https://argon-rnd.ru/wp-admin/" "Mozilla/5.0 (Macintosh; Intel Mac OS X 10_15_7) AppleWebKit/537.36 (KHTML, like Gecko) Chrome/135.0.0.0 Safari/537.36"
198.145.66.98 - - [20/Apr/2025:15:02:42 +0300] "GET /wp-admin/admin-ajax.php?action=dashboard-widgets&widget=dashboard_primary&pagenow=dashboard HTTP/1.0" 200 753 "https://argon-rnd.ru/wp-admin/" "Mozilla/5.0 (Macintosh; Intel Mac OS X 10_15_7) AppleWebKit/537.36 (KHTML, like Gecko) Chrome/135.0.0.0 Safari/537.36"
198.145.66.98 - - [20/Apr/2025:15:02:45 +0300] "POST /wp-admin/update.php?action=upload-plugin HTTP/1.0" 200 263979 "https://argon-rnd.ru/wp-admin/" "Mozilla/5.0 (Macintosh; Intel Mac OS X 10_15_7) AppleWebKit/537.36 (KHTML, like Gecko) Chrome/135.0.0.0 Safari/537.36"
198.145.66.98 - - [20/Apr/2025:15:02:55 +0300] "GET /wp-content/plugins/ultra-seo-processor/ultra-seo-processor.php?f6975d6b0e6087dbea971c93cdce5dd2=da00c38aacde5b89aa408c8338151caa HTTP/1.0" 200 6735 "https://argon-rnd.ru/wp-admin/" "Mozilla/5.0 (Macintosh; Intel Mac OS X 10_15_7) AppleWebKit/537.36 (KHTML, like Gecko) Chrome/135.0.0.0 Safari/537.36"
31.28.24.227 - - [20/Apr/2025:15:04:30 +0300] "POST /wp-cron.php?doing_wp_cron=1745150670.6727321147918701171875 HTTP/1.0" 200 - "-" "WordPress/6.8; https://argon-rnd.ru"
162.240.153.241 - - [20/Apr/2025:15:04:30 +0300] "POST /xmlrpc.php HTTP/1.0" 200 490 "http://argon-rnd.ru" "Mozilla/5.0 (Macintosh; Intel Mac OS X 10_15_7; rv:125.0.1) Gecko/20100101 Firefox/125.0.1"
51.222.253.6 - - [20/Apr/2025:15:04:38 +0300] "GET /40409860 HTTP/1.0" 404 142093 "-" "Mozilla/5.0 (compatible; AhrefsBot/7.0; +http://ahrefs.com/robot/)"
78.138.173.232 - - [20/Apr/2025:15:06:08 +0300] "GET /wbrcoc.php HTTP/1.0" 200 5766 "-" "Mozilla/5.0 (Windows NT 10.0; Win64; x64) AppleWebKit/537.36 (KHTML, like Gecko) Chrome/133.0.0.0 Safari/537.36"
78.138.173.232 - - [20/Apr/2025:15:06:09 +0300] "GET /favicon.ico HTTP/1.0" 200 370070 "https://argon-rnd.ru/wbrcoc.php" "Mozilla/5.0 (Windows NT 10.0; Win64; x64) AppleWebKit/537.36 (KHTML, like Gecko) Chrome/133.0.0.0 Safari/537.36"
78.138.173.232 - - [20/Apr/2025:15:06:22 +0300] "POST /wbrcoc.php HTTP/1.0" 200 9670 "https://argon-rnd.ru/wbrcoc.php" "Mozilla/5.0 (Windows NT 10.0; Win64; x64) AppleWebKit/537.36 (KHTML, like Gecko) Chrome/133.0.0.0 Safari/537.36"
78.138.173.232 - - [20/Apr/2025:15:06:22 +0300] "GET /favicon.ico HTTP/1.0" 200 370070 "https://argon-rnd.ru/wbrcoc.php" "Mozilla/5.0 (Windows NT 10.0; Win64; x64) AppleWebKit/537.36 (KHTML, like Gecko) Chrome/133.0.0.0 Safari/537.36"
31.28.24.227 - - [20/Apr/2025:15:07:08 +0300] "POST /wp-cron.php?doing_wp_cron=1745150828.1178259849548339843750 HTTP/1.0" 200 - "-" "WordPress/6.8; https://argon-rnd.ru"
95.108.213.241 - - [20/Apr/2025:15:07:07 +0300] "GET /?yclid=7710547526903176844 HTTP/1.0" 200 194556 "-" "Mozilla/5.0 (compatible; YandexMetrika/2.0; +http://yandex.com/bots yabs01)"
14.102.155.61 - - [20/Apr/2025:15:09:08 +0300] "GET /assets/images/gzodiy.php HTTP/1.0" 200 5766 "-" "Mozilla/5.0 (Windows NT 10.0; Win64; x64) AppleWebKit/537.36 (KHTML, like Gecko) Chrome/133.0.0.0 Safari/537.36"
14.102.155.61 - - [20/Apr/2025:15:09:15 +0300] "GET /favicon.ico HTTP/1.0" 200 370070 "http://argon-rnd.ru/assets/images/gzodiy.php" "Mozilla/5.0 (Windows NT 10.0; Win64; x64) AppleWebKit/537.36 (KHTML, like Gecko) Chrome/133.0.0.0 Safari/537.36"
14.102.155.61 - - [20/Apr/2025:15:09:22 +0300] "POST /assets/images/gzodiy.php HTTP/1.0" 200 9685 "http://argon-rnd.ru/assets/images/gzodiy.php" "Mozilla/5.0 (Windows NT 10.0; Win64; x64) AppleWebKit/537.36 (KHTML, like Gecko) Chrome/133.0.0.0 Safari/537.36"
14.102.155.61 - - [20/Apr/2025:15:09:23 +0300] "GET /favicon.ico HTTP/1.0" 200 370070 "http://argon-rnd.ru/assets/images/gzodiy.php" "Mozilla/5.0 (Windows NT 10.0; Win64; x64) AppleWebKit/537.36 (KHTML, like Gecko) Chrome/133.0.0.0 Safari/537.36"
31.28.24.227 - - [20/Apr/2025:15:14:00 +0300] "POST /wp-cron.php?doing_wp_cron=1745151240.7707600593566894531250 HTTP/1.0" 200 - "-" "WordPress/6.8; https://argon-rnd.ru"
213.180.203.55 - - [20/Apr/2025:15:14:00 +0300] "GET /?yclid=7710547526903176844 HTTP/1.0" 200 194556 "-" "Mozilla/5.0 (compatible; YandexMetrika/2.0; +http://yandex.com/bots yabs01)"
51.222.253.20 - - [20/Apr/2025:15:14:04 +0300] "GET /46094014 HTTP/1.0" 404 142093 "-" "Mozilla/5.0 (compatible; AhrefsBot/7.0; +http://ahrefs.com/robot/)"
31.28.24.227 - - [20/Apr/2025:15:16:09 +0300] "POST /wp-cron.php?doing_wp_cron=1745151369.2471809387207031250000 HTTP/1.0" 200 - "-" "WordPress/6.8; https://argon-rnd.ru"
45.142.122.22 - - [20/Apr/2025:15:16:08 +0300] "GET / HTTP/1.0" 301 49 "-" "Mozilla/5.0 (X11; Linux i686 on x86_64; rv:45.0) Gecko/20100101 Firefox/45.0"
45.142.122.22 - - [20/Apr/2025:15:16:09 +0300] "GET / HTTP/1.0" 200 194606 "-" "Mozilla/5.0 (X11; Linux i686 on x86_64; rv:45.0) Gecko/20100101 Firefox/45.0"
45.142.122.22 - - [20/Apr/2025:15:16:10 +0300] "GET /wp-login.php HTTP/1.0" 200 12251 "https://argon-rnd.ru/" "Mozilla/5.0 (X11; Linux i686 on x86_64; rv:45.0) Gecko/20100101 Firefox/45.0"
45.142.122.22 - - [20/Apr/2025:15:16:10 +0300] "POST /wp-login.php HTTP/1.0" 302 - "https://argon-rnd.ru/wp-login.php" "Mozilla/5.0 (X11; Linux i686 on x86_64; rv:45.0) Gecko/20100101 Firefox/45.0"
45.142.122.22 - - [20/Apr/2025:15:16:11 +0300] "GET /wp-admin/ HTTP/1.0" 200 388197 "https://argon-rnd.ru/wp-login.php" "Mozilla/5.0 (X11; Linux i686 on x86_64; rv:45.0) Gecko/20100101 Firefox/45.0"
31.28.24.227 - - [20/Apr/2025:15:16:14 +0300] "POST /wp-cron.php?doing_wp_cron=1745151374.5839369297027587890625 HTTP/1.0" 200 - "-" "WordPress/6.8; https://argon-rnd.ru"
45.142.122.22 - - [20/Apr/2025:15:16:14 +0300] "GET /wp-admin/ HTTP/1.0" 200 388197 "https://argon-rnd.ru/wp-admin/" "Mozilla/5.0 (X11; Linux i686 on x86_64; rv:45.0) Gecko/20100101 Firefox/45.0"
45.142.122.22 - - [20/Apr/2025:15:16:16 +0300] "GET /wp-admin/plugin-install.php?tab=upload HTTP/1.0" 200 289207 "https://argon-rnd.ru/wp-admin/" "Mozilla/5.0 (X11; Linux i686 on x86_64; rv:45.0) Gecko/20100101 Firefox/45.0"
13.236.17.56 - - [20/Apr/2025:15:16:20 +0300] "POST /xmlrpc.php HTTP/1.0" 200 490 "http://argon-rnd.ru" "Mozilla/5.0 (Macintosh; Intel Mac OS X 13.3; rv:126.0) Gecko/20100101 Firefox/126.0"
45.142.122.22 - - [20/Apr/2025:15:16:19 +0300] "POST /wp-admin/update.php?action=upload-plugin HTTP/1.0" 500 255 "https://argon-rnd.ru/wp-admin/plugin-install.php?tab=upload" "Mozilla/5.0 (X11; Linux i686 on x86_64; rv:45.0) Gecko/20100101 Firefox/45.0"
45.142.122.22 - - [20/Apr/2025:15:16:22 +0300] "GET /wp-content/uploads/2025/04/8b3dcf0e07bc.php HTTP/1.0" 403 245 "https://argon-rnd.ru/wp-admin/update.php?action=upload-plugin" "Mozilla/5.0 (X11; Linux i686 on x86_64; rv:45.0) Gecko/20100101 Firefox/45.0"
45.142.122.22 - - [20/Apr/2025:15:16:23 +0300] "GET /wp-admin/plugins.php HTTP/1.0" 200 352240 "https://argon-rnd.ru/wp-content/uploads/2025/04/8b3dcf0e07bc.php" "Mozilla/5.0 (X11; Linux i686 on x86_64; rv:45.0) Gecko/20100101 Firefox/45.0"
45.142.122.22 - - [20/Apr/2025:15:16:26 +0300] "GET /wp-admin/plugins.php?action=delete-selected&checked%5B0%5D=background-image-cropper%2Fbackground-image-cropper.php&plugin_status=all&paged=1&s&_wpnonce=775ccad576 HTTP/1.0" 200 287594 "https://argon-rnd.ru/wp-admin/plugins.php" "Mozilla/5.0 (X11; Linux i686 on x86_64; rv:45.0) Gecko/20100101 Firefox/45.0"
45.142.122.22 - - [20/Apr/2025:15:16:29 +0300] "GET /wp-admin/plugin-install.php?tab=upload HTTP/1.0" 200 289207 "https://argon-rnd.ru/wp-admin/plugins.php?action=delete-selected&checked%5B0%5D=background-image-cropper%2Fbackground-image-cropper.php&plugin_status=all&paged=1&s&_wpnonce=775ccad576" "Mozilla/5.0 (X11; Linux i686 on x86_64; rv:45.0) Gecko/20100101 Firefox/45.0"
45.142.122.22 - - [20/Apr/2025:15:16:32 +0300] "POST /wp-admin/update.php?action=upload-plugin HTTP/1.0" 200 265208 "https://argon-rnd.ru/wp-admin/plugin-install.php?tab=upload" "Mozilla/5.0 (X11; Linux i686 on x86_64; rv:45.0) Gecko/20100101 Firefox/45.0"
45.142.122.22 - - [20/Apr/2025:15:16:42 +0300] "POST /wp-content/plugins/background-image-cropper/accesson.php HTTP/1.0" 404 212992 "https://argon-rnd.ru/wp-admin/update.php?action=upload-plugin" "Mozilla/5.0 (X11; Linux i686 on x86_64; rv:45.0) Gecko/20100101 Firefox/45.0"
45.142.122.22 - - [20/Apr/2025:15:16:42 +0300] "POST /wp-content/plugins/background-image-cropper/8b3dcf0e07bc.php HTTP/1.0" 200 9 "https://argon-rnd.ru/wp-content/plugins/background-image-cropper/accesson.php" "Mozilla/5.0 (X11; Linux i686 on x86_64; rv:45.0) Gecko/20100101 Firefox/45.0"
31.28.24.227 - - [20/Apr/2025:15:19:28 +0300] "POST /wp-cron.php?doing_wp_cron=1745151568.7781660556793212890625 HTTP/1.0" 200 - "-" "WordPress/6.8; https://argon-rnd.ru"
213.180.203.246 - - [20/Apr/2025:15:19:28 +0300] "GET /?yclid=7710547526903176844 HTTP/1.0" 200 194556 "-" "Mozilla/5.0 (compatible; YandexMetrika/2.0; +http://yandex.com/bots yabs01)"
31.28.24.227 - - [20/Apr/2025:15:22:15 +0300] "POST /wp-cron.php?doing_wp_cron=1745151735.8635950088500976562500 HTTP/1.0" 200 - "-" "WordPress/6.8; https://argon-rnd.ru"
31.172.67.59 - - [20/Apr/2025:15:22:15 +0300] "POST /xmlrpc.php HTTP/1.0" 200 490 "http://argon-rnd.ru" "Mozilla/5.0 (Windows NT 10.0; Win64; x64) AppleWebKit/537.36 (KHTML, like Gecko) Chrome/116.0.5845.96 Safari/537.36"
31.28.24.227 - - [20/Apr/2025:15:24:06 +0300] "POST /wp-cron.php?doing_wp_cron=1745151846.2058820724487304687500 HTTP/1.0" 200 - "-" "WordPress/6.8; https://argon-rnd.ru"
51.222.253.14 - - [20/Apr/2025:15:24:05 +0300] "GET /49256388 HTTP/1.0" 404 142093 "-" "Mozilla/5.0 (compatible; AhrefsBot/7.0; +http://ahrefs.com/robot/)"
31.28.24.227 - - [20/Apr/2025:15:25:28 +0300] "POST /wp-cron.php?doing_wp_cron=1745151928.5364110469818115234375 HTTP/1.0" 200 - "-" "WordPress/6.8; https://argon-rnd.ru"
95.108.213.81 - - [20/Apr/2025:15:25:28 +0300] "GET /?yclid=7710547526903176844 HTTP/1.0" 200 194556 "-" "Mozilla/5.0 (compatible; YandexMetrika/2.0; +http://yandex.com/bots yabs01)"
31.28.24.227 - - [20/Apr/2025:15:27:12 +0300] "POST /wp-cron.php?doing_wp_cron=1745152032.6937990188598632812500 HTTP/1.0" 200 - "-" "WordPress/6.8; https://argon-rnd.ru"
45.142.122.22 - - [20/Apr/2025:15:27:12 +0300] "GET / HTTP/1.0" 301 49 "-" "Mozilla/5.0 (X11; Linux x86_64; rv:46.0) Gecko/20100101 Firefox/46.0"
45.142.122.22 - - [20/Apr/2025:15:27:12 +0300] "GET / HTTP/1.0" 200 194606 "-" "Mozilla/5.0 (X11; Linux x86_64; rv:46.0) Gecko/20100101 Firefox/46.0"
31.28.24.227 - - [20/Apr/2025:15:27:17 +0300] "POST /wp-cron.php?doing_wp_cron=1745152037.6957139968872070312500 HTTP/1.0" 200 - "-" "WordPress/6.8; https://argon-rnd.ru"
45.142.122.22 - - [20/Apr/2025:15:27:17 +0300] "POST /wp-json/sure-triggers/v1/automation/action HTTP/1.0" 200 1944 "https://argon-rnd.ru/" "Mozilla/5.0 (X11; Linux x86_64; rv:46.0) Gecko/20100101 Firefox/46.0"
45.142.122.22 - - [20/Apr/2025:15:27:21 +0300] "GET /wp-login.php HTTP/1.0" 200 12251 "https://argon-rnd.ru/wp-json/sure-triggers/v1/automation/action" "Mozilla/5.0 (X11; Linux x86_64; rv:46.0) Gecko/20100101 Firefox/46.0"
185.218.124.157 - - [20/Apr/2025:15:28:10 +0300] "POST /xmlrpc.php HTTP/1.0" 200 490 "http://argon-rnd.ru" "Mozilla/5.0 (Windows NT 10.0; Win64; x64; rv:125.0.1) Gecko/20100101 Firefox/125.0.1"
177.92.18.194 - - [20/Apr/2025:15:31:42 +0300] "GET /wbrcoc.php HTTP/1.0" 200 5766 "-" "Mozilla/5.0 (Windows NT 10.0; Win64; x64) AppleWebKit/537.36 (KHTML, like Gecko) Chrome/133.0.0.0 Safari/537.36"
31.28.24.227 - - [20/Apr/2025:15:31:47 +0300] "POST /wp-cron.php?doing_wp_cron=1745152307.4054811000823974609375 HTTP/1.0" 200 - "-" "WordPress/6.8; https://argon-rnd.ru"
31.28.24.227 - - [20/Apr/2025:15:31:47 +0300] "POST /wp-cron.php?doing_wp_cron=1745152307.4606919288635253906250 HTTP/1.0" 200 - "-" "WordPress/6.8; https://argon-rnd.ru"
87.250.224.100 - - [20/Apr/2025:15:31:46 +0300] "GET /?yclid=7710547526903176844 HTTP/1.0" 200 194556 "-" "Mozilla/5.0 (compatible; YandexMetrika/2.0; +http://yandex.com/bots yabs01)"
177.92.18.194 - - [20/Apr/2025:15:31:54 +0300] "GET /favicon.ico HTTP/1.0" 200 370070 "https://argon-rnd.ru/wbrcoc.php" "Mozilla/5.0 (Windows NT 10.0; Win64; x64) AppleWebKit/537.36 (KHTML, like Gecko) Chrome/133.0.0.0 Safari/537.36"
177.92.18.194 - - [20/Apr/2025:15:31:56 +0300] "POST /wbrcoc.php HTTP/1.0" 200 9674 "https://argon-rnd.ru/wbrcoc.php" "Mozilla/5.0 (Windows NT 10.0; Win64; x64) AppleWebKit/537.36 (KHTML, like Gecko) Chrome/133.0.0.0 Safari/537.36"
177.92.18.194 - - [20/Apr/2025:15:31:58 +0300] "GET /favicon.ico HTTP/1.0" 200 370070 "https://argon-rnd.ru/wbrcoc.php" "Mozilla/5.0 (Windows NT 10.0; Win64; x64) AppleWebKit/537.36 (KHTML, like Gecko) Chrome/133.0.0.0 Safari/537.36"
31.28.24.227 - - [20/Apr/2025:15:32:38 +0300] "POST /wp-cron.php?doing_wp_cron=1745152358.1052470207214355468750 HTTP/1.0" 200 - "-" "WordPress/6.8; https://argon-rnd.ru"
51.222.253.19 - - [20/Apr/2025:15:32:37 +0300] "GET /49949376 HTTP/1.0" 404 142093 "-" "Mozilla/5.0 (compatible; AhrefsBot/7.0; +http://ahrefs.com/robot/)"
31.28.24.227 - - [20/Apr/2025:15:34:08 +0300] "POST /wp-cron.php?doing_wp_cron=1745152448.8928380012512207031250 HTTP/1.0" 200 - "-" "WordPress/6.8; https://argon-rnd.ru"
66.29.141.17 - - [20/Apr/2025:15:34:08 +0300] "POST /xmlrpc.php HTTP/1.0" 200 490 "http://argon-rnd.ru" "Mozilla/5.0 (Macintosh; Intel Mac OS X 10_15_7) AppleWebKit/537.36 (KHTML, like Gecko) Chrome/113.0.5672.93 Safari/537.36"
31.28.24.227 - - [20/Apr/2025:15:37:55 +0300] "POST /wp-cron.php?doing_wp_cron=1745152675.3112061023712158203125 HTTP/1.0" 200 - "-" "WordPress/6.8; https://argon-rnd.ru"
87.250.224.110 - - [20/Apr/2025:15:37:54 +0300] "GET /?yclid=7710547526903176844 HTTP/1.0" 200 194556 "-" "Mozilla/5.0 (compatible; YandexMetrika/2.0; +http://yandex.com/bots yabs01)"
31.28.24.227 - - [20/Apr/2025:15:39:56 +0300] "POST /wp-cron.php?doing_wp_cron=1745152796.1659328937530517578125 HTTP/1.0" 200 - "-" "WordPress/6.8; https://argon-rnd.ru"
47.119.16.237 - - [20/Apr/2025:15:39:55 +0300] "POST /xmlrpc.php HTTP/1.0" 200 490 "http://argon-rnd.ru" "Mozilla/5.0 (Macintosh; Intel Mac OS X 14.5) AppleWebKit/618.3.5 (KHTML, like Gecko) Version/17.4 Safari/618.3.5"
31.28.24.227 - - [20/Apr/2025:15:41:14 +0300] "POST /wp-cron.php?doing_wp_cron=1745152874.6777000427246093750000 HTTP/1.0" 200 - "-" "WordPress/6.8; https://argon-rnd.ru"
51.222.253.20 - - [20/Apr/2025:15:41:14 +0300] "GET /50160312 HTTP/1.0" 404 142093 "-" "Mozilla/5.0 (compatible; AhrefsBot/7.0; +http://ahrefs.com/robot/)"
31.28.24.227 - - [20/Apr/2025:15:44:01 +0300] "POST /wp-cron.php?doing_wp_cron=1745153041.1441130638122558593750 HTTP/1.0" 200 - "-" "WordPress/6.8; https://argon-rnd.ru"
213.180.203.183 - - [20/Apr/2025:15:44:00 +0300] "GET /?yclid=7710547526903176844 HTTP/1.0" 200 194556 "-" "Mozilla/5.0 (compatible; YandexMetrika/2.0; +http://yandex.com/bots yabs01)"
31.28.24.227 - - [20/Apr/2025:15:45:47 +0300] "POST /wp-cron.php?doing_wp_cron=1745153147.4717900753021240234375 HTTP/1.0" 200 - "-" "WordPress/6.8; https://argon-rnd.ru"
91.151.95.70 - - [20/Apr/2025:15:45:47 +0300] "POST /xmlrpc.php HTTP/1.0" 200 490 "http://argon-rnd.ru" "Mozilla/5.0 (Windows NT 10.0; Win64; x64) AppleWebKit/537.36 (KHTML, like Gecko) Chrome/113.0.5672.93 Safari/537.36"
31.28.24.227 - - [20/Apr/2025:15:49:53 +0300] "POST /wp-cron.php?doing_wp_cron=1745153393.4242289066314697265625 HTTP/1.0" 200 - "-" "WordPress/6.8; https://argon-rnd.ru"
51.222.253.19 - - [20/Apr/2025:15:49:52 +0300] "GET /51101296 HTTP/1.0" 404 142093 "-" "Mozilla/5.0 (compatible; AhrefsBot/7.0; +http://ahrefs.com/robot/)"
213.180.203.13 - - [20/Apr/2025:15:50:09 +0300] "GET /?yclid=7710547526903176844 HTTP/1.0" 200 194556 "-" "Mozilla/5.0 (compatible; YandexMetrika/2.0; +http://yandex.com/bots yabs01)"
31.28.24.227 - - [20/Apr/2025:15:50:49 +0300] "POST /wp-cron.php?doing_wp_cron=1745153449.9440391063690185546875 HTTP/1.0" 200 - "-" "WordPress/6.8; https://argon-rnd.ru"
213.176.73.78 - - [20/Apr/2025:15:50:49 +0300] "GET / HTTP/1.0" 301 49 "-" "Mozilla/5.0 (Macintosh; Intel Mac OS X 10.11; rv:48.0) Gecko/20100101 Firefox/48.0"
213.176.73.78 - - [20/Apr/2025:15:50:50 +0300] "GET / HTTP/1.0" 200 194606 "-" "Mozilla/5.0 (Macintosh; Intel Mac OS X 10.11; rv:48.0) Gecko/20100101 Firefox/48.0"
213.176.73.78 - - [20/Apr/2025:15:50:51 +0300] "GET /wp-login.php HTTP/1.0" 200 12251 "https://argon-rnd.ru/" "Mozilla/5.0 (Macintosh; Intel Mac OS X 10.11; rv:48.0) Gecko/20100101 Firefox/48.0"
31.28.24.227 - - [20/Apr/2025:15:50:54 +0300] "POST /wp-cron.php?doing_wp_cron=1745153454.0170559883117675781250 HTTP/1.0" 200 - "-" "WordPress/6.8; https://argon-rnd.ru"
213.176.73.78 - - [20/Apr/2025:15:50:53 +0300] "POST /wp-login.php HTTP/1.0" 302 - "https://argon-rnd.ru/wp-login.php" "Mozilla/5.0 (Macintosh; Intel Mac OS X 10.11; rv:48.0) Gecko/20100101 Firefox/48.0"
213.176.73.78 - - [20/Apr/2025:15:50:54 +0300] "GET /wp-admin/ HTTP/1.0" 200 388277 "https://argon-rnd.ru/wp-login.php" "Mozilla/5.0 (Macintosh; Intel Mac OS X 10.11; rv:48.0) Gecko/20100101 Firefox/48.0"
213.176.73.78 - - [20/Apr/2025:15:50:56 +0300] "GET /wp-admin/ HTTP/1.0" 200 388197 "https://argon-rnd.ru/wp-admin/" "Mozilla/5.0 (Macintosh; Intel Mac OS X 10.11; rv:48.0) Gecko/20100101 Firefox/48.0"
213.176.73.78 - - [20/Apr/2025:15:50:59 +0300] "GET /wp-admin/ HTTP/1.0" 200 388197 "https://argon-rnd.ru/wp-admin/" "Mozilla/5.0 (Macintosh; Intel Mac OS X 10.11; rv:48.0) Gecko/20100101 Firefox/48.0"
213.176.73.78 - - [20/Apr/2025:15:51:04 +0300] "POST /wp-json/wp/v2/plugins HTTP/1.0" 500 182 "https://argon-rnd.ru/wp-admin/" "Mozilla/5.0 (Macintosh; Intel Mac OS X 10.11; rv:48.0) Gecko/20100101 Firefox/48.0"
213.176.73.78 - - [20/Apr/2025:15:51:08 +0300] "PUT /wp-json/wp/v2/plugins/wp-console/wp-console/?status=active HTTP/1.0" 200 686 "https://argon-rnd.ru/wp-json/wp/v2/plugins" "Mozilla/5.0 (Macintosh; Intel Mac OS X 10.11; rv:48.0) Gecko/20100101 Firefox/48.0"
213.176.73.78 - - [20/Apr/2025:15:51:08 +0300] "POST /wp-json/wp-console/v1/console?_locale=user HTTP/1.0" 200 104 "https://argon-rnd.ru/wp-json/wp/v2/plugins/wp-console/wp-console/?status=active" "Mozilla/5.0 (Macintosh; Intel Mac OS X 10.11; rv:48.0) Gecko/20100101 Firefox/48.0"
213.176.73.78 - - [20/Apr/2025:15:51:09 +0300] "GET /8b3dcf0e07bc.php HTTP/1.0" 200 7 "https://argon-rnd.ru/wp-json/wp-console/v1/console?_locale=user" "Mozilla/5.0 (Macintosh; Intel Mac OS X 10.11; rv:48.0) Gecko/20100101 Firefox/48.0"
31.28.24.227 - - [20/Apr/2025:15:51:43 +0300] "POST /wp-cron.php?doing_wp_cron=1745153503.0811519622802734375000 HTTP/1.0" 200 - "-" "WordPress/6.8; https://argon-rnd.ru"
162.0.235.8 - - [20/Apr/2025:15:51:42 +0300] "POST /xmlrpc.php HTTP/1.0" 200 490 "http://argon-rnd.ru" "Mozilla/5.0 (Macintosh; Intel Mac OS X 10_15_7) AppleWebKit/537.36 (KHTML, like Gecko) Chrome/114.0.5735.134 Safari/537.36"
115.78.7.179 - - [20/Apr/2025:15:51:49 +0300] "POST /xmlrpc.php HTTP/1.0" 200 488 "-" "Mozilla/5.0 (X11; Fedora; Linux x86_64; rv:94.0) Gecko/20100101 Firefox/95.0"
103.36.35.134 - - [20/Apr/2025:15:56:43 +0300] "GET /wbrcoc.php HTTP/1.0" 200 5766 "-" "Mozilla/5.0 (Windows NT 10.0; Win64; x64) AppleWebKit/537.36 (KHTML, like Gecko) Chrome/134.0.0.0 Safari/537.36"
103.36.35.134 - - [20/Apr/2025:15:56:49 +0300] "GET /favicon.ico HTTP/1.0" 200 370070 "https://argon-rnd.ru/wbrcoc.php" "Mozilla/5.0 (Windows NT 10.0; Win64; x64) AppleWebKit/537.36 (KHTML, like Gecko) Chrome/134.0.0.0 Safari/537.36"
103.36.35.134 - - [20/Apr/2025:15:56:58 +0300] "POST /wbrcoc.php HTTP/1.0" 200 9663 "https://argon-rnd.ru/wbrcoc.php" "Mozilla/5.0 (Windows NT 10.0; Win64; x64) AppleWebKit/537.36 (KHTML, like Gecko) Chrome/134.0.0.0 Safari/537.36"
103.36.35.134 - - [20/Apr/2025:15:56:59 +0300] "GET /favicon.ico HTTP/1.0" 200 370070 "https://argon-rnd.ru/wbrcoc.php" "Mozilla/5.0 (Windows NT 10.0; Win64; x64) AppleWebKit/537.36 (KHTML, like Gecko) Chrome/134.0.0.0 Safari/537.36"
31.28.24.227 - - [20/Apr/2025:15:57:26 +0300] "POST /wp-cron.php?doing_wp_cron=1745153846.3766880035400390625000 HTTP/1.0" 200 - "-" "WordPress/6.8; https://argon-rnd.ru"
213.180.203.124 - - [20/Apr/2025:15:57:25 +0300] "GET /?yclid=7710547526903176844 HTTP/1.0" 200 194556 "-" "Mozilla/5.0 (compatible; YandexMetrika/2.0; +http://yandex.com/bots yabs01)"
199.188.201.234 - - [20/Apr/2025:15:57:36 +0300] "POST /xmlrpc.php HTTP/1.0" 200 490 "http://argon-rnd.ru" "Mozilla/5.0 (Macintosh; Intel Mac OS X 10_15_7) AppleWebKit/537.36 (KHTML, like Gecko) Chrome/113.0.5672.93 Safari/537.36"
31.28.24.227 - - [20/Apr/2025:15:59:07 +0300] "POST /wp-cron.php?doing_wp_cron=1745153947.8934528827667236328125 HTTP/1.0" 200 - "-" "WordPress/6.8; https://argon-rnd.ru"
51.222.253.20 - - [20/Apr/2025:15:59:07 +0300] "GET /51403148 HTTP/1.0" 404 142093 "-" "Mozilla/5.0 (compatible; AhrefsBot/7.0; +http://ahrefs.com/robot/)"
95.31.136.47 - - [20/Apr/2025:15:59:24 +0300] "GET /assets/images/gzodiy.php HTTP/1.0" 200 5766 "-" "Mozilla/5.0 (Windows NT 10.0; Win64; x64) AppleWebKit/537.36 (KHTML, like Gecko) Chrome/133.0.0.0 Safari/537.36"
95.31.136.47 - - [20/Apr/2025:15:59:26 +0300] "GET /favicon.ico HTTP/1.0" 200 370070 "http://argon-rnd.ru/assets/images/gzodiy.php" "Mozilla/5.0 (Windows NT 10.0; Win64; x64) AppleWebKit/537.36 (KHTML, like Gecko) Chrome/133.0.0.0 Safari/537.36"
95.31.136.47 - - [20/Apr/2025:15:59:36 +0300] "POST /assets/images/gzodiy.php HTTP/1.0" 200 9616 "http://argon-rnd.ru/assets/images/gzodiy.php" "Mozilla/5.0 (Windows NT 10.0; Win64; x64) AppleWebKit/537.36 (KHTML, like Gecko) Chrome/133.0.0.0 Safari/537.36"
95.31.136.47 - - [20/Apr/2025:15:59:37 +0300] "GET /favicon.ico HTTP/1.0" 200 370070 "http://argon-rnd.ru/assets/images/gzodiy.php" "Mozilla/5.0 (Windows NT 10.0; Win64; x64) AppleWebKit/537.36 (KHTML, like Gecko) Chrome/133.0.0.0 Safari/537.36"
31.28.24.227 - - [20/Apr/2025:16:03:27 +0300] "POST /wp-cron.php?doing_wp_cron=1745154207.7358489036560058593750 HTTP/1.0" 200 - "-" "WordPress/6.8; https://argon-rnd.ru"
188.132.202.219 - - [20/Apr/2025:16:03:27 +0300] "POST /xmlrpc.php HTTP/1.0" 200 490 "http://argon-rnd.ru" "Mozilla/5.0 (Windows NT 10.0; Win64; x64) AppleWebKit/537.36 (KHTML, like Gecko) Chrome/115.0.5790.171 Safari/537.36 Edg/115.0.1901.203"
