31.28.24.227 - - [20/Apr/2025:11:41:08 +0300] "POST /wp-cron.php?doing_wp_cron=1745138468.5162858963012695312500 HTTP/1.0" 200 - "-" "WordPress/6.8; https://argon-rnd.ru"
157.245.6.207 - - [20/Apr/2025:11:41:08 +0300] "POST /xmlrpc.php HTTP/1.0" 200 441 "http://argon-rnd.ru" "Mozilla/5.0 (Windows NT 10.0; Win64; x64) AppleWebKit/537.36 (KHTML, like Gecko) Chrome/114.0.5735.199 Safari/537.36 Edg/114.0.1823.67"
31.28.24.227 - - [20/Apr/2025:11:41:38 +0300] "POST /wp-cron.php?doing_wp_cron=1745138498.3315510749816894531250 HTTP/1.0" 200 - "-" "WordPress/6.8; https://argon-rnd.ru"
213.180.203.217 - - [20/Apr/2025:11:41:37 +0300] "GET /?yclid=7710547526903176844 HTTP/1.0" 200 194507 "-" "Mozilla/5.0 (compatible; YandexMetrika/2.0; +http://yandex.com/bots yabs01)"
31.28.24.227 - - [20/Apr/2025:11:42:28 +0300] "POST /wp-cron.php?doing_wp_cron=1745138548.8450200557708740234375 HTTP/1.0" 200 - "-" "WordPress/6.8; https://argon-rnd.ru"
120.24.109.199 - - [20/Apr/2025:11:42:28 +0300] "POST /xmlrpc.php HTTP/1.0" 200 439 "-" "Mozilla/5.0 (X11; Fedora; Linux x86_64; rv:94.0) Gecko/20100101 Firefox/95.0"
51.222.253.17 - - [20/Apr/2025:11:42:34 +0300] "GET /31151864 HTTP/1.0" 404 142044 "-" "Mozilla/5.0 (compatible; AhrefsBot/7.0; +http://ahrefs.com/robot/)"
31.28.24.227 - - [20/Apr/2025:11:47:06 +0300] "POST /wp-cron.php?doing_wp_cron=1745138826.2342998981475830078125 HTTP/1.0" 200 - "-" "WordPress/6.8; https://argon-rnd.ru"
95.108.213.216 - - [20/Apr/2025:11:47:05 +0300] "GET /?yclid=7710547526903176844 HTTP/1.0" 200 194507 "-" "Mozilla/5.0 (compatible; YandexMetrika/2.0; +http://yandex.com/bots yabs01)"
31.28.24.227 - - [20/Apr/2025:11:47:18 +0300] "POST /wp-cron.php?doing_wp_cron=1745138838.6966409683227539062500 HTTP/1.0" 200 - "-" "WordPress/6.8; https://argon-rnd.ru"
78.155.192.110 - - [20/Apr/2025:11:47:18 +0300] "POST /xmlrpc.php HTTP/1.0" 200 441 "http://argon-rnd.ru" "Mozilla/5.0 (Macintosh; Intel Mac OS X 13_3) AppleWebKit/537.36 (KHTML, like Gecko) Chrome/126.0.0.0 Safari/537.36 Edg/126.0.0.0"
177.92.18.194 - - [20/Apr/2025:11:47:51 +0300] "GET /assets/images/gzodiy.php HTTP/1.0" 200 5766 "-" "Mozilla/5.0 (Windows NT 10.0; Win64; x64) AppleWebKit/537.36 (KHTML, like Gecko) Chrome/133.0.0.0 Safari/537.36"
177.92.18.194 - - [20/Apr/2025:11:47:58 +0300] "GET /favicon.ico HTTP/1.0" 200 370070 "http://argon-rnd.ru/assets/images/gzodiy.php" "Mozilla/5.0 (Windows NT 10.0; Win64; x64) AppleWebKit/537.36 (KHTML, like Gecko) Chrome/133.0.0.0 Safari/537.36"
177.92.18.194 - - [20/Apr/2025:11:48:05 +0300] "POST /assets/images/gzodiy.php HTTP/1.0" 200 9669 "http://argon-rnd.ru/assets/images/gzodiy.php" "Mozilla/5.0 (Windows NT 10.0; Win64; x64) AppleWebKit/537.36 (KHTML, like Gecko) Chrome/133.0.0.0 Safari/537.36"
177.92.18.194 - - [20/Apr/2025:11:48:06 +0300] "GET /favicon.ico HTTP/1.0" 200 370070 "http://argon-rnd.ru/assets/images/gzodiy.php" "Mozilla/5.0 (Windows NT 10.0; Win64; x64) AppleWebKit/537.36 (KHTML, like Gecko) Chrome/133.0.0.0 Safari/537.36"
31.28.24.227 - - [20/Apr/2025:11:52:12 +0300] "POST /wp-cron.php?doing_wp_cron=1745139132.0104990005493164062500 HTTP/1.0" 200 - "-" "WordPress/6.8; https://argon-rnd.ru"
51.222.253.16 - - [20/Apr/2025:11:52:11 +0300] "GET /36737962 HTTP/1.0" 404 142044 "-" "Mozilla/5.0 (compatible; AhrefsBot/7.0; +http://ahrefs.com/robot/)"
31.28.24.227 - - [20/Apr/2025:11:52:51 +0300] "POST /wp-cron.php?doing_wp_cron=1745139171.3280150890350341796875 HTTP/1.0" 200 - "-" "WordPress/6.8; https://argon-rnd.ru"
213.180.203.222 - - [20/Apr/2025:11:52:50 +0300] "GET /?yclid=7710547526903176844 HTTP/1.0" 200 194507 "-" "Mozilla/5.0 (compatible; YandexMetrika/2.0; +http://yandex.com/bots yabs01)"
31.28.24.227 - - [20/Apr/2025:11:53:23 +0300] "POST /wp-cron.php?doing_wp_cron=1745139203.7886168956756591796875 HTTP/1.0" 200 - "-" "WordPress/6.8; https://argon-rnd.ru"
194.233.71.237 - - [20/Apr/2025:11:53:23 +0300] "POST /xmlrpc.php HTTP/1.0" 200 441 "-" "Mozilla/5.0 (Windows NT 10.0; Win64; x64; rv:85.0) Gecko/20100101 Firefox/85.0"
31.28.24.227 - - [20/Apr/2025:11:57:01 +0300] "POST /wp-cron.php?doing_wp_cron=1745139421.1096599102020263671875 HTTP/1.0" 200 - "-" "WordPress/6.8; https://argon-rnd.ru"
5.255.231.63 - - [20/Apr/2025:11:57:00 +0300] "GET /?yclid=7710547526903176844 HTTP/1.0" 200 194507 "-" "Mozilla/5.0 (compatible; YandexMetrika/2.0; +http://yandex.com/bots yabs01)"
31.28.24.227 - - [20/Apr/2025:11:59:34 +0300] "POST /wp-cron.php?doing_wp_cron=1745139574.6325449943542480468750 HTTP/1.0" 200 - "-" "WordPress/6.8; https://argon-rnd.ru"
184.107.112.29 - - [20/Apr/2025:11:59:34 +0300] "POST /xmlrpc.php HTTP/1.0" 200 441 "http://argon-rnd.ru" "Mozilla/5.0 (Windows NT 10.0; Win64; x64; rv:129.0) Gecko/20100101 Firefox/129.0"
31.28.24.227 - - [20/Apr/2025:12:01:24 +0300] "POST /wp-cron.php?doing_wp_cron=1745139684.6635289192199707031250 HTTP/1.0" 200 - "-" "WordPress/6.8; https://argon-rnd.ru"
51.222.253.8 - - [20/Apr/2025:12:01:24 +0300] "GET /37389606 HTTP/1.0" 404 142044 "-" "Mozilla/5.0 (compatible; AhrefsBot/7.0; +http://ahrefs.com/robot/)"
31.28.24.227 - - [20/Apr/2025:12:02:47 +0300] "POST /wp-cron.php?doing_wp_cron=1745139767.2816889286041259765625 HTTP/1.0" 200 - "-" "WordPress/6.8; https://argon-rnd.ru"
87.250.224.41 - - [20/Apr/2025:12:02:46 +0300] "GET /?yclid=7710547526903176844 HTTP/1.0" 200 194507 "-" "Mozilla/5.0 (compatible; YandexMetrika/2.0; +http://yandex.com/bots yabs01)"
31.28.24.227 - - [20/Apr/2025:12:05:47 +0300] "POST /wp-cron.php?doing_wp_cron=1745139947.9696819782257080078125 HTTP/1.0" 200 - "-" "WordPress/6.8; https://argon-rnd.ru"
50.63.24.239 - - [20/Apr/2025:12:05:47 +0300] "POST /xmlrpc.php HTTP/1.0" 200 441 "http://argon-rnd.ru" "Mozilla/5.0 (Macintosh; Intel Mac OS X 10_15_7) AppleWebKit/537.36 (KHTML, like Gecko) Chrome/112.0.5615.138 Safari/537.36"
31.28.24.227 - - [20/Apr/2025:12:08:10 +0300] "POST /wp-cron.php?doing_wp_cron=1745140090.6996378898620605468750 HTTP/1.0" 200 - "-" "WordPress/6.8; https://argon-rnd.ru"
95.108.213.241 - - [20/Apr/2025:12:08:10 +0300] "GET /?yclid=7710547526903176844 HTTP/1.0" 200 194507 "-" "Mozilla/5.0 (compatible; YandexMetrika/2.0; +http://yandex.com/bots yabs01)"
31.28.24.227 - - [20/Apr/2025:12:09:06 +0300] "POST /wp-cron.php?doing_wp_cron=1745140146.4977838993072509765625 HTTP/1.0" 200 - "-" "WordPress/6.8; https://argon-rnd.ru"
213.176.73.78 - - [20/Apr/2025:12:09:06 +0300] "GET / HTTP/1.0" 301 - "-" "Mozilla/5.0 (X11; Linux i686 on x86_64; rv:45.0) Gecko/20100101 Firefox/45.0"
213.176.73.78 - - [20/Apr/2025:12:09:06 +0300] "GET / HTTP/1.0" 200 194557 "-" "Mozilla/5.0 (X11; Linux i686 on x86_64; rv:45.0) Gecko/20100101 Firefox/45.0"
213.176.73.78 - - [20/Apr/2025:12:09:07 +0300] "GET /wp-login.php HTTP/1.0" 200 12251 "https://argon-rnd.ru/" "Mozilla/5.0 (X11; Linux i686 on x86_64; rv:45.0) Gecko/20100101 Firefox/45.0"
31.28.24.227 - - [20/Apr/2025:12:09:16 +0300] "POST /wp-cron.php?doing_wp_cron=1745140156.3950700759887695312500 HTTP/1.0" 200 - "-" "WordPress/6.8; https://argon-rnd.ru"
213.176.73.78 - - [20/Apr/2025:12:09:15 +0300] "POST /wp-login.php HTTP/1.0" 302 - "https://argon-rnd.ru/wp-login.php" "Mozilla/5.0 (X11; Linux i686 on x86_64; rv:45.0) Gecko/20100101 Firefox/45.0"
213.176.73.78 - - [20/Apr/2025:12:09:17 +0300] "GET /wp-admin/ HTTP/1.0" 200 387822 "https://argon-rnd.ru/wp-login.php" "Mozilla/5.0 (X11; Linux i686 on x86_64; rv:45.0) Gecko/20100101 Firefox/45.0"
213.176.73.78 - - [20/Apr/2025:12:09:18 +0300] "GET /wp-admin/ HTTP/1.0" 200 387822 "https://argon-rnd.ru/wp-admin/" "Mozilla/5.0 (X11; Linux i686 on x86_64; rv:45.0) Gecko/20100101 Firefox/45.0"
213.176.73.78 - - [20/Apr/2025:12:09:19 +0300] "GET /wp-admin/plugin-editor.php?file=suretriggers%2Fapp%2Fbuild%2Fmain.asset.php&plugin=suretriggers%2Fsuretriggers.php HTTP/1.0" 403 296 "https://argon-rnd.ru/wp-admin/" "Mozilla/5.0 (X11; Linux i686 on x86_64; rv:45.0) Gecko/20100101 Firefox/45.0"
95.31.136.47 - - [20/Apr/2025:12:10:38 +0300] "GET /wbrcoc.php HTTP/1.0" 200 5766 "-" "Mozilla/5.0 (Windows NT 10.0; Win64; x64) AppleWebKit/537.36 (KHTML, like Gecko) Chrome/133.0.0.0 Safari/537.36"
95.31.136.47 - - [20/Apr/2025:12:10:40 +0300] "GET /favicon.ico HTTP/1.0" 200 370070 "https://argon-rnd.ru/wbrcoc.php" "Mozilla/5.0 (Windows NT 10.0; Win64; x64) AppleWebKit/537.36 (KHTML, like Gecko) Chrome/133.0.0.0 Safari/537.36"
95.31.136.47 - - [20/Apr/2025:12:10:52 +0300] "POST /wbrcoc.php HTTP/1.0" 200 9626 "https://argon-rnd.ru/wbrcoc.php" "Mozilla/5.0 (Windows NT 10.0; Win64; x64) AppleWebKit/537.36 (KHTML, like Gecko) Chrome/133.0.0.0 Safari/537.36"
95.31.136.47 - - [20/Apr/2025:12:10:52 +0300] "GET /favicon.ico HTTP/1.0" 200 370070 "https://argon-rnd.ru/wbrcoc.php" "Mozilla/5.0 (Windows NT 10.0; Win64; x64) AppleWebKit/537.36 (KHTML, like Gecko) Chrome/133.0.0.0 Safari/537.36"
31.28.24.227 - - [20/Apr/2025:12:11:53 +0300] "POST /wp-cron.php?doing_wp_cron=1745140313.1452090740203857421875 HTTP/1.0" 200 - "-" "WordPress/6.8; https://argon-rnd.ru"
45.89.237.80 - - [20/Apr/2025:12:11:52 +0300] "POST /xmlrpc.php HTTP/1.0" 200 441 "http://argon-rnd.ru" "Mozilla/5.0 (Windows NT 11.0; Win64; x64; rv:126.0) Gecko/20100101 Firefox/126.0"
45.142.122.22 - - [20/Apr/2025:12:11:57 +0300] "GET / HTTP/1.0" 301 - "-" "Mozilla/5.0 (X11; Ubuntu; Linux x86_64; rv:46.0) Gecko/20100101 Firefox/46.0"
45.142.122.22 - - [20/Apr/2025:12:11:57 +0300] "GET / HTTP/1.0" 200 194557 "-" "Mozilla/5.0 (X11; Ubuntu; Linux x86_64; rv:46.0) Gecko/20100101 Firefox/46.0"
51.222.253.18 - - [20/Apr/2025:12:11:59 +0300] "GET /37897532 HTTP/1.0" 404 142044 "-" "Mozilla/5.0 (compatible; AhrefsBot/7.0; +http://ahrefs.com/robot/)"
45.142.122.22 - - [20/Apr/2025:12:12:04 +0300] "GET /wp-login.php HTTP/1.0" 200 12251 "https://argon-rnd.ru/" "Mozilla/5.0 (X11; Ubuntu; Linux x86_64; rv:46.0) Gecko/20100101 Firefox/46.0"
45.142.122.22 - - [20/Apr/2025:12:12:05 +0300] "POST /wp-login.php HTTP/1.0" 302 - "https://argon-rnd.ru/wp-login.php" "Mozilla/5.0 (X11; Ubuntu; Linux x86_64; rv:46.0) Gecko/20100101 Firefox/46.0"
45.142.122.22 - - [20/Apr/2025:12:12:06 +0300] "GET /wp-admin/ HTTP/1.0" 200 387822 "https://argon-rnd.ru/wp-login.php" "Mozilla/5.0 (X11; Ubuntu; Linux x86_64; rv:46.0) Gecko/20100101 Firefox/46.0"
45.142.122.22 - - [20/Apr/2025:12:12:08 +0300] "GET /wp-admin/ HTTP/1.0" 200 387822 "https://argon-rnd.ru/wp-admin/" "Mozilla/5.0 (X11; Ubuntu; Linux x86_64; rv:46.0) Gecko/20100101 Firefox/46.0"
45.142.122.22 - - [20/Apr/2025:12:12:08 +0300] "GET /wp-admin/ HTTP/1.0" 200 387822 "https://argon-rnd.ru/wp-admin/" "Mozilla/5.0 (X11; Ubuntu; Linux x86_64; rv:46.0) Gecko/20100101 Firefox/46.0"
45.142.122.22 - - [20/Apr/2025:12:12:09 +0300] "POST /wp-json/wp/v2/plugins HTTP/1.0" 500 182 "https://argon-rnd.ru/wp-admin/" "Mozilla/5.0 (X11; Ubuntu; Linux x86_64; rv:46.0) Gecko/20100101 Firefox/46.0"
31.28.24.227 - - [20/Apr/2025:12:12:27 +0300] "POST /wp-cron.php?doing_wp_cron=1745140347.7649788856506347656250 HTTP/1.0" 200 - "-" "WordPress/6.8; https://argon-rnd.ru"
185.41.105.254 - - [20/Apr/2025:12:12:27 +0300] "POST /xmlrpc.php HTTP/1.0" 200 441 "-" "Mozilla/5.0 (Windows NT 10.0; Win64; x64; rv:86.0) Gecko/20100101 Firefox/86.0"
45.142.122.22 - - [20/Apr/2025:12:12:31 +0300] "PUT /wp-json/wp/v2/plugins/wp-console/wp-console/?status=active HTTP/1.0" 200 686 "https://argon-rnd.ru/wp-json/wp/v2/plugins" "Mozilla/5.0 (X11; Ubuntu; Linux x86_64; rv:46.0) Gecko/20100101 Firefox/46.0"
45.142.122.22 - - [20/Apr/2025:12:12:32 +0300] "POST /wp-json/wp-console/v1/console?_locale=user HTTP/1.0" 200 104 "https://argon-rnd.ru/wp-json/wp/v2/plugins/wp-console/wp-console/?status=active" "Mozilla/5.0 (X11; Ubuntu; Linux x86_64; rv:46.0) Gecko/20100101 Firefox/46.0"
45.142.122.22 - - [20/Apr/2025:12:12:33 +0300] "GET /8b3dcf0e07bc.php HTTP/1.0" 200 7 "https://argon-rnd.ru/wp-json/wp-console/v1/console?_locale=user" "Mozilla/5.0 (X11; Ubuntu; Linux x86_64; rv:46.0) Gecko/20100101 Firefox/46.0"
103.36.35.134 - - [20/Apr/2025:12:13:26 +0300] "GET /assets/images/gzodiy.php HTTP/1.0" 200 5766 "-" "Mozilla/5.0 (Windows NT 10.0; Win64; x64) AppleWebKit/537.36 (KHTML, like Gecko) Chrome/134.0.0.0 Safari/537.36"
103.36.35.134 - - [20/Apr/2025:12:13:32 +0300] "GET /favicon.ico HTTP/1.0" 200 370070 "http://argon-rnd.ru/assets/images/gzodiy.php" "Mozilla/5.0 (Windows NT 10.0; Win64; x64) AppleWebKit/537.36 (KHTML, like Gecko) Chrome/134.0.0.0 Safari/537.36"
103.36.35.134 - - [20/Apr/2025:12:13:40 +0300] "POST /assets/images/gzodiy.php HTTP/1.0" 200 9703 "http://argon-rnd.ru/assets/images/gzodiy.php" "Mozilla/5.0 (Windows NT 10.0; Win64; x64) AppleWebKit/537.36 (KHTML, like Gecko) Chrome/134.0.0.0 Safari/537.36"
103.36.35.134 - - [20/Apr/2025:12:13:41 +0300] "GET /favicon.ico HTTP/1.0" 200 370070 "http://argon-rnd.ru/assets/images/gzodiy.php" "Mozilla/5.0 (Windows NT 10.0; Win64; x64) AppleWebKit/537.36 (KHTML, like Gecko) Chrome/134.0.0.0 Safari/537.36"
31.28.24.227 - - [20/Apr/2025:12:14:16 +0300] "POST /wp-cron.php?doing_wp_cron=1745140456.5043540000915527343750 HTTP/1.0" 200 - "-" "WordPress/6.8; https://argon-rnd.ru"
213.180.203.55 - - [20/Apr/2025:12:14:16 +0300] "GET /?yclid=7710547526903176844 HTTP/1.0" 200 194507 "-" "Mozilla/5.0 (compatible; YandexMetrika/2.0; +http://yandex.com/bots yabs01)"
45.142.122.22 - - [20/Apr/2025:12:14:19 +0300] "GET / HTTP/1.0" 301 - "-" "Mozilla/5.0 (X11; Ubuntu; Linux i686; rv:47.0) Gecko/20100101 Firefox/47.0"
45.142.122.22 - - [20/Apr/2025:12:14:20 +0300] "GET / HTTP/1.0" 200 194557 "-" "Mozilla/5.0 (X11; Ubuntu; Linux i686; rv:47.0) Gecko/20100101 Firefox/47.0"
45.142.122.22 - - [20/Apr/2025:12:14:21 +0300] "GET /wp-login.php HTTP/1.0" 200 12251 "https://argon-rnd.ru/" "Mozilla/5.0 (X11; Ubuntu; Linux i686; rv:47.0) Gecko/20100101 Firefox/47.0"
45.142.122.22 - - [20/Apr/2025:12:14:22 +0300] "POST /wp-login.php HTTP/1.0" 302 - "https://argon-rnd.ru/wp-login.php" "Mozilla/5.0 (X11; Ubuntu; Linux i686; rv:47.0) Gecko/20100101 Firefox/47.0"
45.142.122.22 - - [20/Apr/2025:12:14:22 +0300] "GET /wp-admin/ HTTP/1.0" 200 387816 "https://argon-rnd.ru/wp-login.php" "Mozilla/5.0 (X11; Ubuntu; Linux i686; rv:47.0) Gecko/20100101 Firefox/47.0"
45.142.122.22 - - [20/Apr/2025:12:14:24 +0300] "GET /wp-admin/ HTTP/1.0" 200 387822 "https://argon-rnd.ru/wp-admin/" "Mozilla/5.0 (X11; Ubuntu; Linux i686; rv:47.0) Gecko/20100101 Firefox/47.0"
45.142.122.22 - - [20/Apr/2025:12:14:25 +0300] "GET /wp-admin/plugin-install.php?tab=upload HTTP/1.0" 200 289405 "https://argon-rnd.ru/wp-admin/" "Mozilla/5.0 (X11; Ubuntu; Linux i686; rv:47.0) Gecko/20100101 Firefox/47.0"
45.142.122.22 - - [20/Apr/2025:12:14:26 +0300] "POST /wp-admin/update.php?action=upload-plugin HTTP/1.0" 500 255 "https://argon-rnd.ru/wp-admin/plugin-install.php?tab=upload" "Mozilla/5.0 (X11; Ubuntu; Linux i686; rv:47.0) Gecko/20100101 Firefox/47.0"
45.142.122.22 - - [20/Apr/2025:12:14:27 +0300] "GET /wp-content/uploads/2025/04/8b3dcf0e07bc.php HTTP/1.0" 403 245 "https://argon-rnd.ru/wp-admin/update.php?action=upload-plugin" "Mozilla/5.0 (X11; Ubuntu; Linux i686; rv:47.0) Gecko/20100101 Firefox/47.0"
45.142.122.22 - - [20/Apr/2025:12:14:27 +0300] "GET /wp-admin/plugins.php HTTP/1.0" 200 383591 "https://argon-rnd.ru/wp-content/uploads/2025/04/8b3dcf0e07bc.php" "Mozilla/5.0 (X11; Ubuntu; Linux i686; rv:47.0) Gecko/20100101 Firefox/47.0"
45.142.122.22 - - [20/Apr/2025:12:14:29 +0300] "GET /wp-admin/plugins.php?action=delete-selected&checked%5B0%5D=background-image-cropper%2Fbackground-image-cropper.php&plugin_status=all&paged=1&s&_wpnonce=4e043ead84 HTTP/1.0" 200 287792 "https://argon-rnd.ru/wp-admin/plugins.php" "Mozilla/5.0 (X11; Ubuntu; Linux i686; rv:47.0) Gecko/20100101 Firefox/47.0"
45.142.122.22 - - [20/Apr/2025:12:14:30 +0300] "GET /wp-admin/plugin-install.php?tab=upload HTTP/1.0" 200 289405 "https://argon-rnd.ru/wp-admin/plugins.php?action=delete-selected&checked%5B0%5D=background-image-cropper%2Fbackground-image-cropper.php&plugin_status=all&paged=1&s&_wpnonce=4e043ead84" "Mozilla/5.0 (X11; Ubuntu; Linux i686; rv:47.0) Gecko/20100101 Firefox/47.0"
45.142.122.22 - - [20/Apr/2025:12:14:30 +0300] "POST /wp-admin/update.php?action=upload-plugin HTTP/1.0" 200 265406 "https://argon-rnd.ru/wp-admin/plugin-install.php?tab=upload" "Mozilla/5.0 (X11; Ubuntu; Linux i686; rv:47.0) Gecko/20100101 Firefox/47.0"
45.142.122.22 - - [20/Apr/2025:12:14:37 +0300] "POST /wp-content/plugins/background-image-cropper/accesson.php HTTP/1.0" 404 213285 "https://argon-rnd.ru/wp-admin/update.php?action=upload-plugin" "Mozilla/5.0 (X11; Ubuntu; Linux i686; rv:47.0) Gecko/20100101 Firefox/47.0"
45.142.122.22 - - [20/Apr/2025:12:14:38 +0300] "POST /wp-content/plugins/background-image-cropper/8b3dcf0e07bc.php HTTP/1.0" 200 9 "https://argon-rnd.ru/wp-content/plugins/background-image-cropper/accesson.php" "Mozilla/5.0 (X11; Ubuntu; Linux i686; rv:47.0) Gecko/20100101 Firefox/47.0"
31.28.24.227 - - [20/Apr/2025:12:17:57 +0300] "POST /wp-cron.php?doing_wp_cron=1745140677.2638740539550781250000 HTTP/1.0" 200 - "-" "WordPress/6.8; https://argon-rnd.ru"
66.29.132.42 - - [20/Apr/2025:12:17:56 +0300] "POST /xmlrpc.php HTTP/1.0" 200 441 "http://argon-rnd.ru" "Mozilla/5.0 (Macintosh; Intel Mac OS X 13_3) AppleWebKit/537.36 (KHTML, like Gecko) Chrome/126.0.0.0 Safari/537.36"
31.28.24.227 - - [20/Apr/2025:12:21:23 +0300] "POST /wp-cron.php?doing_wp_cron=1745140883.8301529884338378906250 HTTP/1.0" 200 - "-" "WordPress/6.8; https://argon-rnd.ru"
31.28.24.227 - - [20/Apr/2025:12:21:23 +0300] "POST /wp-cron.php?doing_wp_cron=1745140883.8752150535583496093750 HTTP/1.0" 200 - "-" "WordPress/6.8; https://argon-rnd.ru"
213.180.203.246 - - [20/Apr/2025:12:21:23 +0300] "GET /?yclid=7710547526903176844 HTTP/1.0" 200 194507 "-" "Mozilla/5.0 (compatible; YandexMetrika/2.0; +http://yandex.com/bots yabs01)"
51.222.253.9 - - [20/Apr/2025:12:21:38 +0300] "GET /39232100 HTTP/1.0" 404 142044 "-" "Mozilla/5.0 (compatible; AhrefsBot/7.0; +http://ahrefs.com/robot/)"
31.28.24.227 - - [20/Apr/2025:12:24:02 +0300] "POST /wp-cron.php?doing_wp_cron=1745141042.4691700935363769531250 HTTP/1.0" 200 - "-" "WordPress/6.8; https://argon-rnd.ru"
66.29.146.73 - - [20/Apr/2025:12:24:01 +0300] "POST /xmlrpc.php HTTP/1.0" 200 441 "http://argon-rnd.ru" "Mozilla/5.0 (Windows NT 10.0; Win64; x64) AppleWebKit/537.36 (KHTML, like Gecko) Chrome/112.0.5615.138 Safari/537.36"
31.28.24.227 - - [20/Apr/2025:12:25:53 +0300] "POST /wp-cron.php?doing_wp_cron=1745141153.0535080432891845703125 HTTP/1.0" 200 - "-" "WordPress/6.8; https://argon-rnd.ru"
195.94.230.222 - - [20/Apr/2025:12:25:52 +0300] "POST /xmlrpc.php HTTP/1.0" 200 439 "-" "Mozilla/5.0 (X11; Fedora; Linux x86_64; rv:94.0) Gecko/20100101 Firefox/95.0"
95.108.213.81 - - [20/Apr/2025:12:27:40 +0300] "GET /robots.txt HTTP/1.0" 200 713 "-" "Mozilla/5.0 (compatible; YandexBot/3.0; +http://yandex.com/bots)"
31.28.24.227 - - [20/Apr/2025:12:27:41 +0300] "POST /wp-cron.php?doing_wp_cron=1745141261.1809530258178710937500 HTTP/1.0" 200 - "-" "WordPress/6.8; https://argon-rnd.ru"
87.250.224.100 - - [20/Apr/2025:12:27:40 +0300] "GET /?etext=2202.eYuKWRWtLwZWIw11yWtMUqSZACFMSHQwbK9pKkrddQMYSjj4-N-92XpDvFNVLXKJuC-rVstWF9n_HeQtfw7j7zHk6zVBMCnhQ6pQh6hBWHQvUS3dn8N3T9X0d8sWUsLgs65UZXE6i7caTBy9_OfUsWNod2Z5eWZneHFubnRndWI.c090727f084bb32c70438c06ed583b788c9b7f27 HTTP/1.0" 200 194705 "-" "Mozilla/5.0 (compatible; YandexBot/3.0; +http://yandex.com/bots)"
185.159.82.140 - - [20/Apr/2025:12:27:49 +0300] "POST /wp-json/sure-triggers/v1/automation/action HTTP/1.0" 301 - "http://argon-rnd.ru/" "Mozilla/5.0 (Windows NT 10.0; Win64; x64; rv:137.0) Gecko/20100101 Firefox/137.0"
185.159.82.140 - - [20/Apr/2025:12:27:50 +0300] "GET /wp-json/sure-triggers/v1/automation/action HTTP/1.0" 404 323 "http://argon-rnd.ru/" "Mozilla/5.0 (Windows NT 10.0; Win64; x64; rv:137.0) Gecko/20100101 Firefox/137.0"
185.159.82.140 - - [20/Apr/2025:12:27:50 +0300] "POST /wp-json/sure-triggers/v1/automation/action HTTP/1.0" 200 1926 "https://argon-rnd.ru/" "Mozilla/5.0 (Windows NT 10.0; Win64; x64; rv:137.0) Gecko/20100101 Firefox/137.0"
31.28.24.227 - - [20/Apr/2025:12:28:46 +0300] "POST /wp-cron.php?doing_wp_cron=1745141326.7787001132965087890625 HTTP/1.0" 200 - "-" "WordPress/6.8; https://argon-rnd.ru"
87.250.224.110 - - [20/Apr/2025:12:28:46 +0300] "GET /?yclid=7710547526903176844 HTTP/1.0" 200 194507 "-" "Mozilla/5.0 (compatible; YandexMetrika/2.0; +http://yandex.com/bots yabs01)"
31.28.24.227 - - [20/Apr/2025:12:29:57 +0300] "POST /wp-cron.php?doing_wp_cron=1745141397.2625958919525146484375 HTTP/1.0" 200 - "-" "WordPress/6.8; https://argon-rnd.ru"
95.217.147.97 - - [20/Apr/2025:12:29:56 +0300] "POST /xmlrpc.php HTTP/1.0" 200 441 "http://argon-rnd.ru" "Mozilla/5.0 (Windows NT 10.0; Win64; x64) AppleWebKit/537.36 (KHTML, like Gecko) Chrome/115.0.5790.102 Safari/537.36"
31.28.24.227 - - [20/Apr/2025:12:31:20 +0300] "POST /wp-cron.php?doing_wp_cron=1745141480.0580871105194091796875 HTTP/1.0" 200 - "-" "WordPress/6.8; https://argon-rnd.ru"
51.222.253.15 - - [20/Apr/2025:12:31:19 +0300] "GET /42932388 HTTP/1.0" 404 142044 "-" "Mozilla/5.0 (compatible; AhrefsBot/7.0; +http://ahrefs.com/robot/)"
191.7.102.34 - - [20/Apr/2025:12:35:43 +0300] "GET /wbrcoc.php HTTP/1.0" 200 5766 "-" "Mozilla/5.0 (Windows NT 10.0; Win64; x64) AppleWebKit/537.36 (KHTML, like Gecko) Chrome/134.0.0.0 Safari/537.36"
191.7.102.34 - - [20/Apr/2025:12:35:57 +0300] "POST /wbrcoc.php HTTP/1.0" 200 9629 "https://argon-rnd.ru/wbrcoc.php" "Mozilla/5.0 (Windows NT 10.0; Win64; x64) AppleWebKit/537.36 (KHTML, like Gecko) Chrome/134.0.0.0 Safari/537.36"
191.7.102.34 - - [20/Apr/2025:12:35:58 +0300] "GET /favicon.ico HTTP/1.0" 200 370070 "https://argon-rnd.ru/wbrcoc.php" "Mozilla/5.0 (Windows NT 10.0; Win64; x64) AppleWebKit/537.36 (KHTML, like Gecko) Chrome/134.0.0.0 Safari/537.36"
31.28.24.227 - - [20/Apr/2025:12:36:01 +0300] "POST /wp-cron.php?doing_wp_cron=1745141761.1515130996704101562500 HTTP/1.0" 200 - "-" "WordPress/6.8; https://argon-rnd.ru"
103.169.35.190 - - [20/Apr/2025:12:36:00 +0300] "POST /xmlrpc.php HTTP/1.0" 200 441 "http://argon-rnd.ru" "Mozilla/5.0 (Macintosh; Intel Mac OS X 10_15_7) AppleWebKit/537.36 (KHTML, like Gecko) Chrome/113.0.5672.93 Safari/537.36"
213.180.203.183 - - [20/Apr/2025:12:36:12 +0300] "GET /?yclid=7710547526903176844 HTTP/1.0" 200 194507 "-" "Mozilla/5.0 (compatible; YandexMetrika/2.0; +http://yandex.com/bots yabs01)"
170.80.33.58 - - [20/Apr/2025:12:38:18 +0300] "GET /assets/images/gzodiy.php HTTP/1.0" 200 5766 "-" "Mozilla/5.0 (Windows NT 10.0; Win64; x64) AppleWebKit/537.36 (KHTML, like Gecko) Chrome/134.0.0.0 Safari/537.36"
170.80.33.58 - - [20/Apr/2025:12:38:24 +0300] "GET /favicon.ico HTTP/1.0" 200 370070 "http://argon-rnd.ru/assets/images/gzodiy.php" "Mozilla/5.0 (Windows NT 10.0; Win64; x64) AppleWebKit/537.36 (KHTML, like Gecko) Chrome/134.0.0.0 Safari/537.36"
170.80.33.58 - - [20/Apr/2025:12:38:32 +0300] "POST /assets/images/gzodiy.php HTTP/1.0" 200 9659 "http://argon-rnd.ru/assets/images/gzodiy.php" "Mozilla/5.0 (Windows NT 10.0; Win64; x64) AppleWebKit/537.36 (KHTML, like Gecko) Chrome/134.0.0.0 Safari/537.36"
170.80.33.58 - - [20/Apr/2025:12:38:33 +0300] "GET /favicon.ico HTTP/1.0" 200 370070 "http://argon-rnd.ru/assets/images/gzodiy.php" "Mozilla/5.0 (Windows NT 10.0; Win64; x64) AppleWebKit/537.36 (KHTML, like Gecko) Chrome/134.0.0.0 Safari/537.36"
31.28.24.227 - - [20/Apr/2025:12:40:09 +0300] "POST /wp-cron.php?doing_wp_cron=1745142009.0227880477905273437500 HTTP/1.0" 200 - "-" "WordPress/6.8; https://argon-rnd.ru"
51.222.253.16 - - [20/Apr/2025:12:40:08 +0300] "GET /48704840 HTTP/1.0" 404 142044 "-" "Mozilla/5.0 (compatible; AhrefsBot/7.0; +http://ahrefs.com/robot/)"
31.28.24.227 - - [20/Apr/2025:12:41:59 +0300] "POST /wp-cron.php?doing_wp_cron=1745142119.0509200096130371093750 HTTP/1.0" 200 - "-" "WordPress/6.8; https://argon-rnd.ru"
92.204.132.36 - - [20/Apr/2025:12:41:58 +0300] "POST /xmlrpc.php HTTP/1.0" 200 441 "http://argon-rnd.ru" "Mozilla/5.0 (Macintosh; Intel Mac OS X 13_3) AppleWebKit/537.36 (KHTML, like Gecko) Chrome/126.0.0.0 Safari/537.36 Edg/126.0.0.0"
31.28.24.227 - - [20/Apr/2025:12:43:26 +0300] "POST /wp-cron.php?doing_wp_cron=1745142206.9501440525054931640625 HTTP/1.0" 200 - "-" "WordPress/6.8; https://argon-rnd.ru"
213.180.203.13 - - [20/Apr/2025:12:43:26 +0300] "GET /?yclid=7710547526903176844 HTTP/1.0" 200 194507 "-" "Mozilla/5.0 (compatible; YandexMetrika/2.0; +http://yandex.com/bots yabs01)"
31.28.24.227 - - [20/Apr/2025:12:48:01 +0300] "POST /wp-cron.php?doing_wp_cron=1745142481.2910959720611572265625 HTTP/1.0" 200 - "-" "WordPress/6.8; https://argon-rnd.ru"
31.172.67.59 - - [20/Apr/2025:12:48:00 +0300] "POST /xmlrpc.php HTTP/1.0" 200 441 "http://argon-rnd.ru" "Mozilla/5.0 (Windows NT 11.0; Win64; x64; rv:126.0) Gecko/20100101 Firefox/126.0"
31.28.24.227 - - [20/Apr/2025:12:48:45 +0300] "POST /wp-cron.php?doing_wp_cron=1745142525.5468990802764892578125 HTTP/1.0" 200 - "-" "WordPress/6.8; https://argon-rnd.ru"
185.12.124.78 - - [20/Apr/2025:12:48:45 +0300] "GET / HTTP/1.0" 301 - "ARGON-RND.RU" "Mozilla/5.0 (compatible; BackupLand/1.0; https://go.backupland.com/; Domain check for viruses;)"
185.12.124.78 - - [20/Apr/2025:12:48:45 +0300] "GET / HTTP/1.0" 200 194557 "ARGON-RND.RU" "Mozilla/5.0 (compatible; BackupLand/1.0; https://go.backupland.com/; Domain check for viruses;)"
31.28.24.227 - - [20/Apr/2025:12:49:29 +0300] "POST /wp-cron.php?doing_wp_cron=1745142568.9677560329437255859375 HTTP/1.0" 200 - "-" "WordPress/6.8; https://argon-rnd.ru"
51.222.253.19 - - [20/Apr/2025:12:49:28 +0300] "GET /49642288 HTTP/1.0" 404 142044 "-" "Mozilla/5.0 (compatible; AhrefsBot/7.0; +http://ahrefs.com/robot/)"
31.28.24.227 - - [20/Apr/2025:12:51:12 +0300] "POST /wp-cron.php?doing_wp_cron=1745142672.7613320350646972656250 HTTP/1.0" 200 - "-" "WordPress/6.8; https://argon-rnd.ru"
213.180.203.124 - - [20/Apr/2025:12:51:12 +0300] "GET /?yclid=7710547526903176844 HTTP/1.0" 200 194507 "-" "Mozilla/5.0 (compatible; YandexMetrika/2.0; +http://yandex.com/bots yabs01)"
31.28.24.227 - - [20/Apr/2025:12:51:46 +0300] "POST /wp-cron.php?doing_wp_cron=1745142706.1069810390472412109375 HTTP/1.0" 200 - "-" "WordPress/6.8; https://argon-rnd.ru"
185.159.82.140 - - [20/Apr/2025:12:51:45 +0300] "POST /wp-json/sure-triggers/v1/automation/action HTTP/1.0" 301 - "http://argon-rnd.ru/" "Mozilla/5.0 (Windows NT 10.0; Win64; x64; rv:137.0) Gecko/20100101 Firefox/137.0"
185.159.82.140 - - [20/Apr/2025:12:51:46 +0300] "GET /wp-json/sure-triggers/v1/automation/action HTTP/1.0" 404 323 "http://argon-rnd.ru/" "Mozilla/5.0 (Windows NT 10.0; Win64; x64; rv:137.0) Gecko/20100101 Firefox/137.0"
185.159.82.140 - - [20/Apr/2025:12:51:46 +0300] "POST /wp-json/sure-triggers/v1/automation/action HTTP/1.0" 200 1926 "https://argon-rnd.ru/" "Mozilla/5.0 (Macintosh; Intel Mac OS X 10.15; rv:137.0) Gecko/20100101 Firefox/137.0"
31.28.24.227 - - [20/Apr/2025:12:54:02 +0300] "POST /wp-cron.php?doing_wp_cron=1745142842.4060249328613281250000 HTTP/1.0" 200 - "-" "WordPress/6.8; https://argon-rnd.ru"
81.12.53.206 - - [20/Apr/2025:12:54:01 +0300] "POST /xmlrpc.php HTTP/1.0" 200 441 "http://argon-rnd.ru" "Mozilla/5.0 (Windows NT 10.0; Win64; x64; rv:129.0) Gecko/20100101 Firefox/129.0"
31.28.24.227 - - [20/Apr/2025:12:58:14 +0300] "POST /wp-cron.php?doing_wp_cron=1745143094.1392610073089599609375 HTTP/1.0" 200 - "-" "WordPress/6.8; https://argon-rnd.ru"
213.176.73.78 - - [20/Apr/2025:12:58:13 +0300] "GET / HTTP/1.0" 301 - "-" "Mozilla/5.0 (X11; Linux x86_64; rv:49.0) Gecko/20100101 Firefox/49.0"
213.176.73.78 - - [20/Apr/2025:12:58:14 +0300] "GET / HTTP/1.0" 200 194557 "-" "Mozilla/5.0 (X11; Linux x86_64; rv:49.0) Gecko/20100101 Firefox/49.0"
213.176.73.78 - - [20/Apr/2025:12:58:21 +0300] "POST /wp-json/sure-triggers/v1/automation/action HTTP/1.0" 200 1944 "https://argon-rnd.ru/" "Mozilla/5.0 (X11; Linux x86_64; rv:49.0) Gecko/20100101 Firefox/49.0"
213.176.73.78 - - [20/Apr/2025:12:58:22 +0300] "GET /wp-login.php HTTP/1.0" 200 12251 "https://argon-rnd.ru/wp-json/sure-triggers/v1/automation/action" "Mozilla/5.0 (X11; Linux x86_64; rv:49.0) Gecko/20100101 Firefox/49.0"
31.28.24.227 - - [20/Apr/2025:12:59:56 +0300] "POST /wp-cron.php?doing_wp_cron=1745143196.0169711112976074218750 HTTP/1.0" 200 - "-" "WordPress/6.8; https://argon-rnd.ru"
78.155.192.110 - - [20/Apr/2025:12:59:55 +0300] "POST /xmlrpc.php HTTP/1.0" 200 441 "http://argon-rnd.ru" "Mozilla/5.0 (Macintosh; Intel Mac OS X 10_15_7; rv:129.0) Gecko/20100101 Firefox/129.0"
31.28.24.227 - - [20/Apr/2025:13:00:52 +0300] "POST /wp-cron.php?doing_wp_cron=1745143252.6663579940795898437500 HTTP/1.0" 200 - "-" "WordPress/6.8; https://argon-rnd.ru"
51.222.253.14 - - [20/Apr/2025:13:00:52 +0300] "GET /sitemap-6.xml HTTP/1.0" 404 140255 "-" "Mozilla/5.0 (compatible; AhrefsBot/7.0; +http://ahrefs.com/robot/)"
31.28.24.227 - - [20/Apr/2025:13:00:54 +0300] "POST /wp-cron.php?doing_wp_cron=1745143254.2897899150848388671875 HTTP/1.0" 200 - "-" "WordPress/6.8; https://argon-rnd.ru"
95.108.213.131 - - [20/Apr/2025:13:00:53 +0300] "GET /?yclid=7710547526903176844 HTTP/1.0" 200 194507 "-" "Mozilla/5.0 (compatible; YandexMetrika/2.0; +http://yandex.com/bots yabs01)"
36.66.139.37 - - [20/Apr/2025:13:00:55 +0300] "GET /wbrcoc.php HTTP/1.0" 200 5766 "-" "Mozilla/5.0 (Windows NT 10.0; Win64; x64) AppleWebKit/537.36 (KHTML, like Gecko) Chrome/134.0.0.0 Safari/537.36"
36.66.139.37 - - [20/Apr/2025:13:01:04 +0300] "GET /favicon.ico HTTP/1.0" 200 370070 "https://argon-rnd.ru/wbrcoc.php" "Mozilla/5.0 (Windows NT 10.0; Win64; x64) AppleWebKit/537.36 (KHTML, like Gecko) Chrome/134.0.0.0 Safari/537.36"
36.66.139.37 - - [20/Apr/2025:13:01:09 +0300] "POST /wbrcoc.php HTTP/1.0" 200 9690 "https://argon-rnd.ru/wbrcoc.php" "Mozilla/5.0 (Windows NT 10.0; Win64; x64) AppleWebKit/537.36 (KHTML, like Gecko) Chrome/134.0.0.0 Safari/537.36"
36.66.139.37 - - [20/Apr/2025:13:01:10 +0300] "GET /favicon.ico HTTP/1.0" 200 370070 "https://argon-rnd.ru/wbrcoc.php" "Mozilla/5.0 (Windows NT 10.0; Win64; x64) AppleWebKit/537.36 (KHTML, like Gecko) Chrome/134.0.0.0 Safari/537.36"
91.211.37.36 - - [20/Apr/2025:13:03:21 +0300] "GET /assets/images/gzodiy.php HTTP/1.0" 200 5766 "-" "Mozilla/5.0 (Windows NT 10.0; Win64; x64) AppleWebKit/537.36 (KHTML, like Gecko) Chrome/134.0.0.0 Safari/537.36"
91.211.37.36 - - [20/Apr/2025:13:03:24 +0300] "GET /favicon.ico HTTP/1.0" 200 370070 "http://argon-rnd.ru/assets/images/gzodiy.php" "Mozilla/5.0 (Windows NT 10.0; Win64; x64) AppleWebKit/537.36 (KHTML, like Gecko) Chrome/134.0.0.0 Safari/537.36"
91.211.37.36 - - [20/Apr/2025:13:03:34 +0300] "POST /assets/images/gzodiy.php HTTP/1.0" 200 9601 "http://argon-rnd.ru/assets/images/gzodiy.php" "Mozilla/5.0 (Windows NT 10.0; Win64; x64) AppleWebKit/537.36 (KHTML, like Gecko) Chrome/134.0.0.0 Safari/537.36"
91.211.37.36 - - [20/Apr/2025:13:03:34 +0300] "GET /favicon.ico HTTP/1.0" 200 370070 "http://argon-rnd.ru/assets/images/gzodiy.php" "Mozilla/5.0 (Windows NT 10.0; Win64; x64) AppleWebKit/537.36 (KHTML, like Gecko) Chrome/134.0.0.0 Safari/537.36"
31.28.24.227 - - [20/Apr/2025:13:05:57 +0300] "POST /wp-cron.php?doing_wp_cron=1745143557.1577351093292236328125 HTTP/1.0" 200 - "-" "WordPress/6.8; https://argon-rnd.ru"
163.61.72.36 - - [20/Apr/2025:13:05:56 +0300] "POST /xmlrpc.php HTTP/1.0" 200 441 "http://argon-rnd.ru" "Mozilla/5.0 (Windows NT 10.0; Win64; x64) AppleWebKit/537.36 (KHTML, like Gecko) Chrome/113.0.5672.126 Safari/537.36 Edg/113.0.1774.50"
31.28.24.227 - - [20/Apr/2025:13:06:35 +0300] "POST /wp-cron.php?doing_wp_cron=1745143595.1234500408172607421875 HTTP/1.0" 200 - "-" "WordPress/6.8; https://argon-rnd.ru"
213.180.203.217 - - [20/Apr/2025:13:06:34 +0300] "GET /?yclid=7710547526903176844 HTTP/1.0" 200 194507 "-" "Mozilla/5.0 (compatible; YandexMetrika/2.0; +http://yandex.com/bots yabs01)"
31.28.24.227 - - [20/Apr/2025:13:10:55 +0300] "POST /wp-cron.php?doing_wp_cron=1745143855.2664749622344970703125 HTTP/1.0" 200 - "-" "WordPress/6.8; https://argon-rnd.ru"
193.17.92.170 - - [20/Apr/2025:13:10:54 +0300] "GET / HTTP/1.0" 200 194557 "-" "Mozilla/5.0 (compatible; MSIE 11.0; Windows NT 6.0; Win64; x64 Trident/7.0)"
193.17.92.170 - - [20/Apr/2025:13:10:55 +0300] "GET /wp-content/themes/astra/assets/css/minified/main.min.css?ver=4.8.2 HTTP/1.0" 200 43154 "https://argon-rnd.ru/" "Mozilla/5.0 (compatible; MSIE 11.0; Windows NT 6.0; Win64; x64 Trident/7.0)"
193.17.92.170 - - [20/Apr/2025:13:10:55 +0300] "GET /wp-content/plugins/click-to-chat-for-whatsapp/new/inc/assets/css/main.css?ver=4.10 HTTP/1.0" 200 1605 "https://argon-rnd.ru/" "Mozilla/5.0 (compatible; MSIE 11.0; Windows NT 6.0; Win64; x64 Trident/7.0)"
193.17.92.170 - - [20/Apr/2025:13:10:55 +0300] "GET /wp-content/plugins/contact-form-7/includes/css/styles.css?ver=5.9.8 HTTP/1.0" 200 2894 "https://argon-rnd.ru/" "Mozilla/5.0 (compatible; MSIE 11.0; Windows NT 6.0; Win64; x64 Trident/7.0)"
193.17.92.170 - - [20/Apr/2025:13:10:55 +0300] "GET /wp-includes/css/dist/block-library/style.min.css?ver=09b501f71a4f1a011b1a92daa3f398ba HTTP/1.0" 200 116363 "https://argon-rnd.ru/" "Mozilla/5.0 (compatible; MSIE 11.0; Windows NT 6.0; Win64; x64 Trident/7.0)"
193.17.92.170 - - [20/Apr/2025:13:10:55 +0300] "GET /wp-content/themes/astra/assets/css/minified/compatibility/contact-form-7-main.min.css?ver=4.8.2 HTTP/1.0" 200 882 "https://argon-rnd.ru/" "Mozilla/5.0 (compatible; MSIE 11.0; Windows NT 6.0; Win64; x64 Trident/7.0)"
193.17.92.170 - - [20/Apr/2025:13:10:55 +0300] "GET /wp-content/plugins/suretriggers/assets/css/st-trigger-button.css?ver=1.0.60 HTTP/1.0" 200 662 "https://argon-rnd.ru/" "Mozilla/5.0 (compatible; MSIE 11.0; Windows NT 6.0; Win64; x64 Trident/7.0)"
193.17.92.170 - - [20/Apr/2025:13:10:55 +0300] "GET /wp-content/plugins/ultimate-addons-for-gutenberg/assets/css/slick.min.css?ver=2.15.3 HTTP/1.0" 200 4023 "https://argon-rnd.ru/" "Mozilla/5.0 (compatible; MSIE 11.0; Windows NT 6.0; Win64; x64 Trident/7.0)"
193.17.92.170 - - [20/Apr/2025:13:10:55 +0300] "GET /wp-content/plugins/ultimate-addons-for-gutenberg/assets/css/swiper-bundle.min.css?ver=2.15.3 HTTP/1.0" 200 16471 "https://argon-rnd.ru/" "Mozilla/5.0 (compatible; MSIE 11.0; Windows NT 6.0; Win64; x64 Trident/7.0)"
193.17.92.170 - - [20/Apr/2025:13:10:55 +0300] "GET /wp-content/plugins/ultimate-addons-for-gutenberg/assets/css/spectra-block-positioning.min.css?ver=2.15.3 HTTP/1.0" 200 297 "https://argon-rnd.ru/" "Mozilla/5.0 (compatible; MSIE 11.0; Windows NT 6.0; Win64; x64 Trident/7.0)"
193.17.92.170 - - [20/Apr/2025:13:10:55 +0300] "GET /wp-content/uploads/uag-plugin/assets/1000/uag-css-1201.css?ver=1745134940 HTTP/1.0" 200 289128 "https://argon-rnd.ru/" "Mozilla/5.0 (compatible; MSIE 11.0; Windows NT 6.0; Win64; x64 Trident/7.0)"
193.17.92.170 - - [20/Apr/2025:13:10:55 +0300] "GET /wp-content/plugins/wpb-popup-for-contact-form-7/assets/css/frontend.css?ver=1.0 HTTP/1.0" 200 7440 "https://argon-rnd.ru/" "Mozilla/5.0 (compatible; MSIE 11.0; Windows NT 6.0; Win64; x64 Trident/7.0)"
193.17.92.170 - - [20/Apr/2025:13:10:55 +0300] "GET /wp-content/themes/astra_child/style.css?ver=2.0.0 HTTP/1.0" 200 2445 "https://argon-rnd.ru/" "Mozilla/5.0 (compatible; MSIE 11.0; Windows NT 6.0; Win64; x64 Trident/7.0)"
193.17.92.170 - - [20/Apr/2025:13:10:55 +0300] "GET /wp-content/plugins/wpb-popup-for-contact-form-7/assets/css/sweetalert2.min.css?ver=11.4.8 HTTP/1.0" 200 24323 "https://argon-rnd.ru/" "Mozilla/5.0 (compatible; MSIE 11.0; Windows NT 6.0; Win64; x64 Trident/7.0)"
193.17.92.170 - - [20/Apr/2025:13:10:55 +0300] "GET /wp-content/plugins/presto-player/src/player/player-static.js?ver=1727854466 HTTP/1.0" 200 506 "https://argon-rnd.ru/" "Mozilla/5.0 (compatible; MSIE 11.0; Windows NT 6.0; Win64; x64 Trident/7.0)"
193.17.92.170 - - [20/Apr/2025:13:10:55 +0300] "GET /wp-content/uploads/2024/10/iskra4-120x121.jpg HTTP/1.0" 200 3746 "https://argon-rnd.ru/" "Mozilla/5.0 (compatible; MSIE 11.0; Windows NT 6.0; Win64; x64 Trident/7.0)"
193.17.92.170 - - [20/Apr/2025:13:10:55 +0300] "GET /wp-content/themes/astra/assets/js/minified/frontend.min.js?ver=4.8.2 HTTP/1.0" 200 23659 "https://argon-rnd.ru/" "Mozilla/5.0 (compatible; MSIE 11.0; Windows NT 6.0; Win64; x64 Trident/7.0)"
193.17.92.170 - - [20/Apr/2025:13:10:55 +0300] "GET /wp-includes/js/dist/hooks.min.js?ver=4d63a3d491d11ffd8ac6 HTTP/1.0" 200 4776 "https://argon-rnd.ru/" "Mozilla/5.0 (compatible; MSIE 11.0; Windows NT 6.0; Win64; x64 Trident/7.0)"
193.17.92.170 - - [20/Apr/2025:13:10:55 +0300] "GET /wp-content/plugins/click-to-chat-for-whatsapp/new/inc/assets/js/app.js?ver=4.10 HTTP/1.0" 200 9349 "https://argon-rnd.ru/" "Mozilla/5.0 (compatible; MSIE 11.0; Windows NT 6.0; Win64; x64 Trident/7.0)"
193.17.92.170 - - [20/Apr/2025:13:10:55 +0300] "GET /wp-content/plugins/contact-form-7/includes/swv/js/index.js?ver=5.9.8 HTTP/1.0" 200 11513 "https://argon-rnd.ru/" "Mozilla/5.0 (compatible; MSIE 11.0; Windows NT 6.0; Win64; x64 Trident/7.0)"
193.17.92.170 - - [20/Apr/2025:13:10:55 +0300] "GET /wp-includes/js/dist/i18n.min.js?ver=5e580eb46a90c2b997e6 HTTP/1.0" 200 9141 "https://argon-rnd.ru/" "Mozilla/5.0 (compatible; MSIE 11.0; Windows NT 6.0; Win64; x64 Trident/7.0)"
193.17.92.170 - - [20/Apr/2025:13:10:55 +0300] "GET /wp-content/plugins/contact-form-7/includes/js/index.js?ver=5.9.8 HTTP/1.0" 200 13423 "https://argon-rnd.ru/" "Mozilla/5.0 (compatible; MSIE 11.0; Windows NT 6.0; Win64; x64 Trident/7.0)"
193.17.92.170 - - [20/Apr/2025:13:10:56 +0300] "GET /wp-content/uploads/uag-plugin/assets/1000/uag-js-1201.js?ver=1745134940 HTTP/1.0" 200 5673 "https://argon-rnd.ru/" "Mozilla/5.0 (compatible; MSIE 11.0; Windows NT 6.0; Win64; x64 Trident/7.0)"
193.17.92.170 - - [20/Apr/2025:13:10:56 +0300] "GET /wp-content/plugins/ultimate-addons-for-gutenberg/assets/js/image-gallery.min.js?ver=2.15.3 HTTP/1.0" 200 11098 "https://argon-rnd.ru/" "Mozilla/5.0 (compatible; MSIE 11.0; Windows NT 6.0; Win64; x64 Trident/7.0)"
193.17.92.170 - - [20/Apr/2025:13:10:56 +0300] "GET /wp-content/plugins/ultimate-addons-for-gutenberg/assets/js/imagesloaded.min.js?ver=2.15.3 HTTP/1.0" 200 7303 "https://argon-rnd.ru/" "Mozilla/5.0 (compatible; MSIE 11.0; Windows NT 6.0; Win64; x64 Trident/7.0)"
193.17.92.170 - - [20/Apr/2025:13:10:56 +0300] "GET /wp-includes/js/dist/dom-ready.min.js?ver=f77871ff7694fffea381 HTTP/1.0" 200 457 "https://argon-rnd.ru/" "Mozilla/5.0 (compatible; MSIE 11.0; Windows NT 6.0; Win64; x64 Trident/7.0)"
193.17.92.170 - - [20/Apr/2025:13:10:56 +0300] "GET /wp-includes/js/underscore.min.js?ver=1.13.7 HTTP/1.0" 200 18905 "https://argon-rnd.ru/" "Mozilla/5.0 (compatible; MSIE 11.0; Windows NT 6.0; Win64; x64 Trident/7.0)"
193.17.92.170 - - [20/Apr/2025:13:10:56 +0300] "GET /wp-content/plugins/ultimate-addons-for-gutenberg/assets/js/spectra-block-positioning.min.js?ver=2.15.3 HTTP/1.0" 200 4479 "https://argon-rnd.ru/" "Mozilla/5.0 (compatible; MSIE 11.0; Windows NT 6.0; Win64; x64 Trident/7.0)"
193.17.92.170 - - [20/Apr/2025:13:10:56 +0300] "GET /wp-content/plugins/ultimate-addons-for-gutenberg/assets/js/slick.min.js?ver=2.15.3 HTTP/1.0" 200 43885 "https://argon-rnd.ru/" "Mozilla/5.0 (compatible; MSIE 11.0; Windows NT 6.0; Win64; x64 Trident/7.0)"
193.17.92.170 - - [20/Apr/2025:13:10:56 +0300] "GET /wp-content/plugins/wpb-popup-for-contact-form-7/assets/js/frontend.js?ver=1.0 HTTP/1.0" 200 6010 "https://argon-rnd.ru/" "Mozilla/5.0 (compatible; MSIE 11.0; Windows NT 6.0; Win64; x64 Trident/7.0)"
193.17.92.170 - - [20/Apr/2025:13:10:56 +0300] "GET /wp-content/plugins/ultimate-addons-for-gutenberg/assets/js/isotope.min.js?ver=2.15.3 HTTP/1.0" 200 34991 "https://argon-rnd.ru/" "Mozilla/5.0 (compatible; MSIE 11.0; Windows NT 6.0; Win64; x64 Trident/7.0)"
193.17.92.170 - - [20/Apr/2025:13:10:56 +0300] "GET /wp-includes/js/wp-util.min.js?ver=09b501f71a4f1a011b1a92daa3f398ba HTTP/1.0" 200 1426 "https://argon-rnd.ru/" "Mozilla/5.0 (compatible; MSIE 11.0; Windows NT 6.0; Win64; x64 Trident/7.0)"
193.17.92.170 - - [20/Apr/2025:13:10:56 +0300] "GET /wp-content/plugins/wpb-popup-for-contact-form-7/assets/js/sweetalert2.all.min.js?ver=11.4.8 HTTP/1.0" 200 67533 "https://argon-rnd.ru/" "Mozilla/5.0 (compatible; MSIE 11.0; Windows NT 6.0; Win64; x64 Trident/7.0)"
193.17.92.170 - - [20/Apr/2025:13:10:56 +0300] "GET /wp-content/uploads/2021/02/computer.png HTTP/1.0" 200 11374 "https://argon-rnd.ru/" "Mozilla/5.0 (compatible; MSIE 11.0; Windows NT 6.0; Win64; x64 Trident/7.0)"
193.17.92.170 - - [20/Apr/2025:13:10:56 +0300] "GET /exform/exform.js?ver=1.0 HTTP/1.0" 200 3592 "https://argon-rnd.ru/" "Mozilla/5.0 (compatible; MSIE 11.0; Windows NT 6.0; Win64; x64 Trident/7.0)"
193.17.92.170 - - [20/Apr/2025:13:10:56 +0300] "GET /wp-content/uploads/2021/02/shape1-horiz.png HTTP/1.0" 200 6829 "https://argon-rnd.ru/wp-content/uploads/uag-plugin/assets/1000/uag-css-1201.css?ver=1745134940" "Mozilla/5.0 (compatible; MSIE 11.0; Windows NT 6.0; Win64; x64 Trident/7.0)"
193.17.92.170 - - [20/Apr/2025:13:10:56 +0300] "GET /wp-content/uploads/2021/02/ads.png HTTP/1.0" 200 12427 "https://argon-rnd.ru/" "Mozilla/5.0 (compatible; MSIE 11.0; Windows NT 6.0; Win64; x64 Trident/7.0)"
193.17.92.170 - - [20/Apr/2025:13:10:56 +0300] "GET /wp-content/plugins/astra-sites/inc/lib/onboarding/assets/dist/template-preview/main.js?ver=06758d4d807d9d22c6ea HTTP/1.0" 200 6581 "https://argon-rnd.ru/" "Mozilla/5.0 (compatible; MSIE 11.0; Windows NT 6.0; Win64; x64 Trident/7.0)"
193.17.92.170 - - [20/Apr/2025:13:10:56 +0300] "GET /wp-content/uploads/2024/10/titan.jpg HTTP/1.0" 200 54795 "https://argon-rnd.ru/" "Mozilla/5.0 (compatible; MSIE 11.0; Windows NT 6.0; Win64; x64 Trident/7.0)"
193.17.92.170 - - [20/Apr/2025:13:10:56 +0300] "GET /wp-content/uploads/2021/02/settings.png HTTP/1.0" 200 11930 "https://argon-rnd.ru/" "Mozilla/5.0 (compatible; MSIE 11.0; Windows NT 6.0; Win64; x64 Trident/7.0)"
193.17.92.170 - - [20/Apr/2025:13:10:56 +0300] "GET /wp-content/uploads/2021/02/shape1.png HTTP/1.0" 200 8078 "https://argon-rnd.ru/wp-content/uploads/uag-plugin/assets/1000/uag-css-1201.css?ver=1745134940" "Mozilla/5.0 (compatible; MSIE 11.0; Windows NT 6.0; Win64; x64 Trident/7.0)"
193.17.92.170 - - [20/Apr/2025:13:10:56 +0300] "GET /wp-content/plugins/ultimate-addons-for-gutenberg/assets/js/swiper-bundle.min.js?ver=2.15.3 HTTP/1.0" 200 143661 "https://argon-rnd.ru/" "Mozilla/5.0 (compatible; MSIE 11.0; Windows NT 6.0; Win64; x64 Trident/7.0)"
193.17.92.170 - - [20/Apr/2025:13:10:56 +0300] "GET /wp-content/uploads/2024/10/Tig_Welding_Commons-wikimedia-768x562-724588670.jpg HTTP/1.0" 200 102223 "https://argon-rnd.ru/" "Mozilla/5.0 (compatible; MSIE 11.0; Windows NT 6.0; Win64; x64 Trident/7.0)"
193.17.92.170 - - [20/Apr/2025:13:10:57 +0300] "GET /wp-content/plugins/presto-player/dist/components/web-components/web-components.esm.js?ver=1727854466 HTTP/1.0" 200 6753 "https://argon-rnd.ru/" "Mozilla/5.0 (compatible; MSIE 11.0; Windows NT 6.0; Win64; x64 Trident/7.0)"
193.17.92.170 - - [20/Apr/2025:13:10:57 +0300] "GET /wp-includes/js/wp-emoji-release.min.js?ver=09b501f71a4f1a011b1a92daa3f398ba HTTP/1.0" 200 19264 "https://argon-rnd.ru/" "Mozilla/5.0 (compatible; MSIE 11.0; Windows NT 6.0; Win64; x64 Trident/7.0)"
193.17.92.170 - - [20/Apr/2025:13:10:57 +0300] "GET /exform/themes/callback/css/exform.css HTTP/1.0" 200 2700 "https://argon-rnd.ru/" "Mozilla/5.0 (compatible; MSIE 11.0; Windows NT 6.0; Win64; x64 Trident/7.0)"
193.17.92.170 - - [20/Apr/2025:13:10:57 +0300] "GET /exform/css/mform.css HTTP/1.0" 200 1020 "https://argon-rnd.ru/exform/themes/callback/css/exform.css" "Mozilla/5.0 (compatible; MSIE 11.0; Windows NT 6.0; Win64; x64 Trident/7.0)"
193.17.92.170 - - [20/Apr/2025:13:10:57 +0300] "GET /wp-content/plugins/presto-player/dist/components/web-components/p-43f79dfb.js HTTP/1.0" 200 16701 "https://argon-rnd.ru/wp-content/plugins/presto-player/dist/components/web-components/web-components.esm.js?ver=1727854466" "Mozilla/5.0 (compatible; MSIE 11.0; Windows NT 6.0; Win64; x64 Trident/7.0)"
193.17.92.170 - - [20/Apr/2025:13:10:57 +0300] "GET /wp-content/plugins/presto-player/dist/components/web-components/p-e1255160.js HTTP/1.0" 200 30 "https://argon-rnd.ru/wp-content/plugins/presto-player/dist/components/web-components/web-components.esm.js?ver=1727854466" "Mozilla/5.0 (compatible; MSIE 11.0; Windows NT 6.0; Win64; x64 Trident/7.0)"
193.17.92.170 - - [20/Apr/2025:13:10:57 +0300] "GET /wp-json/contact-form-7/v1/contact-forms/1631/feedback/schema HTTP/1.0" 200 2680 "https://argon-rnd.ru/" "Mozilla/5.0 (compatible; MSIE 11.0; Windows NT 6.0; Win64; x64 Trident/7.0)"
193.17.92.170 - - [20/Apr/2025:13:10:58 +0300] "GET /wp-content/uploads/2024/10/%D0%B8%D1%81%D0%BA%D1%80%D0%B0-150x150.jpg HTTP/1.0" 200 2217 "https://argon-rnd.ru/" "Mozilla/5.0 (compatible; MSIE 11.0; Windows NT 6.0; Win64; x64 Trident/7.0)"
193.17.92.170 - - [20/Apr/2025:13:11:03 +0300] "GET /wp-content/uploads/2024/10/%D0%A1%D0%BA%D1%80%D0%B8%D0%BD%D1%88%D0%BE%D1%82-07-10-2024-125840.jpg HTTP/1.0" 200 2389 "https://argon-rnd.ru/" "Mozilla/5.0 (compatible; MSIE 11.0; Windows NT 6.0; Win64; x64 Trident/7.0)"
193.17.92.170 - - [20/Apr/2025:13:11:03 +0300] "GET /wp-content/uploads/2024/10/galery5-172x300.jpg HTTP/1.0" 200 11349 "https://argon-rnd.ru/" "Mozilla/5.0 (compatible; MSIE 11.0; Windows NT 6.0; Win64; x64 Trident/7.0)"
193.17.92.170 - - [20/Apr/2025:13:11:03 +0300] "GET /wp-content/uploads/2024/10/galery4-300x224.jpg HTTP/1.0" 200 15532 "https://argon-rnd.ru/" "Mozilla/5.0 (compatible; MSIE 11.0; Windows NT 6.0; Win64; x64 Trident/7.0)"
193.17.92.170 - - [20/Apr/2025:13:11:03 +0300] "GET /wp-content/uploads/2024/10/galery1_1-300x255.jpg HTTP/1.0" 200 12121 "https://argon-rnd.ru/" "Mozilla/5.0 (compatible; MSIE 11.0; Windows NT 6.0; Win64; x64 Trident/7.0)"
193.17.92.170 - - [20/Apr/2025:13:11:03 +0300] "GET /wp-content/uploads/2024/10/galery6-206x300.jpg HTTP/1.0" 200 15703 "https://argon-rnd.ru/" "Mozilla/5.0 (compatible; MSIE 11.0; Windows NT 6.0; Win64; x64 Trident/7.0)"
193.17.92.170 - - [20/Apr/2025:13:11:03 +0300] "GET /wp-content/uploads/2024/10/galery3-300x146.jpg HTTP/1.0" 200 7241 "https://argon-rnd.ru/" "Mozilla/5.0 (compatible; MSIE 11.0; Windows NT 6.0; Win64; x64 Trident/7.0)"
193.17.92.170 - - [20/Apr/2025:13:11:03 +0300] "GET /wp-content/uploads/2024/10/%D0%A1%D0%BA%D1%80%D0%B8%D0%BD%D1%88%D0%BE%D1%82-07-10-2024-130053.jpg HTTP/1.0" 200 2358 "https://argon-rnd.ru/" "Mozilla/5.0 (compatible; MSIE 11.0; Windows NT 6.0; Win64; x64 Trident/7.0)"
193.17.92.170 - - [20/Apr/2025:13:11:03 +0300] "GET /wp-content/uploads/2024/10/%D0%A1%D0%BA%D1%80%D0%B8%D0%BD%D1%88%D0%BE%D1%82-07-10-2024-130402.jpg HTTP/1.0" 200 22080 "https://argon-rnd.ru/" "Mozilla/5.0 (compatible; MSIE 11.0; Windows NT 6.0; Win64; x64 Trident/7.0)"
193.17.92.170 - - [20/Apr/2025:13:11:04 +0300] "GET /wp-content/uploads/2024/10/galery2-300x162.jpg HTTP/1.0" 200 12813 "https://argon-rnd.ru/" "Mozilla/5.0 (compatible; MSIE 11.0; Windows NT 6.0; Win64; x64 Trident/7.0)"
95.108.213.216 - - [20/Apr/2025:13:11:16 +0300] "GET /wp-content/uploads/uag-plugin/assets/1000/uag-css-1201.css?ver=1745134940 HTTP/1.0" 200 289128 "-" "Mozilla/5.0 (compatible; YandexMetrika/4.0; +http://yandex.com/bots)"
31.28.24.227 - - [20/Apr/2025:13:11:55 +0300] "POST /wp-cron.php?doing_wp_cron=1745143915.5345690250396728515625 HTTP/1.0" 200 - "-" "WordPress/6.8; https://argon-rnd.ru"
80.94.97.38 - - [20/Apr/2025:13:11:55 +0300] "POST /xmlrpc.php HTTP/1.0" 200 441 "http://argon-rnd.ru" "Mozilla/5.0 (Macintosh; Intel Mac OS X 10_15_7) AppleWebKit/537.36 (KHTML, like Gecko) Chrome/126.0.0.0 Safari/537.36"
51.222.253.17 - - [20/Apr/2025:13:12:00 +0300] "GET /sitemap-7.xml HTTP/1.0" 404 140255 "-" "Mozilla/5.0 (compatible; AhrefsBot/7.0; +http://ahrefs.com/robot/)"
31.28.24.227 - - [20/Apr/2025:13:12:35 +0300] "POST /wp-cron.php?doing_wp_cron=1745143955.8419580459594726562500 HTTP/1.0" 200 - "-" "WordPress/6.8; https://argon-rnd.ru"
188.227.164.121 - - [20/Apr/2025:13:12:35 +0300] "POST /xmlrpc.php HTTP/1.0" 200 439 "-" "Mozilla/5.0 (X11; Fedora; Linux x86_64; rv:94.0) Gecko/20100101 Firefox/95.0"
213.180.203.222 - - [20/Apr/2025:13:12:58 +0300] "GET /?yclid=7710547526903176844 HTTP/1.0" 200 194507 "-" "Mozilla/5.0 (compatible; YandexMetrika/2.0; +http://yandex.com/bots yabs01)"
31.28.24.227 - - [20/Apr/2025:13:17:51 +0300] "POST /wp-cron.php?doing_wp_cron=1745144271.8760070800781250000000 HTTP/1.0" 200 - "-" "WordPress/6.8; https://argon-rnd.ru"
95.217.147.111 - - [20/Apr/2025:13:17:51 +0300] "POST /xmlrpc.php HTTP/1.0" 200 441 "http://argon-rnd.ru" "Mozilla/5.0 (Windows NT 10.0; Win64; x64) AppleWebKit/537.36 (KHTML, like Gecko) Chrome/114.0.5735.134 Safari/537.36"
31.28.24.227 - - [20/Apr/2025:13:19:38 +0300] "POST /wp-cron.php?doing_wp_cron=1745144378.5843989849090576171875 HTTP/1.0" 200 - "-" "WordPress/6.8; https://argon-rnd.ru"
5.255.231.63 - - [20/Apr/2025:13:19:38 +0300] "GET /?yclid=7710547526903176844 HTTP/1.0" 200 194507 "-" "Mozilla/5.0 (compatible; YandexMetrika/2.0; +http://yandex.com/bots yabs01)"
31.28.24.227 - - [20/Apr/2025:13:22:11 +0300] "POST /wp-cron.php?doing_wp_cron=1745144531.0923140048980712890625 HTTP/1.0" 200 - "-" "WordPress/6.8; https://argon-rnd.ru"
31.28.24.227 - - [20/Apr/2025:13:22:11 +0300] "POST /wp-cron.php?doing_wp_cron=1745144531.1281719207763671875000 HTTP/1.0" 200 - "-" "WordPress/6.8; https://argon-rnd.ru"
51.222.253.3 - - [20/Apr/2025:13:22:10 +0300] "GET /102511676 HTTP/1.0" 404 142044 "-" "Mozilla/5.0 (compatible; AhrefsBot/7.0; +http://ahrefs.com/robot/)"
31.28.24.227 - - [20/Apr/2025:13:23:51 +0300] "POST /wp-cron.php?doing_wp_cron=1745144631.1299290657043457031250 HTTP/1.0" 200 - "-" "WordPress/6.8; https://argon-rnd.ru"
160.25.166.79 - - [20/Apr/2025:13:23:50 +0300] "POST /xmlrpc.php HTTP/1.0" 200 441 "http://argon-rnd.ru" "Mozilla/5.0 (Macintosh; Intel Mac OS X 10_15_7; rv:129.0) Gecko/20100101 Firefox/129.0"
31.28.24.227 - - [20/Apr/2025:13:25:56 +0300] "POST /wp-cron.php?doing_wp_cron=1745144756.5732169151306152343750 HTTP/1.0" 200 - "-" "WordPress/6.8; https://argon-rnd.ru"
