45.142.122.22 - - [20/Apr/2025:09:11:38 +0300] "GET /wp-admin/plugin-install.php?tab=upload HTTP/1.0" 200 289174 "https://argon-rnd.ru/wp-admin/plugins.php?action=delete-selected&checked%5B0%5D=background-image-cropper%2Fbackground-image-cropper.php&plugin_status=all&paged=1&s&_wpnonce=e246a3575b" "Mozilla/5.0 (Macintosh; Intel Mac OS X 10_8_7) AppleWebKit/537.36 (KHTML, like Gecko) Chrome/56.0.2926.3 Safari/537.36"
45.142.122.22 - - [20/Apr/2025:09:11:39 +0300] "POST /wp-admin/update.php?action=upload-plugin HTTP/1.0" 200 265175 "https://argon-rnd.ru/wp-admin/plugin-install.php?tab=upload" "Mozilla/5.0 (Macintosh; Intel Mac OS X 10_8_7) AppleWebKit/537.36 (KHTML, like Gecko) Chrome/56.0.2926.3 Safari/537.36"
45.142.122.22 - - [20/Apr/2025:09:11:47 +0300] "POST /wp-content/plugins/background-image-cropper/accesson.php HTTP/1.0" 404 213054 "https://argon-rnd.ru/wp-admin/update.php?action=upload-plugin" "Mozilla/5.0 (Macintosh; Intel Mac OS X 10_8_7) AppleWebKit/537.36 (KHTML, like Gecko) Chrome/56.0.2926.3 Safari/537.36"
45.142.122.22 - - [20/Apr/2025:09:11:48 +0300] "POST /wp-content/plugins/background-image-cropper/8b3dcf0e07bc.php HTTP/1.0" 200 9 "https://argon-rnd.ru/wp-content/plugins/background-image-cropper/accesson.php" "Mozilla/5.0 (Macintosh; Intel Mac OS X 10_8_7) AppleWebKit/537.36 (KHTML, like Gecko) Chrome/56.0.2926.3 Safari/537.36"
91.211.37.36 - - [20/Apr/2025:09:12:10 +0300] "GET /wbrcoc.php HTTP/1.0" 200 5766 "-" "Mozilla/5.0 (Windows NT 10.0; Win64; x64) AppleWebKit/537.36 (KHTML, like Gecko) Chrome/133.0.0.0 Safari/537.36"
91.211.37.36 - - [20/Apr/2025:09:12:13 +0300] "GET /favicon.ico HTTP/1.0" 200 370070 "https://argon-rnd.ru/wbrcoc.php" "Mozilla/5.0 (Windows NT 10.0; Win64; x64) AppleWebKit/537.36 (KHTML, like Gecko) Chrome/133.0.0.0 Safari/537.36"
91.211.37.36 - - [20/Apr/2025:09:12:23 +0300] "POST /wbrcoc.php HTTP/1.0" 200 9694 "https://argon-rnd.ru/wbrcoc.php" "Mozilla/5.0 (Windows NT 10.0; Win64; x64) AppleWebKit/537.36 (KHTML, like Gecko) Chrome/133.0.0.0 Safari/537.36"
91.211.37.36 - - [20/Apr/2025:09:12:23 +0300] "GET /favicon.ico HTTP/1.0" 200 370070 "https://argon-rnd.ru/wbrcoc.php" "Mozilla/5.0 (Windows NT 10.0; Win64; x64) AppleWebKit/537.36 (KHTML, like Gecko) Chrome/133.0.0.0 Safari/537.36"
31.28.24.227 - - [20/Apr/2025:09:12:31 +0300] "POST /wp-cron.php?doing_wp_cron=1745129551.9477400779724121093750 HTTP/1.0" 200 - "-" "WordPress/6.8; https://argon-rnd.ru"
51.222.253.2 - - [20/Apr/2025:09:12:31 +0300] "GET /89332664 HTTP/1.0" 404 142044 "-" "Mozilla/5.0 (compatible; AhrefsBot/7.0; +http://ahrefs.com/robot/)"
36.66.139.37 - - [20/Apr/2025:09:14:50 +0300] "GET /assets/images/gzodiy.php HTTP/1.0" 200 5766 "-" "Mozilla/5.0 (Windows NT 10.0; Win64; x64) AppleWebKit/537.36 (KHTML, like Gecko) Chrome/133.0.0.0 Safari/537.36"
36.66.139.37 - - [20/Apr/2025:09:15:07 +0300] "POST /assets/images/gzodiy.php HTTP/1.0" 200 9646 "http://argon-rnd.ru/assets/images/gzodiy.php" "Mozilla/5.0 (Windows NT 10.0; Win64; x64) AppleWebKit/537.36 (KHTML, like Gecko) Chrome/133.0.0.0 Safari/537.36"
36.66.139.37 - - [20/Apr/2025:09:15:09 +0300] "GET /favicon.ico HTTP/1.0" 200 370070 "http://argon-rnd.ru/assets/images/gzodiy.php" "Mozilla/5.0 (Windows NT 10.0; Win64; x64) AppleWebKit/537.36 (KHTML, like Gecko) Chrome/133.0.0.0 Safari/537.36"
31.28.24.227 - - [20/Apr/2025:09:15:18 +0300] "POST /wp-cron.php?doing_wp_cron=1745129718.6521248817443847656250 HTTP/1.0" 200 - "-" "WordPress/6.8; https://argon-rnd.ru"
95.108.213.140 - - [20/Apr/2025:09:15:18 +0300] "GET /?yclid=7710547526903176844 HTTP/1.0" 200 194507 "-" "Mozilla/5.0 (compatible; YandexMetrika/2.0; +http://yandex.com/bots yabs01)"
31.28.24.227 - - [20/Apr/2025:09:17:12 +0300] "POST /wp-cron.php?doing_wp_cron=1745129832.6516039371490478515625 HTTP/1.0" 200 - "-" "WordPress/6.8; https://argon-rnd.ru"
213.176.73.78 - - [20/Apr/2025:09:17:12 +0300] "GET / HTTP/1.0" 301 - "-" "Mozilla/5.0 (Macintosh; Intel Mac OS X 10.11; rv:50.0) Gecko/20100101 Firefox/50.0"
213.176.73.78 - - [20/Apr/2025:09:17:13 +0300] "GET / HTTP/1.0" 200 194557 "-" "Mozilla/5.0 (Macintosh; Intel Mac OS X 10.11; rv:50.0) Gecko/20100101 Firefox/50.0"
31.28.24.227 - - [20/Apr/2025:09:17:14 +0300] "POST /wp-cron.php?doing_wp_cron=1745129834.4663429260253906250000 HTTP/1.0" 200 - "-" "WordPress/6.8; https://argon-rnd.ru"
213.176.73.78 - - [20/Apr/2025:09:17:14 +0300] "GET /wp-login.php HTTP/1.0" 200 12251 "https://argon-rnd.ru/" "Mozilla/5.0 (Macintosh; Intel Mac OS X 10.11; rv:50.0) Gecko/20100101 Firefox/50.0"
213.176.73.78 - - [20/Apr/2025:09:17:16 +0300] "POST /wp-login.php HTTP/1.0" 302 - "https://argon-rnd.ru/wp-login.php" "Mozilla/5.0 (Macintosh; Intel Mac OS X 10.11; rv:50.0) Gecko/20100101 Firefox/50.0"
213.176.73.78 - - [20/Apr/2025:09:17:17 +0300] "GET /wp-admin/ HTTP/1.0" 200 386867 "https://argon-rnd.ru/wp-login.php" "Mozilla/5.0 (Macintosh; Intel Mac OS X 10.11; rv:50.0) Gecko/20100101 Firefox/50.0"
213.176.73.78 - - [20/Apr/2025:09:17:18 +0300] "GET /wp-admin/ HTTP/1.0" 200 386867 "https://argon-rnd.ru/wp-admin/" "Mozilla/5.0 (Macintosh; Intel Mac OS X 10.11; rv:50.0) Gecko/20100101 Firefox/50.0"
213.176.73.78 - - [20/Apr/2025:09:17:19 +0300] "GET /wp-admin/ HTTP/1.0" 200 386867 "https://argon-rnd.ru/wp-admin/" "Mozilla/5.0 (Macintosh; Intel Mac OS X 10.11; rv:50.0) Gecko/20100101 Firefox/50.0"
213.176.73.78 - - [20/Apr/2025:09:17:20 +0300] "POST /wp-json/wp/v2/plugins HTTP/1.0" 500 182 "https://argon-rnd.ru/wp-admin/" "Mozilla/5.0 (Macintosh; Intel Mac OS X 10.11; rv:50.0) Gecko/20100101 Firefox/50.0"
213.176.73.78 - - [20/Apr/2025:09:17:24 +0300] "PUT /wp-json/wp/v2/plugins/wp-console/wp-console/?status=active HTTP/1.0" 200 686 "https://argon-rnd.ru/wp-json/wp/v2/plugins" "Mozilla/5.0 (Macintosh; Intel Mac OS X 10.11; rv:50.0) Gecko/20100101 Firefox/50.0"
213.176.73.78 - - [20/Apr/2025:09:17:24 +0300] "POST /wp-json/wp-console/v1/console?_locale=user HTTP/1.0" 200 104 "https://argon-rnd.ru/wp-json/wp/v2/plugins/wp-console/wp-console/?status=active" "Mozilla/5.0 (Macintosh; Intel Mac OS X 10.11; rv:50.0) Gecko/20100101 Firefox/50.0"
213.176.73.78 - - [20/Apr/2025:09:17:25 +0300] "GET /8b3dcf0e07bc.php HTTP/1.0" 200 7 "https://argon-rnd.ru/wp-json/wp-console/v1/console?_locale=user" "Mozilla/5.0 (Macintosh; Intel Mac OS X 10.11; rv:50.0) Gecko/20100101 Firefox/50.0"
31.28.24.227 - - [20/Apr/2025:09:20:44 +0300] "POST /wp-cron.php?doing_wp_cron=1745130044.7542250156402587890625 HTTP/1.0" 200 - "-" "WordPress/6.8; https://argon-rnd.ru"
213.180.203.76 - - [20/Apr/2025:09:20:44 +0300] "GET /?yclid=7710547526903176844 HTTP/1.0" 200 194507 "-" "Mozilla/5.0 (compatible; YandexMetrika/2.0; +http://yandex.com/bots yabs01)"
31.28.24.227 - - [20/Apr/2025:09:21:58 +0300] "POST /wp-cron.php?doing_wp_cron=1745130118.9088780879974365234375 HTTP/1.0" 200 - "-" "WordPress/6.8; https://argon-rnd.ru"
51.222.253.16 - - [20/Apr/2025:09:21:58 +0300] "GET /89335588 HTTP/1.0" 404 142044 "-" "Mozilla/5.0 (compatible; AhrefsBot/7.0; +http://ahrefs.com/robot/)"
31.28.24.227 - - [20/Apr/2025:09:23:36 +0300] "POST /wp-cron.php?doing_wp_cron=1745130216.7856740951538085937500 HTTP/1.0" 200 - "-" "WordPress/6.8; https://argon-rnd.ru"
35.226.196.179 - - [20/Apr/2025:09:23:36 +0300] "POST /xmlrpc.php HTTP/1.0" 200 439 "-" "Mozilla/5.0 (X11; Fedora; Linux x86_64; rv:94.0) Gecko/20100101 Firefox/95.0"
31.28.24.227 - - [20/Apr/2025:09:25:38 +0300] "POST /wp-cron.php?doing_wp_cron=1745130338.7514879703521728515625 HTTP/1.0" 200 - "-" "WordPress/6.8; https://argon-rnd.ru"
20.185.180.62 - - [20/Apr/2025:09:25:38 +0300] "POST /xmlrpc.php HTTP/1.0" 200 441 "-" "Mozilla/5.0 (Windows NT 10.0; Win64; x64; rv:69.0) Gecko/20100101 Firefox/69.0"
31.28.24.227 - - [20/Apr/2025:09:26:13 +0300] "POST /wp-cron.php?doing_wp_cron=1745130373.2343170642852783203125 HTTP/1.0" 200 - "-" "WordPress/6.8; https://argon-rnd.ru"
87.250.224.31 - - [20/Apr/2025:09:26:12 +0300] "GET /?yclid=7710547526903176844 HTTP/1.0" 200 194507 "-" "Mozilla/5.0 (compatible; YandexMetrika/2.0; +http://yandex.com/bots yabs01)"
31.28.24.227 - - [20/Apr/2025:09:31:40 +0300] "POST /wp-cron.php?doing_wp_cron=1745130700.2797870635986328125000 HTTP/1.0" 200 - "-" "WordPress/6.8; https://argon-rnd.ru"
51.222.253.11 - - [20/Apr/2025:09:31:39 +0300] "GET /sitemap-14.xml HTTP/1.0" 404 140255 "-" "Mozilla/5.0 (compatible; AhrefsBot/7.0; +http://ahrefs.com/robot/)"
87.250.224.229 - - [20/Apr/2025:09:31:49 +0300] "GET /?yclid=7710547526903176844 HTTP/1.0" 200 194507 "-" "Mozilla/5.0 (compatible; YandexMetrika/2.0; +http://yandex.com/bots yabs01)"
196.251.85.246 - - [20/Apr/2025:09:32:11 +0300] "GET / HTTP/1.0" 200 194557 "-" "Mozilla/5.0 (Windows NT 10.0; Win64; x64; rv:132.0) Gecko/20100101 Firefox/132.0"
196.251.85.246 - - [20/Apr/2025:09:32:12 +0300] "GET /about/ HTTP/1.0" 200 175730 "-" "Mozilla/5.0 (Windows NT 10.0; Win64; x64; rv:132.0) Gecko/20100101 Firefox/132.0"
31.28.24.227 - - [20/Apr/2025:09:32:14 +0300] "POST /wp-cron.php?doing_wp_cron=1745130734.3332641124725341796875 HTTP/1.0" 200 - "-" "WordPress/6.8; https://argon-rnd.ru"
196.251.85.246 - - [20/Apr/2025:09:32:13 +0300] "GET /contact/ HTTP/1.0" 200 169300 "-" "Mozilla/5.0 (Windows NT 10.0; Win64; x64; rv:132.0) Gecko/20100101 Firefox/132.0"
196.251.81.58 - - [20/Apr/2025:09:32:17 +0300] "POST / HTTP/1.0" 200 195502 "https://argon-rnd.ru" "Mozilla/5.0 (Windows NT 10.0; Win64; x64; rv:132.0) Gecko/20100101 Firefox/132.0"
31.28.24.227 - - [20/Apr/2025:09:36:07 +0300] "POST /wp-cron.php?doing_wp_cron=1745130967.2181999683380126953125 HTTP/1.0" 200 - "-" "WordPress/6.8; https://argon-rnd.ru"
213.176.73.78 - - [20/Apr/2025:09:36:06 +0300] "GET / HTTP/1.0" 301 - "-" "Mozilla/5.0 (Windows NT 5.1; WOW64; rv:50.0) Gecko/20100101 Firefox/50.0"
213.176.73.78 - - [20/Apr/2025:09:36:07 +0300] "GET / HTTP/1.0" 200 194557 "-" "Mozilla/5.0 (Windows NT 5.1; WOW64; rv:50.0) Gecko/20100101 Firefox/50.0"
213.176.73.78 - - [20/Apr/2025:09:36:08 +0300] "GET /wp-login.php HTTP/1.0" 200 12251 "https://argon-rnd.ru/" "Mozilla/5.0 (Windows NT 5.1; WOW64; rv:50.0) Gecko/20100101 Firefox/50.0"
213.176.73.78 - - [20/Apr/2025:09:36:09 +0300] "POST /wp-login.php HTTP/1.0" 302 - "https://argon-rnd.ru/wp-login.php" "Mozilla/5.0 (Windows NT 5.1; WOW64; rv:50.0) Gecko/20100101 Firefox/50.0"
213.176.73.78 - - [20/Apr/2025:09:36:09 +0300] "GET /wp-admin/ HTTP/1.0" 200 386861 "https://argon-rnd.ru/wp-login.php" "Mozilla/5.0 (Windows NT 5.1; WOW64; rv:50.0) Gecko/20100101 Firefox/50.0"
213.176.73.78 - - [20/Apr/2025:09:36:11 +0300] "GET /wp-admin/ HTTP/1.0" 200 386867 "https://argon-rnd.ru/wp-admin/" "Mozilla/5.0 (Windows NT 5.1; WOW64; rv:50.0) Gecko/20100101 Firefox/50.0"
213.176.73.78 - - [20/Apr/2025:09:36:12 +0300] "GET /wp-admin/plugin-editor.php?file=suretriggers%2Fapp%2Fbuild%2Fmain.asset.php&plugin=suretriggers%2Fsuretriggers.php HTTP/1.0" 403 296 "https://argon-rnd.ru/wp-admin/" "Mozilla/5.0 (Windows NT 5.1; WOW64; rv:50.0) Gecko/20100101 Firefox/50.0"
31.28.24.227 - - [20/Apr/2025:09:37:19 +0300] "POST /wp-cron.php?doing_wp_cron=1745131039.0724060535430908203125 HTTP/1.0" 200 - "-" "WordPress/6.8; https://argon-rnd.ru"
87.250.224.129 - - [20/Apr/2025:09:37:18 +0300] "GET /?yclid=7710547526903176844 HTTP/1.0" 200 194507 "-" "Mozilla/5.0 (compatible; YandexMetrika/2.0; +http://yandex.com/bots yabs01)"
188.235.18.134 - - [20/Apr/2025:09:37:41 +0300] "GET /wbrcoc.php HTTP/1.0" 200 5766 "-" "Mozilla/5.0 (Windows NT 10.0; Win64; x64) AppleWebKit/537.36 (KHTML, like Gecko) Chrome/134.0.0.0 Safari/537.36"
188.235.18.134 - - [20/Apr/2025:09:37:43 +0300] "GET /favicon.ico HTTP/1.0" 200 370070 "https://argon-rnd.ru/wbrcoc.php" "Mozilla/5.0 (Windows NT 10.0; Win64; x64) AppleWebKit/537.36 (KHTML, like Gecko) Chrome/134.0.0.0 Safari/537.36"
188.235.18.134 - - [20/Apr/2025:09:37:55 +0300] "POST /wbrcoc.php HTTP/1.0" 200 9624 "https://argon-rnd.ru/wbrcoc.php" "Mozilla/5.0 (Windows NT 10.0; Win64; x64) AppleWebKit/537.36 (KHTML, like Gecko) Chrome/134.0.0.0 Safari/537.36"
188.235.18.134 - - [20/Apr/2025:09:37:55 +0300] "GET /favicon.ico HTTP/1.0" 200 370070 "https://argon-rnd.ru/wbrcoc.php" "Mozilla/5.0 (Windows NT 10.0; Win64; x64) AppleWebKit/537.36 (KHTML, like Gecko) Chrome/134.0.0.0 Safari/537.36"
31.28.24.227 - - [20/Apr/2025:09:38:12 +0300] "POST /wp-cron.php?doing_wp_cron=1745131092.9216899871826171875000 HTTP/1.0" 200 - "-" "WordPress/6.8; https://argon-rnd.ru"
35.233.168.216 - - [20/Apr/2025:09:38:12 +0300] "GET / HTTP/1.0" 301 - "-" "Mozilla/5.0 (Macintosh; Intel Mac OS X 14.4; rv:124.0) Gecko/20100101 Firefox/124.0"
31.28.24.227 - - [20/Apr/2025:09:38:14 +0300] "POST /wp-cron.php?doing_wp_cron=1745131094.5075850486755371093750 HTTP/1.0" 200 - "-" "WordPress/6.8; https://argon-rnd.ru"
35.233.168.216 - - [20/Apr/2025:09:38:14 +0300] "GET / HTTP/1.0" 200 194557 "http://argon-rnd.ru" "Mozilla/5.0 (Macintosh; Intel Mac OS X 14.4; rv:124.0) Gecko/20100101 Firefox/124.0"
31.28.24.227 - - [20/Apr/2025:09:40:06 +0300] "POST /wp-cron.php?doing_wp_cron=1745131205.9814350605010986328125 HTTP/1.0" 200 - "-" "WordPress/6.8; https://argon-rnd.ru"
51.222.253.17 - - [20/Apr/2025:09:40:05 +0300] "GET /sitemap-5.xml HTTP/1.0" 404 140255 "-" "Mozilla/5.0 (compatible; AhrefsBot/7.0; +http://ahrefs.com/robot/)"
85.105.35.96 - - [20/Apr/2025:09:40:39 +0300] "GET /assets/images/gzodiy.php HTTP/1.0" 200 5766 "-" "Mozilla/5.0 (Windows NT 10.0; Win64; x64) AppleWebKit/537.36 (KHTML, like Gecko) Chrome/134.0.0.0 Safari/537.36"
85.105.35.96 - - [20/Apr/2025:09:40:43 +0300] "GET /favicon.ico HTTP/1.0" 200 370070 "http://argon-rnd.ru/assets/images/gzodiy.php" "Mozilla/5.0 (Windows NT 10.0; Win64; x64) AppleWebKit/537.36 (KHTML, like Gecko) Chrome/134.0.0.0 Safari/537.36"
85.105.35.96 - - [20/Apr/2025:09:40:53 +0300] "POST /assets/images/gzodiy.php HTTP/1.0" 200 9760 "http://argon-rnd.ru/assets/images/gzodiy.php" "Mozilla/5.0 (Windows NT 10.0; Win64; x64) AppleWebKit/537.36 (KHTML, like Gecko) Chrome/134.0.0.0 Safari/537.36"
85.105.35.96 - - [20/Apr/2025:09:40:54 +0300] "GET /favicon.ico HTTP/1.0" 200 370070 "http://argon-rnd.ru/assets/images/gzodiy.php" "Mozilla/5.0 (Windows NT 10.0; Win64; x64) AppleWebKit/537.36 (KHTML, like Gecko) Chrome/134.0.0.0 Safari/537.36"
31.28.24.227 - - [20/Apr/2025:09:42:27 +0300] "POST /wp-cron.php?doing_wp_cron=1745131347.7077779769897460937500 HTTP/1.0" 200 - "-" "WordPress/6.8; https://argon-rnd.ru"
87.250.224.101 - - [20/Apr/2025:09:42:27 +0300] "GET /?yclid=7710547526903176844 HTTP/1.0" 200 194507 "-" "Mozilla/5.0 (compatible; YandexMetrika/2.0; +http://yandex.com/bots yabs01)"
31.28.24.227 - - [20/Apr/2025:09:46:21 +0300] "POST /wp-cron.php?doing_wp_cron=1745131581.7709250450134277343750 HTTP/1.0" 200 - "-" "WordPress/6.8; https://argon-rnd.ru"
51.91.24.65 - - [20/Apr/2025:09:46:21 +0300] "POST /xmlrpc.php HTTP/1.0" 200 441 "-" "Mozilla/5.0 (Windows NT 10.0; Win64; x64; rv:82.0) Gecko/20100101 Firefox/82.0"
31.28.24.227 - - [20/Apr/2025:09:48:03 +0300] "POST /wp-cron.php?doing_wp_cron=1745131683.4706339836120605468750 HTTP/1.0" 200 - "-" "WordPress/6.8; https://argon-rnd.ru"
87.250.224.110 - - [20/Apr/2025:09:48:03 +0300] "GET /?yclid=7710547526903176844 HTTP/1.0" 200 194507 "-" "Mozilla/5.0 (compatible; YandexMetrika/2.0; +http://yandex.com/bots yabs01)"
51.222.253.19 - - [20/Apr/2025:09:48:10 +0300] "GET /comments/feed/ HTTP/1.0" 200 859 "-" "Mozilla/5.0 (compatible; AhrefsBot/7.0; +http://ahrefs.com/robot/)"
31.28.24.227 - - [20/Apr/2025:09:53:27 +0300] "POST /wp-cron.php?doing_wp_cron=1745132007.9595799446105957031250 HTTP/1.0" 200 - "-" "WordPress/6.8; https://argon-rnd.ru"
213.180.203.183 - - [20/Apr/2025:09:53:27 +0300] "GET /?yclid=7710547526903176844 HTTP/1.0" 200 194507 "-" "Mozilla/5.0 (compatible; YandexMetrika/2.0; +http://yandex.com/bots yabs01)"
31.28.24.227 - - [20/Apr/2025:09:54:15 +0300] "POST /wp-cron.php?doing_wp_cron=1745132055.8188240528106689453125 HTTP/1.0" 200 - "-" "WordPress/6.8; https://argon-rnd.ru"
45.164.92.132 - - [20/Apr/2025:09:54:15 +0300] "POST /xmlrpc.php HTTP/1.0" 200 439 "-" "Mozilla/5.0 (X11; Fedora; Linux x86_64; rv:94.0) Gecko/20100101 Firefox/95.0"
31.28.24.227 - - [20/Apr/2025:09:56:52 +0300] "POST /wp-cron.php?doing_wp_cron=1745132212.6041789054870605468750 HTTP/1.0" 200 - "-" "WordPress/6.8; https://argon-rnd.ru"
213.180.203.13 - - [20/Apr/2025:09:56:52 +0300] "GET /?yclid=7710547526903176844 HTTP/1.0" 200 194507 "-" "Mozilla/5.0 (compatible; YandexMetrika/2.0; +http://yandex.com/bots yabs01)"
51.222.253.8 - - [20/Apr/2025:09:56:59 +0300] "GET /101067900 HTTP/1.0" 404 142044 "-" "Mozilla/5.0 (compatible; AhrefsBot/7.0; +http://ahrefs.com/robot/)"
31.28.24.227 - - [20/Apr/2025:10:01:44 +0300] "POST /wp-cron.php?doing_wp_cron=1745132504.3773889541625976562500 HTTP/1.0" 200 - "-" "WordPress/6.8; https://argon-rnd.ru"
157.55.39.197 - - [20/Apr/2025:10:01:43 +0300] "GET /sitemap-7.xml HTTP/1.0" 404 140255 "-" "Mozilla/5.0 AppleWebKit/537.36 (KHTML, like Gecko; compatible; bingbot/2.0; +http://www.bing.com/bingbot.htm) Chrome/116.0.1938.76 Safari/537.36"
157.55.39.197 - - [20/Apr/2025:10:01:46 +0300] "GET /sitemap-10.xml HTTP/1.0" 404 140255 "-" "Mozilla/5.0 AppleWebKit/537.36 (KHTML, like Gecko; compatible; bingbot/2.0; +http://www.bing.com/bingbot.htm) Chrome/116.0.1938.76 Safari/537.36"
157.55.39.197 - - [20/Apr/2025:10:01:47 +0300] "GET /sitemap-1.xml HTTP/1.0" 404 140255 "-" "Mozilla/5.0 AppleWebKit/537.36 (KHTML, like Gecko; compatible; bingbot/2.0; +http://www.bing.com/bingbot.htm) Chrome/116.0.1938.76 Safari/537.36"
31.28.24.227 - - [20/Apr/2025:10:02:17 +0300] "POST /wp-cron.php?doing_wp_cron=1745132537.8674850463867187500000 HTTP/1.0" 200 - "-" "WordPress/6.8; https://argon-rnd.ru"
213.180.203.124 - - [20/Apr/2025:10:02:17 +0300] "GET /?yclid=7710547526903176844 HTTP/1.0" 200 194507 "-" "Mozilla/5.0 (compatible; YandexMetrika/2.0; +http://yandex.com/bots yabs01)"
95.170.119.191 - - [20/Apr/2025:10:03:25 +0300] "GET /wbrcoc.php HTTP/1.0" 200 5766 "-" "Mozilla/5.0 (Windows NT 10.0; Win64; x64) AppleWebKit/537.36 (KHTML, like Gecko) Chrome/134.0.0.0 Safari/537.36"
95.170.119.191 - - [20/Apr/2025:10:03:28 +0300] "GET /favicon.ico HTTP/1.0" 200 370070 "https://argon-rnd.ru/wbrcoc.php" "Mozilla/5.0 (Windows NT 10.0; Win64; x64) AppleWebKit/537.36 (KHTML, like Gecko) Chrome/134.0.0.0 Safari/537.36"
95.170.119.191 - - [20/Apr/2025:10:03:38 +0300] "POST /wbrcoc.php HTTP/1.0" 200 9617 "https://argon-rnd.ru/wbrcoc.php" "Mozilla/5.0 (Windows NT 10.0; Win64; x64) AppleWebKit/537.36 (KHTML, like Gecko) Chrome/134.0.0.0 Safari/537.36"
95.170.119.191 - - [20/Apr/2025:10:03:38 +0300] "GET /favicon.ico HTTP/1.0" 200 370070 "https://argon-rnd.ru/wbrcoc.php" "Mozilla/5.0 (Windows NT 10.0; Win64; x64) AppleWebKit/537.36 (KHTML, like Gecko) Chrome/134.0.0.0 Safari/537.36"
31.28.24.227 - - [20/Apr/2025:10:05:36 +0300] "POST /wp-cron.php?doing_wp_cron=1745132736.1435608863830566406250 HTTP/1.0" 200 - "-" "WordPress/6.8; https://argon-rnd.ru"
129.232.239.98 - - [20/Apr/2025:10:05:35 +0300] "POST /xmlrpc.php HTTP/1.0" 200 441 "-" "Mozilla/5.0 (Windows NT 10.0; Win64; x64; rv:68.0) Gecko/20100101 Firefox/68.0"
51.222.253.11 - - [20/Apr/2025:10:05:37 +0300] "GET /102860346 HTTP/1.0" 404 142044 "-" "Mozilla/5.0 (compatible; AhrefsBot/7.0; +http://ahrefs.com/robot/)"
201.158.48.90 - - [20/Apr/2025:10:06:08 +0300] "GET /assets/images/gzodiy.php HTTP/1.0" 200 5766 "-" "Mozilla/5.0 (Windows NT 10.0; Win64; x64) AppleWebKit/537.36 (KHTML, like Gecko) Chrome/133.0.0.0 Safari/537.36"
201.158.48.90 - - [20/Apr/2025:10:06:12 +0300] "GET /favicon.ico HTTP/1.0" 200 370070 "http://argon-rnd.ru/assets/images/gzodiy.php" "Mozilla/5.0 (Windows NT 10.0; Win64; x64) AppleWebKit/537.36 (KHTML, like Gecko) Chrome/133.0.0.0 Safari/537.36"
201.158.48.90 - - [20/Apr/2025:10:06:21 +0300] "POST /assets/images/gzodiy.php HTTP/1.0" 200 9655 "http://argon-rnd.ru/assets/images/gzodiy.php" "Mozilla/5.0 (Windows NT 10.0; Win64; x64) AppleWebKit/537.36 (KHTML, like Gecko) Chrome/133.0.0.0 Safari/537.36"
201.158.48.90 - - [20/Apr/2025:10:06:21 +0300] "GET /favicon.ico HTTP/1.0" 200 370070 "http://argon-rnd.ru/assets/images/gzodiy.php" "Mozilla/5.0 (Windows NT 10.0; Win64; x64) AppleWebKit/537.36 (KHTML, like Gecko) Chrome/133.0.0.0 Safari/537.36"
31.28.24.227 - - [20/Apr/2025:10:07:46 +0300] "POST /wp-cron.php?doing_wp_cron=1745132866.3298599720001220703125 HTTP/1.0" 200 - "-" "WordPress/6.8; https://argon-rnd.ru"
95.108.213.131 - - [20/Apr/2025:10:07:45 +0300] "GET /?yclid=7710547526903176844 HTTP/1.0" 200 194507 "-" "Mozilla/5.0 (compatible; YandexMetrika/2.0; +http://yandex.com/bots yabs01)"
31.28.24.227 - - [20/Apr/2025:10:14:21 +0300] "POST /wp-cron.php?doing_wp_cron=1745133261.1383879184722900390625 HTTP/1.0" 200 - "-" "WordPress/6.8; https://argon-rnd.ru"
31.28.24.227 - - [20/Apr/2025:10:14:21 +0300] "POST /wp-cron.php?doing_wp_cron=1745133261.2022740840911865234375 HTTP/1.0" 200 - "-" "WordPress/6.8; https://argon-rnd.ru"
51.222.253.5 - - [20/Apr/2025:10:14:20 +0300] "GET /104086794 HTTP/1.0" 404 142044 "-" "Mozilla/5.0 (compatible; AhrefsBot/7.0; +http://ahrefs.com/robot/)"
65.109.145.234 - - [20/Apr/2025:10:15:10 +0300] "POST /xmlrpc.php HTTP/1.0" 200 441 "-" "Mozilla/5.0 (Windows NT 10.0; Win64; x64; rv:69.0) Gecko/20100101 Firefox/69.0"
37.19.221.38 - - [20/Apr/2025:10:15:18 +0300] "GET /wp-content/plugins/suretriggers/readme.txt HTTP/1.0" 200 41227 "-" "Mozilla/5.0 (Windows NT 10.0; Win64; x64) AppleWebKit/537.36 (KHTML, like Gecko) Chrome/120.0.0.0 Safari/537.36"
31.28.24.227 - - [20/Apr/2025:10:15:19 +0300] "POST /wp-cron.php?doing_wp_cron=1745133319.4165730476379394531250 HTTP/1.0" 200 - "-" "WordPress/6.8; https://argon-rnd.ru"
37.19.221.38 - - [20/Apr/2025:10:15:18 +0300] "POST /wp-json/sure-triggers/v1/automation/action HTTP/1.0" 200 1902 "-" "Mozilla/5.0 (Windows NT 10.0; Win64; x64) AppleWebKit/537.36 (KHTML, like Gecko) Chrome/120.0.0.0 Safari/537.36"
31.28.24.227 - - [20/Apr/2025:10:18:13 +0300] "POST /wp-cron.php?doing_wp_cron=1745133493.1233849525451660156250 HTTP/1.0" 200 - "-" "WordPress/6.8; https://argon-rnd.ru"
213.180.203.217 - - [20/Apr/2025:10:18:12 +0300] "GET /?yclid=7710547526903176844 HTTP/1.0" 200 194507 "-" "Mozilla/5.0 (compatible; YandexMetrika/2.0; +http://yandex.com/bots yabs01)"
31.28.24.227 - - [20/Apr/2025:10:19:28 +0300] "POST /wp-cron.php?doing_wp_cron=1745133568.2690460681915283203125 HTTP/1.0" 200 - "-" "WordPress/6.8; https://argon-rnd.ru"
95.108.213.216 - - [20/Apr/2025:10:19:27 +0300] "GET /?yclid=7710547526903176844 HTTP/1.0" 200 194507 "-" "Mozilla/5.0 (compatible; YandexMetrika/2.0; +http://yandex.com/bots yabs01)"
31.28.24.227 - - [20/Apr/2025:10:22:54 +0300] "POST /wp-cron.php?doing_wp_cron=1745133774.4588830471038818359375 HTTP/1.0" 200 - "-" "WordPress/6.8; https://argon-rnd.ru"
51.222.253.14 - - [20/Apr/2025:10:22:53 +0300] "GET /13137746 HTTP/1.0" 404 142044 "-" "Mozilla/5.0 (compatible; AhrefsBot/7.0; +http://ahrefs.com/robot/)"
31.28.24.227 - - [20/Apr/2025:10:25:02 +0300] "POST /wp-cron.php?doing_wp_cron=1745133902.3906259536743164062500 HTTP/1.0" 200 - "-" "WordPress/6.8; https://argon-rnd.ru"
213.180.203.222 - - [20/Apr/2025:10:25:01 +0300] "GET /?yclid=7710547526903176844 HTTP/1.0" 200 194507 "-" "Mozilla/5.0 (compatible; YandexMetrika/2.0; +http://yandex.com/bots yabs01)"
31.28.24.227 - - [20/Apr/2025:10:27:05 +0300] "POST /wp-cron.php?doing_wp_cron=1745134025.1612410545349121093750 HTTP/1.0" 200 - "-" "WordPress/6.8; https://argon-rnd.ru"
91.218.64.199 - - [20/Apr/2025:10:27:04 +0300] "POST /xmlrpc.php HTTP/1.0" 200 439 "-" "Mozilla/5.0 (X11; Fedora; Linux x86_64; rv:94.0) Gecko/20100101 Firefox/95.0"
31.28.24.227 - - [20/Apr/2025:10:27:31 +0300] "POST /wp-cron.php?doing_wp_cron=1745134051.1989290714263916015625 HTTP/1.0" 200 - "-" "WordPress/6.8; https://argon-rnd.ru"
3.84.120.7 - - [20/Apr/2025:10:27:30 +0300] "POST /xmlrpc.php HTTP/1.0" 200 441 "-" "Mozilla/5.0 (Windows NT 10.0; Win64; x64; rv:58.0) Gecko/20100101 Firefox/58.0"
31.28.24.227 - - [20/Apr/2025:10:30:56 +0300] "POST /wp-cron.php?doing_wp_cron=1745134256.5080499649047851562500 HTTP/1.0" 200 - "-" "WordPress/6.8; https://argon-rnd.ru"
5.255.231.63 - - [20/Apr/2025:10:30:56 +0300] "GET /?yclid=7710547526903176844 HTTP/1.0" 200 194507 "-" "Mozilla/5.0 (compatible; YandexMetrika/2.0; +http://yandex.com/bots yabs01)"
45.142.122.22 - - [20/Apr/2025:10:31:11 +0300] "GET / HTTP/1.0" 301 - "-" "Mozilla/5.0 (Macintosh; Intel Mac OS X 10.10; rv:46.0) Gecko/20100101 Firefox/46.0"
45.142.122.22 - - [20/Apr/2025:10:31:12 +0300] "GET / HTTP/1.0" 200 194557 "-" "Mozilla/5.0 (Macintosh; Intel Mac OS X 10.10; rv:46.0) Gecko/20100101 Firefox/46.0"
31.28.24.227 - - [20/Apr/2025:10:31:22 +0300] "POST /wp-cron.php?doing_wp_cron=1745134282.4121561050415039062500 HTTP/1.0" 200 - "-" "WordPress/6.8; https://argon-rnd.ru"
45.142.122.22 - - [20/Apr/2025:10:31:21 +0300] "POST /wp-json/sure-triggers/v1/automation/action HTTP/1.0" 200 1944 "https://argon-rnd.ru/" "Mozilla/5.0 (Macintosh; Intel Mac OS X 10.10; rv:46.0) Gecko/20100101 Firefox/46.0"
45.142.122.22 - - [20/Apr/2025:10:31:25 +0300] "GET /wp-login.php HTTP/1.0" 200 12251 "https://argon-rnd.ru/wp-json/sure-triggers/v1/automation/action" "Mozilla/5.0 (Macintosh; Intel Mac OS X 10.10; rv:46.0) Gecko/20100101 Firefox/46.0"
51.222.253.14 - - [20/Apr/2025:10:31:31 +0300] "GET /17019968 HTTP/1.0" 404 142044 "-" "Mozilla/5.0 (compatible; AhrefsBot/7.0; +http://ahrefs.com/robot/)"
179.124.139.213 - - [20/Apr/2025:10:32:12 +0300] "GET /assets/images/gzodiy.php HTTP/1.0" 200 5766 "-" "Mozilla/5.0 (Windows NT 10.0; Win64; x64) AppleWebKit/537.36 (KHTML, like Gecko) Chrome/133.0.0.0 Safari/537.36"
179.124.139.213 - - [20/Apr/2025:10:32:21 +0300] "GET /favicon.ico HTTP/1.0" 200 370070 "http://argon-rnd.ru/assets/images/gzodiy.php" "Mozilla/5.0 (Windows NT 10.0; Win64; x64) AppleWebKit/537.36 (KHTML, like Gecko) Chrome/133.0.0.0 Safari/537.36"
179.124.139.213 - - [20/Apr/2025:10:32:26 +0300] "POST /assets/images/gzodiy.php HTTP/1.0" 200 9636 "http://argon-rnd.ru/assets/images/gzodiy.php" "Mozilla/5.0 (Windows NT 10.0; Win64; x64) AppleWebKit/537.36 (KHTML, like Gecko) Chrome/133.0.0.0 Safari/537.36"
179.124.139.213 - - [20/Apr/2025:10:32:27 +0300] "GET /favicon.ico HTTP/1.0" 200 370070 "http://argon-rnd.ru/assets/images/gzodiy.php" "Mozilla/5.0 (Windows NT 10.0; Win64; x64) AppleWebKit/537.36 (KHTML, like Gecko) Chrome/133.0.0.0 Safari/537.36"
31.28.24.227 - - [20/Apr/2025:10:34:40 +0300] "POST /wp-cron.php?doing_wp_cron=1745134480.4074931144714355468750 HTTP/1.0" 200 - "-" "WordPress/6.8; https://argon-rnd.ru"
51.75.55.211 - - [20/Apr/2025:10:34:39 +0300] "POST /xmlrpc.php HTTP/1.0" 200 441 "http://argon-rnd.ru" "Mozilla/5.0 (Windows NT 10.0; Win64; x64; rv:128.0) Gecko/20100101 Firefox/128.0"
31.28.24.227 - - [20/Apr/2025:10:40:01 +0300] "POST /wp-cron.php?doing_wp_cron=1745134801.3620679378509521484375 HTTP/1.0" 200 - "-" "WordPress/6.8; https://argon-rnd.ru"
51.222.253.19 - - [20/Apr/2025:10:40:00 +0300] "GET /17851302 HTTP/1.0" 404 142044 "-" "Mozilla/5.0 (compatible; AhrefsBot/7.0; +http://ahrefs.com/robot/)"
108.160.159.239 - - [20/Apr/2025:10:40:12 +0300] "POST /xmlrpc.php HTTP/1.0" 200 441 "http://argon-rnd.ru" "Mozilla/5.0 (Macintosh; Intel Mac OS X 10_15_7; rv:126.0) Gecko/20100101 Firefox/126.0"
31.28.24.227 - - [20/Apr/2025:10:40:46 +0300] "POST /wp-cron.php?doing_wp_cron=1745134846.5706689357757568359375 HTTP/1.0" 200 - "-" "WordPress/6.8; https://argon-rnd.ru"
87.250.224.41 - - [20/Apr/2025:10:40:46 +0300] "GET /?yclid=7710547526903176844 HTTP/1.0" 200 194507 "-" "Mozilla/5.0 (compatible; YandexMetrika/2.0; +http://yandex.com/bots yabs01)"
31.28.24.227 - - [20/Apr/2025:10:41:26 +0300] "POST /wp-cron.php?doing_wp_cron=1745134886.4351050853729248046875 HTTP/1.0" 200 - "-" "WordPress/6.8; https://argon-rnd.ru"
95.108.213.241 - - [20/Apr/2025:10:41:25 +0300] "GET /?yclid=7710547526903176844 HTTP/1.0" 200 194507 "-" "Mozilla/5.0 (compatible; YandexMetrika/2.0; +http://yandex.com/bots yabs01)"
31.28.24.227 - - [20/Apr/2025:10:42:16 +0300] "POST /wp-cron.php?doing_wp_cron=1745134936.1809260845184326171875 HTTP/1.0" 200 - "-" "WordPress/6.8; https://argon-rnd.ru"
213.176.73.78 - - [20/Apr/2025:10:42:15 +0300] "GET / HTTP/1.0" 301 - "-" "Mozilla/5.0 (Windows NT 6.3; Win64; x64; rv:47.0) Gecko/20100101 Firefox/47.0"
213.176.73.78 - - [20/Apr/2025:10:42:16 +0300] "GET / HTTP/1.0" 200 194557 "-" "Mozilla/5.0 (Windows NT 6.3; Win64; x64; rv:47.0) Gecko/20100101 Firefox/47.0"
213.176.73.78 - - [20/Apr/2025:10:42:17 +0300] "GET /wp-login.php HTTP/1.0" 200 12251 "https://argon-rnd.ru/" "Mozilla/5.0 (Windows NT 6.3; Win64; x64; rv:47.0) Gecko/20100101 Firefox/47.0"
213.176.73.78 - - [20/Apr/2025:10:42:19 +0300] "POST /wp-login.php HTTP/1.0" 302 - "https://argon-rnd.ru/wp-login.php" "Mozilla/5.0 (Windows NT 6.3; Win64; x64; rv:47.0) Gecko/20100101 Firefox/47.0"
213.176.73.78 - - [20/Apr/2025:10:42:19 +0300] "GET /wp-admin/ HTTP/1.0" 200 387902 "https://argon-rnd.ru/wp-login.php" "Mozilla/5.0 (Windows NT 6.3; Win64; x64; rv:47.0) Gecko/20100101 Firefox/47.0"
213.176.73.78 - - [20/Apr/2025:10:42:20 +0300] "GET /wp-admin/ HTTP/1.0" 200 387822 "https://argon-rnd.ru/wp-admin/" "Mozilla/5.0 (Windows NT 6.3; Win64; x64; rv:47.0) Gecko/20100101 Firefox/47.0"
213.176.73.78 - - [20/Apr/2025:10:42:21 +0300] "GET /wp-admin/ HTTP/1.0" 200 387822 "https://argon-rnd.ru/wp-admin/" "Mozilla/5.0 (Windows NT 6.3; Win64; x64; rv:47.0) Gecko/20100101 Firefox/47.0"
213.176.73.78 - - [20/Apr/2025:10:42:22 +0300] "POST /wp-json/wp/v2/plugins HTTP/1.0" 500 182 "https://argon-rnd.ru/wp-admin/" "Mozilla/5.0 (Windows NT 6.3; Win64; x64; rv:47.0) Gecko/20100101 Firefox/47.0"
213.176.73.78 - - [20/Apr/2025:10:42:25 +0300] "PUT /wp-json/wp/v2/plugins/wp-console/wp-console/?status=active HTTP/1.0" 200 686 "https://argon-rnd.ru/wp-json/wp/v2/plugins" "Mozilla/5.0 (Windows NT 6.3; Win64; x64; rv:47.0) Gecko/20100101 Firefox/47.0"
213.176.73.78 - - [20/Apr/2025:10:42:26 +0300] "POST /wp-json/wp-console/v1/console?_locale=user HTTP/1.0" 200 104 "https://argon-rnd.ru/wp-json/wp/v2/plugins/wp-console/wp-console/?status=active" "Mozilla/5.0 (Windows NT 6.3; Win64; x64; rv:47.0) Gecko/20100101 Firefox/47.0"
213.176.73.78 - - [20/Apr/2025:10:42:27 +0300] "GET /8b3dcf0e07bc.php HTTP/1.0" 200 7 "https://argon-rnd.ru/wp-json/wp-console/v1/console?_locale=user" "Mozilla/5.0 (Windows NT 6.3; Win64; x64; rv:47.0) Gecko/20100101 Firefox/47.0"
31.28.24.227 - - [20/Apr/2025:10:43:28 +0300] "POST /wp-cron.php?doing_wp_cron=1745135008.3255310058593750000000 HTTP/1.0" 200 - "-" "WordPress/6.8; https://argon-rnd.ru"
45.142.122.22 - - [20/Apr/2025:10:43:27 +0300] "GET / HTTP/1.0" 301 - "-" "Mozilla/5.0 (Windows NT 6.3; Win64; x64; rv:51.0) Gecko/20100101 Firefox/51.0"
45.142.122.22 - - [20/Apr/2025:10:43:28 +0300] "GET / HTTP/1.0" 200 194557 "-" "Mozilla/5.0 (Windows NT 6.3; Win64; x64; rv:51.0) Gecko/20100101 Firefox/51.0"
45.142.122.22 - - [20/Apr/2025:10:43:29 +0300] "GET /wp-login.php HTTP/1.0" 200 12251 "https://argon-rnd.ru/" "Mozilla/5.0 (Windows NT 6.3; Win64; x64; rv:51.0) Gecko/20100101 Firefox/51.0"
45.142.122.22 - - [20/Apr/2025:10:43:30 +0300] "POST /wp-login.php HTTP/1.0" 302 - "https://argon-rnd.ru/wp-login.php" "Mozilla/5.0 (Windows NT 6.3; Win64; x64; rv:51.0) Gecko/20100101 Firefox/51.0"
45.142.122.22 - - [20/Apr/2025:10:43:30 +0300] "GET /wp-admin/ HTTP/1.0" 200 387816 "https://argon-rnd.ru/wp-login.php" "Mozilla/5.0 (Windows NT 6.3; Win64; x64; rv:51.0) Gecko/20100101 Firefox/51.0"
45.142.122.22 - - [20/Apr/2025:10:43:32 +0300] "GET /wp-admin/ HTTP/1.0" 200 387822 "https://argon-rnd.ru/wp-admin/" "Mozilla/5.0 (Windows NT 6.3; Win64; x64; rv:51.0) Gecko/20100101 Firefox/51.0"
45.142.122.22 - - [20/Apr/2025:10:43:33 +0300] "GET /wp-admin/plugin-install.php?tab=upload HTTP/1.0" 200 289405 "https://argon-rnd.ru/wp-admin/" "Mozilla/5.0 (Windows NT 6.3; Win64; x64; rv:51.0) Gecko/20100101 Firefox/51.0"
45.142.122.22 - - [20/Apr/2025:10:43:34 +0300] "POST /wp-admin/update.php?action=upload-plugin HTTP/1.0" 500 255 "https://argon-rnd.ru/wp-admin/plugin-install.php?tab=upload" "Mozilla/5.0 (Windows NT 6.3; Win64; x64; rv:51.0) Gecko/20100101 Firefox/51.0"
45.142.122.22 - - [20/Apr/2025:10:43:35 +0300] "GET /wp-content/uploads/2025/04/8b3dcf0e07bc.php HTTP/1.0" 403 245 "https://argon-rnd.ru/wp-admin/update.php?action=upload-plugin" "Mozilla/5.0 (Windows NT 6.3; Win64; x64; rv:51.0) Gecko/20100101 Firefox/51.0"
45.142.122.22 - - [20/Apr/2025:10:43:35 +0300] "GET /wp-admin/plugins.php HTTP/1.0" 200 383591 "https://argon-rnd.ru/wp-content/uploads/2025/04/8b3dcf0e07bc.php" "Mozilla/5.0 (Windows NT 6.3; Win64; x64; rv:51.0) Gecko/20100101 Firefox/51.0"
45.142.122.22 - - [20/Apr/2025:10:43:36 +0300] "GET /wp-admin/plugins.php?action=delete-selected&checked%5B0%5D=background-image-cropper%2Fbackground-image-cropper.php&plugin_status=all&paged=1&s&_wpnonce=ac19bbf6f0 HTTP/1.0" 200 287792 "https://argon-rnd.ru/wp-admin/plugins.php" "Mozilla/5.0 (Windows NT 6.3; Win64; x64; rv:51.0) Gecko/20100101 Firefox/51.0"
45.142.122.22 - - [20/Apr/2025:10:43:37 +0300] "GET /wp-admin/plugin-install.php?tab=upload HTTP/1.0" 200 289405 "https://argon-rnd.ru/wp-admin/plugins.php?action=delete-selected&checked%5B0%5D=background-image-cropper%2Fbackground-image-cropper.php&plugin_status=all&paged=1&s&_wpnonce=ac19bbf6f0" "Mozilla/5.0 (Windows NT 6.3; Win64; x64; rv:51.0) Gecko/20100101 Firefox/51.0"
45.142.122.22 - - [20/Apr/2025:10:43:37 +0300] "POST /wp-admin/update.php?action=upload-plugin HTTP/1.0" 200 265406 "https://argon-rnd.ru/wp-admin/plugin-install.php?tab=upload" "Mozilla/5.0 (Windows NT 6.3; Win64; x64; rv:51.0) Gecko/20100101 Firefox/51.0"
45.142.122.22 - - [20/Apr/2025:10:43:44 +0300] "POST /wp-content/plugins/background-image-cropper/accesson.php HTTP/1.0" 404 213285 "https://argon-rnd.ru/wp-admin/update.php?action=upload-plugin" "Mozilla/5.0 (Windows NT 6.3; Win64; x64; rv:51.0) Gecko/20100101 Firefox/51.0"
45.142.122.22 - - [20/Apr/2025:10:43:45 +0300] "POST /wp-content/plugins/background-image-cropper/8b3dcf0e07bc.php HTTP/1.0" 200 9 "https://argon-rnd.ru/wp-content/plugins/background-image-cropper/accesson.php" "Mozilla/5.0 (Windows NT 6.3; Win64; x64; rv:51.0) Gecko/20100101 Firefox/51.0"
31.28.24.227 - - [20/Apr/2025:10:46:13 +0300] "POST /wp-cron.php?doing_wp_cron=1745135173.8199520111083984375000 HTTP/1.0" 200 - "-" "WordPress/6.8; https://argon-rnd.ru"
192.64.117.254 - - [20/Apr/2025:10:46:13 +0300] "POST /xmlrpc.php HTTP/1.0" 200 441 "http://argon-rnd.ru" "Mozilla/5.0 (Macintosh; Intel Mac OS X 14.5) AppleWebKit/618.3.5 (KHTML, like Gecko) Version/17.4 Safari/618.3.5"
31.28.24.227 - - [20/Apr/2025:10:47:43 +0300] "POST /wp-cron.php?doing_wp_cron=1745135263.6805880069732666015625 HTTP/1.0" 200 - "-" "WordPress/6.8; https://argon-rnd.ru"
213.180.203.55 - - [20/Apr/2025:10:47:43 +0300] "GET /?yclid=7710547526903176844 HTTP/1.0" 200 194507 "-" "Mozilla/5.0 (compatible; YandexMetrika/2.0; +http://yandex.com/bots yabs01)"
31.28.24.227 - - [20/Apr/2025:10:49:04 +0300] "POST /wp-cron.php?doing_wp_cron=1745135344.0001599788665771484375 HTTP/1.0" 200 - "-" "WordPress/6.8; https://argon-rnd.ru"
51.222.253.18 - - [20/Apr/2025:10:49:03 +0300] "GET /20068374 HTTP/1.0" 404 142044 "-" "Mozilla/5.0 (compatible; AhrefsBot/7.0; +http://ahrefs.com/robot/)"
31.28.24.227 - - [20/Apr/2025:10:49:14 +0300] "POST /wp-cron.php?doing_wp_cron=1745135354.0844950675964355468750 HTTP/1.0" 200 - "-" "WordPress/6.8; https://argon-rnd.ru"
35.242.254.186 - - [20/Apr/2025:10:49:13 +0300] "POST /xmlrpc.php HTTP/1.0" 200 441 "-" "Mozilla/5.0 (Windows NT 10.0; Win64; x64; rv:60.0) Gecko/20100101 Firefox/60.0"
31.28.24.227 - - [20/Apr/2025:10:50:54 +0300] "POST /wp-cron.php?doing_wp_cron=1745135454.3082509040832519531250 HTTP/1.0" 200 - "-" "WordPress/6.8; https://argon-rnd.ru"
45.142.122.22 - - [20/Apr/2025:10:50:53 +0300] "GET / HTTP/1.0" 301 - "-" "Mozilla/5.0 (compatible; MSIE 9.0; Windows NT 6.1; Trident/5.0)"
45.142.122.22 - - [20/Apr/2025:10:50:54 +0300] "GET / HTTP/1.0" 200 194557 "-" "Mozilla/5.0 (compatible; MSIE 9.0; Windows NT 6.1; Trident/5.0)"
45.142.122.22 - - [20/Apr/2025:10:50:56 +0300] "GET /wp-login.php HTTP/1.0" 200 12251 "https://argon-rnd.ru/" "Mozilla/5.0 (compatible; MSIE 9.0; Windows NT 6.1; Trident/5.0)"
45.142.122.22 - - [20/Apr/2025:10:51:00 +0300] "POST /wp-login.php HTTP/1.0" 302 - "https://argon-rnd.ru/wp-login.php" "Mozilla/5.0 (compatible; MSIE 9.0; Windows NT 6.1; Trident/5.0)"
45.142.122.22 - - [20/Apr/2025:10:51:01 +0300] "GET /wp-admin/ HTTP/1.0" 200 387485 "https://argon-rnd.ru/wp-login.php" "Mozilla/5.0 (compatible; MSIE 9.0; Windows NT 6.1; Trident/5.0)"
45.142.122.22 - - [20/Apr/2025:10:51:02 +0300] "GET /wp-admin/ HTTP/1.0" 200 387485 "https://argon-rnd.ru/wp-admin/" "Mozilla/5.0 (compatible; MSIE 9.0; Windows NT 6.1; Trident/5.0)"
45.142.122.22 - - [20/Apr/2025:10:51:03 +0300] "GET /wp-admin/plugin-editor.php?file=suretriggers%2Fapp%2Fbuild%2Fmain.asset.php&plugin=suretriggers%2Fsuretriggers.php HTTP/1.0" 403 296 "https://argon-rnd.ru/wp-admin/" "Mozilla/5.0 (compatible; MSIE 9.0; Windows NT 6.1; Trident/5.0)"
31.28.24.227 - - [20/Apr/2025:10:52:16 +0300] "POST /wp-cron.php?doing_wp_cron=1745135536.4045410156250000000000 HTTP/1.0" 200 - "-" "WordPress/6.8; https://argon-rnd.ru"
91.151.95.70 - - [20/Apr/2025:10:52:15 +0300] "POST /xmlrpc.php HTTP/1.0" 200 441 "http://argon-rnd.ru" "Mozilla/5.0 (Macintosh; Intel Mac OS X 10_15_7) AppleWebKit/537.36 (KHTML, like Gecko) Chrome/116.0.5845.96 Safari/537.36"
31.28.24.227 - - [20/Apr/2025:10:53:20 +0300] "POST /wp-cron.php?doing_wp_cron=1745135600.0868399143218994140625 HTTP/1.0" 200 - "-" "WordPress/6.8; https://argon-rnd.ru"
213.180.203.246 - - [20/Apr/2025:10:53:19 +0300] "GET /?yclid=7710547526903176844 HTTP/1.0" 200 194507 "-" "Mozilla/5.0 (compatible; YandexMetrika/2.0; +http://yandex.com/bots yabs01)"
2.58.21.130 - - [20/Apr/2025:10:54:43 +0300] "GET /wbrcoc.php HTTP/1.0" 200 5766 "-" "Mozilla/5.0 (Windows NT 10.0; Win64; x64) AppleWebKit/537.36 (KHTML, like Gecko) Chrome/134.0.0.0 Safari/537.36"
2.58.21.130 - - [20/Apr/2025:10:54:43 +0300] "GET /favicon.ico HTTP/1.0" 200 370070 "https://argon-rnd.ru/wbrcoc.php" "Mozilla/5.0 (Windows NT 10.0; Win64; x64) AppleWebKit/537.36 (KHTML, like Gecko) Chrome/134.0.0.0 Safari/537.36"
2.58.21.130 - - [20/Apr/2025:10:54:56 +0300] "POST /wbrcoc.php HTTP/1.0" 200 9627 "https://argon-rnd.ru/wbrcoc.php" "Mozilla/5.0 (Windows NT 10.0; Win64; x64) AppleWebKit/537.36 (KHTML, like Gecko) Chrome/134.0.0.0 Safari/537.36"
2.58.21.130 - - [20/Apr/2025:10:54:56 +0300] "GET /favicon.ico HTTP/1.0" 200 370070 "https://argon-rnd.ru/wbrcoc.php" "Mozilla/5.0 (Windows NT 10.0; Win64; x64) AppleWebKit/537.36 (KHTML, like Gecko) Chrome/134.0.0.0 Safari/537.36"
31.28.24.227 - - [20/Apr/2025:10:56:20 +0300] "POST /wp-cron.php?doing_wp_cron=1745135780.3384490013122558593750 HTTP/1.0" 200 - "-" "WordPress/6.8; https://argon-rnd.ru"
95.108.213.81 - - [20/Apr/2025:10:56:19 +0300] "GET /?yclid=7710547526903176844 HTTP/1.0" 200 194507 "-" "Mozilla/5.0 (compatible; YandexMetrika/2.0; +http://yandex.com/bots yabs01)"
177.38.181.160 - - [20/Apr/2025:10:57:20 +0300] "GET /assets/images/gzodiy.php HTTP/1.0" 200 5766 "-" "Mozilla/5.0 (Windows NT 10.0; Win64; x64) AppleWebKit/537.36 (KHTML, like Gecko) Chrome/133.0.0.0 Safari/537.36"
177.38.181.160 - - [20/Apr/2025:10:57:26 +0300] "GET /favicon.ico HTTP/1.0" 200 370070 "http://argon-rnd.ru/assets/images/gzodiy.php" "Mozilla/5.0 (Windows NT 10.0; Win64; x64) AppleWebKit/537.36 (KHTML, like Gecko) Chrome/133.0.0.0 Safari/537.36"
177.38.181.160 - - [20/Apr/2025:10:57:34 +0300] "POST /assets/images/gzodiy.php HTTP/1.0" 200 9624 "http://argon-rnd.ru/assets/images/gzodiy.php" "Mozilla/5.0 (Windows NT 10.0; Win64; x64) AppleWebKit/537.36 (KHTML, like Gecko) Chrome/133.0.0.0 Safari/537.36"
31.28.24.227 - - [20/Apr/2025:10:57:34 +0300] "POST /wp-cron.php?doing_wp_cron=1745135854.9331049919128417968750 HTTP/1.0" 200 - "-" "WordPress/6.8; https://argon-rnd.ru"
51.222.253.15 - - [20/Apr/2025:10:57:34 +0300] "GET /22579036 HTTP/1.0" 404 142044 "-" "Mozilla/5.0 (compatible; AhrefsBot/7.0; +http://ahrefs.com/robot/)"
177.38.181.160 - - [20/Apr/2025:10:57:35 +0300] "GET /favicon.ico HTTP/1.0" 200 370070 "http://argon-rnd.ru/assets/images/gzodiy.php" "Mozilla/5.0 (Windows NT 10.0; Win64; x64) AppleWebKit/537.36 (KHTML, like Gecko) Chrome/133.0.0.0 Safari/537.36"
31.28.24.227 - - [20/Apr/2025:10:58:19 +0300] "POST /wp-cron.php?doing_wp_cron=1745135899.3195331096649169921875 HTTP/1.0" 200 - "-" "WordPress/6.8; https://argon-rnd.ru"
74.50.95.214 - - [20/Apr/2025:10:58:18 +0300] "POST /xmlrpc.php HTTP/1.0" 200 441 "http://argon-rnd.ru" "Mozilla/5.0 (Windows NT 10.0; Win64; x64; rv:125.0.1) Gecko/20100101 Firefox/125.0.1"
31.28.24.227 - - [20/Apr/2025:11:02:26 +0300] "POST /wp-cron.php?doing_wp_cron=1745136146.2048690319061279296875 HTTP/1.0" 200 - "-" "WordPress/6.8; https://argon-rnd.ru"
118.128.165.171 - - [20/Apr/2025:11:02:25 +0300] "POST /xmlrpc.php HTTP/1.0" 200 439 "-" "Mozilla/5.0 (X11; Fedora; Linux x86_64; rv:94.0) Gecko/20100101 Firefox/95.0"
31.28.24.227 - - [20/Apr/2025:11:04:30 +0300] "POST /wp-cron.php?doing_wp_cron=1745136270.3516869544982910156250 HTTP/1.0" 200 - "-" "WordPress/6.8; https://argon-rnd.ru"
162.0.215.190 - - [20/Apr/2025:11:04:29 +0300] "POST /xmlrpc.php HTTP/1.0" 200 441 "http://argon-rnd.ru" "Mozilla/5.0 (Macintosh; Intel Mac OS X 14.5) AppleWebKit/618.3.5 (KHTML, like Gecko) Version/17.4 Safari/618.3.5"
31.28.24.227 - - [20/Apr/2025:11:06:53 +0300] "POST /wp-cron.php?doing_wp_cron=1745136413.7109100818634033203125 HTTP/1.0" 200 - "-" "WordPress/6.8; https://argon-rnd.ru"
51.222.253.10 - - [20/Apr/2025:11:06:53 +0300] "GET /26040678 HTTP/1.0" 404 142044 "-" "Mozilla/5.0 (compatible; AhrefsBot/7.0; +http://ahrefs.com/robot/)"
31.28.24.227 - - [20/Apr/2025:11:07:49 +0300] "POST /wp-cron.php?doing_wp_cron=1745136469.5201408863067626953125 HTTP/1.0" 200 - "-" "WordPress/6.8; https://argon-rnd.ru"
87.250.224.100 - - [20/Apr/2025:11:07:49 +0300] "GET /?yclid=7710547526903176844 HTTP/1.0" 200 194507 "-" "Mozilla/5.0 (compatible; YandexMetrika/2.0; +http://yandex.com/bots yabs01)"
31.28.24.227 - - [20/Apr/2025:11:09:18 +0300] "POST /wp-cron.php?doing_wp_cron=1745136558.0996620655059814453125 HTTP/1.0" 200 - "-" "WordPress/6.8; https://argon-rnd.ru"
49.12.12.31 - - [20/Apr/2025:11:09:17 +0300] "POST /xmlrpc.php HTTP/1.0" 200 441 "-" "Mozilla/5.0 (Windows NT 10.0; Win64; x64; rv:65.0) Gecko/20100101 Firefox/65.0"
31.28.24.227 - - [20/Apr/2025:11:10:34 +0300] "POST /wp-cron.php?doing_wp_cron=1745136634.4099431037902832031250 HTTP/1.0" 200 - "-" "WordPress/6.8; https://argon-rnd.ru"
89.45.83.89 - - [20/Apr/2025:11:10:33 +0300] "POST /xmlrpc.php HTTP/1.0" 200 441 "http://argon-rnd.ru" "Mozilla/5.0 (Windows NT 10.0; Win64; x64) AppleWebKit/537.36 (KHTML, like Gecko) Chrome/114.0.5735.199 Safari/537.36 Edg/114.0.1823.67"
31.28.24.227 - - [20/Apr/2025:11:13:25 +0300] "POST /wp-cron.php?doing_wp_cron=1745136805.8723130226135253906250 HTTP/1.0" 200 - "-" "WordPress/6.8; https://argon-rnd.ru"
87.250.224.110 - - [20/Apr/2025:11:13:25 +0300] "GET /?yclid=7710547526903176844 HTTP/1.0" 200 194507 "-" "Mozilla/5.0 (compatible; YandexMetrika/2.0; +http://yandex.com/bots yabs01)"
31.28.24.227 - - [20/Apr/2025:11:15:50 +0300] "POST /wp-cron.php?doing_wp_cron=1745136950.9662969112396240234375 HTTP/1.0" 200 - "-" "WordPress/6.8; https://argon-rnd.ru"
31.28.24.227 - - [20/Apr/2025:11:15:51 +0300] "POST /wp-cron.php?doing_wp_cron=1745136951.0033209323883056640625 HTTP/1.0" 200 - "-" "WordPress/6.8; https://argon-rnd.ru"
51.222.253.12 - - [20/Apr/2025:11:15:50 +0300] "GET /29790946 HTTP/1.0" 404 142044 "-" "Mozilla/5.0 (compatible; AhrefsBot/7.0; +http://ahrefs.com/robot/)"
31.28.24.227 - - [20/Apr/2025:11:16:43 +0300] "POST /wp-cron.php?doing_wp_cron=1745137003.0954480171203613281250 HTTP/1.0" 200 - "-" "WordPress/6.8; https://argon-rnd.ru"
162.0.232.166 - - [20/Apr/2025:11:16:42 +0300] "POST /xmlrpc.php HTTP/1.0" 200 441 "http://argon-rnd.ru" "Mozilla/5.0 (Windows NT 10.0; Win64; x64) AppleWebKit/537.36 (KHTML, like Gecko) Chrome/112.0.5615.138 Safari/537.36 Edg/112.0.1722.68"
31.28.24.227 - - [20/Apr/2025:11:19:14 +0300] "POST /wp-cron.php?doing_wp_cron=1745137154.4934859275817871093750 HTTP/1.0" 200 - "-" "WordPress/6.8; https://argon-rnd.ru"
213.180.203.183 - - [20/Apr/2025:11:19:14 +0300] "GET /?yclid=7710547526903176844 HTTP/1.0" 200 194507 "-" "Mozilla/5.0 (compatible; YandexMetrika/2.0; +http://yandex.com/bots yabs01)"
14.102.155.61 - - [20/Apr/2025:11:20:00 +0300] "GET /wbrcoc.php HTTP/1.0" 200 5766 "-" "Mozilla/5.0 (Windows NT 10.0; Win64; x64) AppleWebKit/537.36 (KHTML, like Gecko) Chrome/134.0.0.0 Safari/537.36"
14.102.155.61 - - [20/Apr/2025:11:20:11 +0300] "GET /favicon.ico HTTP/1.0" 200 370070 "https://argon-rnd.ru/wbrcoc.php" "Mozilla/5.0 (Windows NT 10.0; Win64; x64) AppleWebKit/537.36 (KHTML, like Gecko) Chrome/134.0.0.0 Safari/537.36"
14.102.155.61 - - [20/Apr/2025:11:20:14 +0300] "POST /wbrcoc.php HTTP/1.0" 200 9673 "https://argon-rnd.ru/wbrcoc.php" "Mozilla/5.0 (Windows NT 10.0; Win64; x64) AppleWebKit/537.36 (KHTML, like Gecko) Chrome/134.0.0.0 Safari/537.36"
14.102.155.61 - - [20/Apr/2025:11:20:15 +0300] "GET /favicon.ico HTTP/1.0" 200 370070 "https://argon-rnd.ru/wbrcoc.php" "Mozilla/5.0 (Windows NT 10.0; Win64; x64) AppleWebKit/537.36 (KHTML, like Gecko) Chrome/134.0.0.0 Safari/537.36"
78.138.173.232 - - [20/Apr/2025:11:22:21 +0300] "GET /assets/images/gzodiy.php HTTP/1.0" 200 5766 "-" "Mozilla/5.0 (Windows NT 10.0; Win64; x64) AppleWebKit/537.36 (KHTML, like Gecko) Chrome/133.0.0.0 Safari/537.36"
31.28.24.227 - - [20/Apr/2025:11:22:43 +0300] "POST /wp-cron.php?doing_wp_cron=1745137363.9577469825744628906250 HTTP/1.0" 200 - "-" "WordPress/6.8; https://argon-rnd.ru"
142.44.191.239 - - [20/Apr/2025:11:22:43 +0300] "POST /xmlrpc.php HTTP/1.0" 200 441 "http://argon-rnd.ru" "Mozilla/5.0 (Windows NT 10.0; Win64; x64) AppleWebKit/537.36 (KHTML, like Gecko) Chrome/126.0.0.0 Safari/537.36 Edg/126.0.0.0"
31.28.24.227 - - [20/Apr/2025:11:24:11 +0300] "POST /wp-cron.php?doing_wp_cron=1745137451.8182950019836425781250 HTTP/1.0" 200 - "-" "WordPress/6.8; https://argon-rnd.ru"
213.180.203.13 - - [20/Apr/2025:11:24:11 +0300] "GET /?yclid=7710547526903176844 HTTP/1.0" 200 194507 "-" "Mozilla/5.0 (compatible; YandexMetrika/2.0; +http://yandex.com/bots yabs01)"
31.28.24.227 - - [20/Apr/2025:11:24:40 +0300] "POST /wp-cron.php?doing_wp_cron=1745137480.1095809936523437500000 HTTP/1.0" 200 - "-" "WordPress/6.8; https://argon-rnd.ru"
51.222.253.11 - - [20/Apr/2025:11:24:39 +0300] "GET /30056112 HTTP/1.0" 404 142044 "-" "Mozilla/5.0 (compatible; AhrefsBot/7.0; +http://ahrefs.com/robot/)"
5.255.231.70 - - [20/Apr/2025:11:25:17 +0300] "GET /robots.txt HTTP/1.0" 200 713 "-" "Mozilla/5.0 (compatible; YandexBot/3.0; +http://yandex.com/bots)"
31.28.24.227 - - [20/Apr/2025:11:28:51 +0300] "POST /wp-cron.php?doing_wp_cron=1745137731.7562830448150634765625 HTTP/1.0" 200 - "-" "WordPress/6.8; https://argon-rnd.ru"
103.13.112.160 - - [20/Apr/2025:11:28:51 +0300] "POST /xmlrpc.php HTTP/1.0" 200 441 "http://argon-rnd.ru" "Mozilla/5.0 (Windows NT 10.0; Win64; x64) AppleWebKit/537.36 (KHTML, like Gecko) Chrome/115.0.5790.102 Safari/537.36"
31.28.24.227 - - [20/Apr/2025:11:29:31 +0300] "POST /wp-cron.php?doing_wp_cron=1745137771.2671051025390625000000 HTTP/1.0" 200 - "-" "WordPress/6.8; https://argon-rnd.ru"
213.180.203.124 - - [20/Apr/2025:11:29:30 +0300] "GET /?yclid=7710547526903176844 HTTP/1.0" 200 194507 "-" "Mozilla/5.0 (compatible; YandexMetrika/2.0; +http://yandex.com/bots yabs01)"
31.28.24.227 - - [20/Apr/2025:11:30:40 +0300] "POST /wp-cron.php?doing_wp_cron=1745137840.5585520267486572265625 HTTP/1.0" 200 - "-" "WordPress/6.8; https://argon-rnd.ru"
178.62.226.48 - - [20/Apr/2025:11:30:40 +0300] "POST /xmlrpc.php HTTP/1.0" 200 441 "-" "Mozilla/5.0 (Windows NT 10.0; Win64; x64; rv:71.0) Gecko/20100101 Firefox/71.0"
31.28.24.227 - - [20/Apr/2025:11:33:21 +0300] "POST /wp-cron.php?doing_wp_cron=1745138001.0583970546722412109375 HTTP/1.0" 200 - "-" "WordPress/6.8; https://argon-rnd.ru"
51.222.253.4 - - [20/Apr/2025:11:33:20 +0300] "GET /31006072 HTTP/1.0" 404 142044 "-" "Mozilla/5.0 (compatible; AhrefsBot/7.0; +http://ahrefs.com/robot/)"
31.28.24.227 - - [20/Apr/2025:11:34:59 +0300] "POST /wp-cron.php?doing_wp_cron=1745138099.8831810951232910156250 HTTP/1.0" 200 - "-" "WordPress/6.8; https://argon-rnd.ru"
68.65.120.246 - - [20/Apr/2025:11:34:59 +0300] "POST /xmlrpc.php HTTP/1.0" 200 441 "http://argon-rnd.ru" "Mozilla/5.0 (Windows NT 10.0; Win64; x64; rv:128.0) Gecko/20100101 Firefox/128.0"
31.28.24.227 - - [20/Apr/2025:11:35:37 +0300] "POST /wp-cron.php?doing_wp_cron=1745138137.8920569419860839843750 HTTP/1.0" 200 - "-" "WordPress/6.8; https://argon-rnd.ru"
95.108.213.131 - - [20/Apr/2025:11:35:37 +0300] "GET /?yclid=7710547526903176844 HTTP/1.0" 200 194507 "-" "Mozilla/5.0 (compatible; YandexMetrika/2.0; +http://yandex.com/bots yabs01)"
31.28.24.227 - - [20/Apr/2025:11:37:53 +0300] "POST /wp-cron.php?doing_wp_cron=1745138273.6804649829864501953125 HTTP/1.0" 200 - "-" "WordPress/6.8; https://argon-rnd.ru"
185.159.82.140 - - [20/Apr/2025:11:37:53 +0300] "POST /wp-json/sure-triggers/v1/automation/action HTTP/1.0" 301 - "http://argon-rnd.ru/" "Mozilla/5.0 (X11; Linux x86_64; rv:125.0) Gecko/20100101 Firefox/125.0"
185.159.82.140 - - [20/Apr/2025:11:37:53 +0300] "POST /wp-json/sure-triggers/v1/automation/action HTTP/1.0" 200 1926 "https://argon-rnd.ru/" "Mozilla/5.0 (Windows NT 10.0; Win64; x64; rv:128.0) Gecko/20100101 Firefox/128.0"
185.159.82.140 - - [20/Apr/2025:11:37:53 +0300] "GET /wp-json/sure-triggers/v1/automation/action HTTP/1.0" 404 323 "http://argon-rnd.ru/" "Mozilla/5.0 (X11; Linux x86_64; rv:125.0) Gecko/20100101 Firefox/125.0"
