213.176.73.78 - - [20/Apr/2025:13:25:56 +0300] "GET / HTTP/1.0" 301 - "-" "Mozilla/5.0 (Macintosh; Intel Mac OS X 10.12; rv:46.0) Gecko/20100101 Firefox/46.0"
213.176.73.78 - - [20/Apr/2025:13:25:57 +0300] "GET / HTTP/1.0" 200 194557 "-" "Mozilla/5.0 (Macintosh; Intel Mac OS X 10.12; rv:46.0) Gecko/20100101 Firefox/46.0"
85.105.35.96 - - [20/Apr/2025:13:26:01 +0300] "GET /wbrcoc.php HTTP/1.0" 200 5766 "-" "Mozilla/5.0 (Windows NT 10.0; Win64; x64) AppleWebKit/537.36 (KHTML, like Gecko) Chrome/133.0.0.0 Safari/537.36"
213.176.73.78 - - [20/Apr/2025:13:26:02 +0300] "GET /wp-login.php HTTP/1.0" 200 12251 "https://argon-rnd.ru/" "Mozilla/5.0 (Macintosh; Intel Mac OS X 10.12; rv:46.0) Gecko/20100101 Firefox/46.0"
213.176.73.78 - - [20/Apr/2025:13:26:03 +0300] "POST /wp-login.php HTTP/1.0" 302 - "https://argon-rnd.ru/wp-login.php" "Mozilla/5.0 (Macintosh; Intel Mac OS X 10.12; rv:46.0) Gecko/20100101 Firefox/46.0"
85.105.35.96 - - [20/Apr/2025:13:26:05 +0300] "GET /favicon.ico HTTP/1.0" 200 370070 "https://argon-rnd.ru/wbrcoc.php" "Mozilla/5.0 (Windows NT 10.0; Win64; x64) AppleWebKit/537.36 (KHTML, like Gecko) Chrome/133.0.0.0 Safari/537.36"
213.176.73.78 - - [20/Apr/2025:13:26:04 +0300] "GET /wp-admin/ HTTP/1.0" 200 387902 "https://argon-rnd.ru/wp-login.php" "Mozilla/5.0 (Macintosh; Intel Mac OS X 10.12; rv:46.0) Gecko/20100101 Firefox/46.0"
213.176.73.78 - - [20/Apr/2025:13:26:05 +0300] "GET /wp-admin/ HTTP/1.0" 200 387822 "https://argon-rnd.ru/wp-admin/" "Mozilla/5.0 (Macintosh; Intel Mac OS X 10.12; rv:46.0) Gecko/20100101 Firefox/46.0"
213.176.73.78 - - [20/Apr/2025:13:26:06 +0300] "GET /wp-admin/plugin-editor.php?file=suretriggers%2Fapp%2Fbuild%2Fmain.asset.php&plugin=suretriggers%2Fsuretriggers.php HTTP/1.0" 403 296 "https://argon-rnd.ru/wp-admin/" "Mozilla/5.0 (Macintosh; Intel Mac OS X 10.12; rv:46.0) Gecko/20100101 Firefox/46.0"
85.105.35.96 - - [20/Apr/2025:13:26:14 +0300] "POST /wbrcoc.php HTTP/1.0" 200 9561 "https://argon-rnd.ru/wbrcoc.php" "Mozilla/5.0 (Windows NT 10.0; Win64; x64) AppleWebKit/537.36 (KHTML, like Gecko) Chrome/133.0.0.0 Safari/537.36"
85.105.35.96 - - [20/Apr/2025:13:26:14 +0300] "GET /favicon.ico HTTP/1.0" 200 370070 "https://argon-rnd.ru/wbrcoc.php" "Mozilla/5.0 (Windows NT 10.0; Win64; x64) AppleWebKit/537.36 (KHTML, like Gecko) Chrome/133.0.0.0 Safari/537.36"
31.28.24.227 - - [20/Apr/2025:13:27:19 +0300] "POST /wp-cron.php?doing_wp_cron=1745144839.5029120445251464843750 HTTP/1.0" 200 - "-" "WordPress/6.8; https://argon-rnd.ru"
87.250.224.41 - - [20/Apr/2025:13:27:19 +0300] "GET /?yclid=7710547526903176844 HTTP/1.0" 200 194507 "-" "Mozilla/5.0 (compatible; YandexMetrika/2.0; +http://yandex.com/bots yabs01)"
188.235.18.134 - - [20/Apr/2025:13:28:53 +0300] "GET /assets/images/gzodiy.php HTTP/1.0" 200 5766 "-" "Mozilla/5.0 (Windows NT 10.0; Win64; x64) AppleWebKit/537.36 (KHTML, like Gecko) Chrome/133.0.0.0 Safari/537.36"
188.235.18.134 - - [20/Apr/2025:13:28:55 +0300] "GET /favicon.ico HTTP/1.0" 200 370070 "http://argon-rnd.ru/assets/images/gzodiy.php" "Mozilla/5.0 (Windows NT 10.0; Win64; x64) AppleWebKit/537.36 (KHTML, like Gecko) Chrome/133.0.0.0 Safari/537.36"
188.235.18.134 - - [20/Apr/2025:13:29:05 +0300] "POST /assets/images/gzodiy.php HTTP/1.0" 200 9710 "http://argon-rnd.ru/assets/images/gzodiy.php" "Mozilla/5.0 (Windows NT 10.0; Win64; x64) AppleWebKit/537.36 (KHTML, like Gecko) Chrome/133.0.0.0 Safari/537.36"
188.235.18.134 - - [20/Apr/2025:13:29:06 +0300] "GET /favicon.ico HTTP/1.0" 200 370070 "http://argon-rnd.ru/assets/images/gzodiy.php" "Mozilla/5.0 (Windows NT 10.0; Win64; x64) AppleWebKit/537.36 (KHTML, like Gecko) Chrome/133.0.0.0 Safari/537.36"
31.28.24.227 - - [20/Apr/2025:13:29:39 +0300] "POST /wp-cron.php?doing_wp_cron=1745144979.9203069210052490234375 HTTP/1.0" 200 - "-" "WordPress/6.8; https://argon-rnd.ru"
103.169.35.190 - - [20/Apr/2025:13:29:39 +0300] "POST /xmlrpc.php HTTP/1.0" 200 441 "http://argon-rnd.ru" "Mozilla/5.0 (Macintosh; Intel Mac OS X 10_15_7) AppleWebKit/537.36 (KHTML, like Gecko) Chrome/116.0.5845.96 Safari/537.36"
31.28.24.227 - - [20/Apr/2025:13:32:15 +0300] "POST /wp-cron.php?doing_wp_cron=1745145135.8371829986572265625000 HTTP/1.0" 200 - "-" "WordPress/6.8; https://argon-rnd.ru"
51.222.253.18 - - [20/Apr/2025:13:32:15 +0300] "GET /105330412 HTTP/1.0" 404 142044 "-" "Mozilla/5.0 (compatible; AhrefsBot/7.0; +http://ahrefs.com/robot/)"
31.28.24.227 - - [20/Apr/2025:13:34:13 +0300] "POST /wp-cron.php?doing_wp_cron=1745145253.4587988853454589843750 HTTP/1.0" 200 - "-" "WordPress/6.8; https://argon-rnd.ru"
95.108.213.241 - - [20/Apr/2025:13:34:13 +0300] "GET /?yclid=7710547526903176844 HTTP/1.0" 200 194507 "-" "Mozilla/5.0 (compatible; YandexMetrika/2.0; +http://yandex.com/bots yabs01)"
31.28.24.227 - - [20/Apr/2025:13:37:08 +0300] "POST /wp-cron.php?doing_wp_cron=1745145428.0185499191284179687500 HTTP/1.0" 200 - "-" "WordPress/6.8; https://argon-rnd.ru"
213.176.73.78 - - [20/Apr/2025:13:37:07 +0300] "GET / HTTP/1.0" 301 - "-" "Mozilla/5.0 (Macintosh; Intel Mac OS X 10_12_0) AppleWebKit/537.36 (KHTML, like Gecko) Chrome/53.0.2837.50 Safari/537.36"
213.176.73.78 - - [20/Apr/2025:13:37:08 +0300] "GET / HTTP/1.0" 200 194557 "-" "Mozilla/5.0 (Macintosh; Intel Mac OS X 10_12_0) AppleWebKit/537.36 (KHTML, like Gecko) Chrome/53.0.2837.50 Safari/537.36"
213.176.73.78 - - [20/Apr/2025:13:37:09 +0300] "GET /wp-login.php HTTP/1.0" 200 12251 "https://argon-rnd.ru/" "Mozilla/5.0 (Macintosh; Intel Mac OS X 10_12_0) AppleWebKit/537.36 (KHTML, like Gecko) Chrome/53.0.2837.50 Safari/537.36"
31.28.24.227 - - [20/Apr/2025:13:37:14 +0300] "POST /wp-cron.php?doing_wp_cron=1745145434.7646329402923583984375 HTTP/1.0" 200 - "-" "WordPress/6.8; https://argon-rnd.ru"
213.176.73.78 - - [20/Apr/2025:13:37:14 +0300] "POST /wp-login.php HTTP/1.0" 302 - "https://argon-rnd.ru/wp-login.php" "Mozilla/5.0 (Macintosh; Intel Mac OS X 10_12_0) AppleWebKit/537.36 (KHTML, like Gecko) Chrome/53.0.2837.50 Safari/537.36"
213.176.73.78 - - [20/Apr/2025:13:37:14 +0300] "GET /wp-admin/ HTTP/1.0" 200 386251 "https://argon-rnd.ru/wp-login.php" "Mozilla/5.0 (Macintosh; Intel Mac OS X 10_12_0) AppleWebKit/537.36 (KHTML, like Gecko) Chrome/53.0.2837.50 Safari/537.36"
213.176.73.78 - - [20/Apr/2025:13:37:16 +0300] "GET /wp-admin/ HTTP/1.0" 200 386251 "https://argon-rnd.ru/wp-admin/" "Mozilla/5.0 (Macintosh; Intel Mac OS X 10_12_0) AppleWebKit/537.36 (KHTML, like Gecko) Chrome/53.0.2837.50 Safari/537.36"
213.176.73.78 - - [20/Apr/2025:13:37:17 +0300] "GET /wp-admin/ HTTP/1.0" 200 386251 "https://argon-rnd.ru/wp-admin/" "Mozilla/5.0 (Macintosh; Intel Mac OS X 10_12_0) AppleWebKit/537.36 (KHTML, like Gecko) Chrome/53.0.2837.50 Safari/537.36"
213.176.73.78 - - [20/Apr/2025:13:37:18 +0300] "POST /wp-json/wp/v2/plugins HTTP/1.0" 500 182 "https://argon-rnd.ru/wp-admin/" "Mozilla/5.0 (Macintosh; Intel Mac OS X 10_12_0) AppleWebKit/537.36 (KHTML, like Gecko) Chrome/53.0.2837.50 Safari/537.36"
213.176.73.78 - - [20/Apr/2025:13:37:33 +0300] "PUT /wp-json/wp/v2/plugins/wp-console/wp-console/?status=active HTTP/1.0" 200 686 "https://argon-rnd.ru/wp-json/wp/v2/plugins" "Mozilla/5.0 (Macintosh; Intel Mac OS X 10_12_0) AppleWebKit/537.36 (KHTML, like Gecko) Chrome/53.0.2837.50 Safari/537.36"
213.176.73.78 - - [20/Apr/2025:13:37:34 +0300] "POST /wp-json/wp-console/v1/console?_locale=user HTTP/1.0" 200 104 "https://argon-rnd.ru/wp-json/wp/v2/plugins/wp-console/wp-console/?status=active" "Mozilla/5.0 (Macintosh; Intel Mac OS X 10_12_0) AppleWebKit/537.36 (KHTML, like Gecko) Chrome/53.0.2837.50 Safari/537.36"
213.176.73.78 - - [20/Apr/2025:13:37:34 +0300] "GET /8b3dcf0e07bc.php HTTP/1.0" 200 7 "https://argon-rnd.ru/wp-json/wp-console/v1/console?_locale=user" "Mozilla/5.0 (Macintosh; Intel Mac OS X 10_12_0) AppleWebKit/537.36 (KHTML, like Gecko) Chrome/53.0.2837.50 Safari/537.36"
31.28.24.227 - - [20/Apr/2025:13:41:25 +0300] "POST /wp-cron.php?doing_wp_cron=1745145685.1461329460144042968750 HTTP/1.0" 200 - "-" "WordPress/6.8; https://argon-rnd.ru"
68.66.220.30 - - [20/Apr/2025:13:41:24 +0300] "POST /xmlrpc.php HTTP/1.0" 200 441 "http://argon-rnd.ru" "Mozilla/5.0 (Macintosh; Intel Mac OS X 10_15_7; rv:129.0) Gecko/20100101 Firefox/129.0"
31.28.24.227 - - [20/Apr/2025:13:42:36 +0300] "POST /wp-cron.php?doing_wp_cron=1745145756.7585449218750000000000 HTTP/1.0" 200 - "-" "WordPress/6.8; https://argon-rnd.ru"
213.176.73.78 - - [20/Apr/2025:13:42:36 +0300] "GET / HTTP/1.0" 301 - "-" "Mozilla/5.0 (Windows NT 6.1) AppleWebKit/537.36 (KHTML, like Gecko) Chrome/56.0.2968.76 Safari/537.36"
51.222.253.6 - - [20/Apr/2025:13:42:36 +0300] "GET /11618048 HTTP/1.0" 404 142044 "-" "Mozilla/5.0 (compatible; AhrefsBot/7.0; +http://ahrefs.com/robot/)"
213.176.73.78 - - [20/Apr/2025:13:42:37 +0300] "GET / HTTP/1.0" 200 194557 "-" "Mozilla/5.0 (Windows NT 6.1) AppleWebKit/537.36 (KHTML, like Gecko) Chrome/56.0.2968.76 Safari/537.36"
213.176.73.78 - - [20/Apr/2025:13:42:38 +0300] "GET /wp-login.php HTTP/1.0" 200 12251 "https://argon-rnd.ru/" "Mozilla/5.0 (Windows NT 6.1) AppleWebKit/537.36 (KHTML, like Gecko) Chrome/56.0.2968.76 Safari/537.36"
213.176.73.78 - - [20/Apr/2025:13:42:40 +0300] "POST /wp-login.php HTTP/1.0" 302 - "https://argon-rnd.ru/wp-login.php" "Mozilla/5.0 (Windows NT 6.1) AppleWebKit/537.36 (KHTML, like Gecko) Chrome/56.0.2968.76 Safari/537.36"
213.176.73.78 - - [20/Apr/2025:13:42:40 +0300] "GET /wp-admin/ HTTP/1.0" 200 386245 "https://argon-rnd.ru/wp-login.php" "Mozilla/5.0 (Windows NT 6.1) AppleWebKit/537.36 (KHTML, like Gecko) Chrome/56.0.2968.76 Safari/537.36"
213.176.73.78 - - [20/Apr/2025:13:42:42 +0300] "GET /wp-admin/ HTTP/1.0" 200 386251 "https://argon-rnd.ru/wp-admin/" "Mozilla/5.0 (Windows NT 6.1) AppleWebKit/537.36 (KHTML, like Gecko) Chrome/56.0.2968.76 Safari/537.36"
213.176.73.78 - - [20/Apr/2025:13:42:43 +0300] "GET /wp-admin/plugin-install.php?tab=upload HTTP/1.0" 200 289405 "https://argon-rnd.ru/wp-admin/" "Mozilla/5.0 (Windows NT 6.1) AppleWebKit/537.36 (KHTML, like Gecko) Chrome/56.0.2968.76 Safari/537.36"
213.176.73.78 - - [20/Apr/2025:13:42:44 +0300] "POST /wp-admin/update.php?action=upload-plugin HTTP/1.0" 500 255 "https://argon-rnd.ru/wp-admin/plugin-install.php?tab=upload" "Mozilla/5.0 (Windows NT 6.1) AppleWebKit/537.36 (KHTML, like Gecko) Chrome/56.0.2968.76 Safari/537.36"
213.176.73.78 - - [20/Apr/2025:13:42:45 +0300] "GET /wp-content/uploads/2025/04/8b3dcf0e07bc.php HTTP/1.0" 403 245 "https://argon-rnd.ru/wp-admin/update.php?action=upload-plugin" "Mozilla/5.0 (Windows NT 6.1) AppleWebKit/537.36 (KHTML, like Gecko) Chrome/56.0.2968.76 Safari/537.36"
213.176.73.78 - - [20/Apr/2025:13:42:46 +0300] "GET /wp-admin/plugins.php HTTP/1.0" 200 383573 "https://argon-rnd.ru/wp-content/uploads/2025/04/8b3dcf0e07bc.php" "Mozilla/5.0 (Windows NT 6.1) AppleWebKit/537.36 (KHTML, like Gecko) Chrome/56.0.2968.76 Safari/537.36"
213.176.73.78 - - [20/Apr/2025:13:42:46 +0300] "GET /wp-admin/plugins.php?action=delete-selected&checked%5B0%5D=background-image-cropper%2Fbackground-image-cropper.php&plugin_status=all&paged=1&s&_wpnonce=e3ba7856e4 HTTP/1.0" 200 287792 "https://argon-rnd.ru/wp-admin/plugins.php" "Mozilla/5.0 (Windows NT 6.1) AppleWebKit/537.36 (KHTML, like Gecko) Chrome/56.0.2968.76 Safari/537.36"
213.176.73.78 - - [20/Apr/2025:13:42:47 +0300] "GET /wp-admin/plugin-install.php?tab=upload HTTP/1.0" 200 289405 "https://argon-rnd.ru/wp-admin/plugins.php?action=delete-selected&checked%5B0%5D=background-image-cropper%2Fbackground-image-cropper.php&plugin_status=all&paged=1&s&_wpnonce=e3ba7856e4" "Mozilla/5.0 (Windows NT 6.1) AppleWebKit/537.36 (KHTML, like Gecko) Chrome/56.0.2968.76 Safari/537.36"
213.176.73.78 - - [20/Apr/2025:13:42:48 +0300] "POST /wp-admin/update.php?action=upload-plugin HTTP/1.0" 200 265406 "https://argon-rnd.ru/wp-admin/plugin-install.php?tab=upload" "Mozilla/5.0 (Windows NT 6.1) AppleWebKit/537.36 (KHTML, like Gecko) Chrome/56.0.2968.76 Safari/537.36"
213.176.73.78 - - [20/Apr/2025:13:42:55 +0300] "POST /wp-content/plugins/background-image-cropper/accesson.php HTTP/1.0" 404 213285 "https://argon-rnd.ru/wp-admin/update.php?action=upload-plugin" "Mozilla/5.0 (Windows NT 6.1) AppleWebKit/537.36 (KHTML, like Gecko) Chrome/56.0.2968.76 Safari/537.36"
213.176.73.78 - - [20/Apr/2025:13:42:56 +0300] "POST /wp-content/plugins/background-image-cropper/8b3dcf0e07bc.php HTTP/1.0" 200 9 "https://argon-rnd.ru/wp-content/plugins/background-image-cropper/accesson.php" "Mozilla/5.0 (Windows NT 6.1) AppleWebKit/537.36 (KHTML, like Gecko) Chrome/56.0.2968.76 Safari/537.36"
31.28.24.227 - - [20/Apr/2025:13:44:41 +0300] "POST /wp-cron.php?doing_wp_cron=1745145881.8955059051513671875000 HTTP/1.0" 200 - "-" "WordPress/6.8; https://argon-rnd.ru"
213.180.203.55 - - [20/Apr/2025:13:44:41 +0300] "GET /?yclid=7710547526903176844 HTTP/1.0" 200 194507 "-" "Mozilla/5.0 (compatible; YandexMetrika/2.0; +http://yandex.com/bots yabs01)"
31.28.24.227 - - [20/Apr/2025:13:46:34 +0300] "POST /wp-cron.php?doing_wp_cron=1745145994.3359959125518798828125 HTTP/1.0" 200 - "-" "WordPress/6.8; https://argon-rnd.ru"
213.180.203.246 - - [20/Apr/2025:13:46:33 +0300] "GET /?yclid=7710547526903176844 HTTP/1.0" 200 194507 "-" "Mozilla/5.0 (compatible; YandexMetrika/2.0; +http://yandex.com/bots yabs01)"
31.28.24.227 - - [20/Apr/2025:13:52:04 +0300] "POST /wp-cron.php?doing_wp_cron=1745146324.8446879386901855468750 HTTP/1.0" 200 - "-" "WordPress/6.8; https://argon-rnd.ru"
51.222.253.17 - - [20/Apr/2025:13:52:04 +0300] "GET /12487564 HTTP/1.0" 404 142044 "-" "Mozilla/5.0 (compatible; AhrefsBot/7.0; +http://ahrefs.com/robot/)"
31.28.24.227 - - [20/Apr/2025:13:52:31 +0300] "POST /wp-cron.php?doing_wp_cron=1745146351.7815120220184326171875 HTTP/1.0" 200 - "-" "WordPress/6.8; https://argon-rnd.ru"
95.108.213.81 - - [20/Apr/2025:13:52:31 +0300] "GET /?yclid=7710547526903176844 HTTP/1.0" 200 194507 "-" "Mozilla/5.0 (compatible; YandexMetrika/2.0; +http://yandex.com/bots yabs01)"
31.28.24.227 - - [20/Apr/2025:13:53:17 +0300] "POST /wp-cron.php?doing_wp_cron=1745146397.9612679481506347656250 HTTP/1.0" 200 - "-" "WordPress/6.8; https://argon-rnd.ru"
66.29.141.222 - - [20/Apr/2025:13:53:17 +0300] "POST /xmlrpc.php HTTP/1.0" 200 441 "http://argon-rnd.ru" "Mozilla/5.0 (Macintosh; Intel Mac OS X 13_3) AppleWebKit/537.36 (KHTML, like Gecko) Chrome/126.0.0.0 Safari/537.36 Edg/126.0.0.0"
95.170.119.191 - - [20/Apr/2025:13:53:58 +0300] "GET /assets/images/gzodiy.php HTTP/1.0" 200 5766 "-" "Mozilla/5.0 (Windows NT 10.0; Win64; x64) AppleWebKit/537.36 (KHTML, like Gecko) Chrome/133.0.0.0 Safari/537.36"
95.170.119.191 - - [20/Apr/2025:13:54:02 +0300] "GET /favicon.ico HTTP/1.0" 200 370070 "http://argon-rnd.ru/assets/images/gzodiy.php" "Mozilla/5.0 (Windows NT 10.0; Win64; x64) AppleWebKit/537.36 (KHTML, like Gecko) Chrome/133.0.0.0 Safari/537.36"
95.170.119.191 - - [20/Apr/2025:13:54:11 +0300] "POST /assets/images/gzodiy.php HTTP/1.0" 200 9650 "http://argon-rnd.ru/assets/images/gzodiy.php" "Mozilla/5.0 (Windows NT 10.0; Win64; x64) AppleWebKit/537.36 (KHTML, like Gecko) Chrome/133.0.0.0 Safari/537.36"
95.170.119.191 - - [20/Apr/2025:13:54:11 +0300] "GET /favicon.ico HTTP/1.0" 200 370070 "http://argon-rnd.ru/assets/images/gzodiy.php" "Mozilla/5.0 (Windows NT 10.0; Win64; x64) AppleWebKit/537.36 (KHTML, like Gecko) Chrome/133.0.0.0 Safari/537.36"
31.28.24.227 - - [20/Apr/2025:13:59:13 +0300] "POST /wp-cron.php?doing_wp_cron=1745146753.7622919082641601562500 HTTP/1.0" 200 - "-" "WordPress/6.8; https://argon-rnd.ru"
35.193.113.252 - - [20/Apr/2025:13:59:13 +0300] "POST /xmlrpc.php HTTP/1.0" 200 441 "http://argon-rnd.ru" "Mozilla/5.0 (Windows NT 10.0; Win64; x64; rv:127.0) Gecko/20100101 Firefox/127.0"
87.250.224.100 - - [20/Apr/2025:14:00:08 +0300] "GET /?yclid=7710547526903176844 HTTP/1.0" 200 194507 "-" "Mozilla/5.0 (compatible; YandexMetrika/2.0; +http://yandex.com/bots yabs01)"
31.28.24.227 - - [20/Apr/2025:14:02:01 +0300] "POST /wp-cron.php?doing_wp_cron=1745146921.1975440979003906250000 HTTP/1.0" 200 - "-" "WordPress/6.8; https://argon-rnd.ru"
51.222.253.18 - - [20/Apr/2025:14:02:00 +0300] "GET /21515346 HTTP/1.0" 404 142044 "-" "Mozilla/5.0 (compatible; AhrefsBot/7.0; +http://ahrefs.com/robot/)"
31.28.24.227 - - [20/Apr/2025:14:03:40 +0300] "POST /wp-cron.php?doing_wp_cron=1745147020.4306690692901611328125 HTTP/1.0" 200 - "-" "WordPress/6.8; https://argon-rnd.ru"
157.245.131.229 - - [20/Apr/2025:14:03:39 +0300] "POST /xmlrpc.php HTTP/1.0" 200 439 "-" "Mozilla/5.0 (X11; Fedora; Linux x86_64; rv:94.0) Gecko/20100101 Firefox/95.0"
31.28.24.227 - - [20/Apr/2025:14:05:09 +0300] "POST /wp-cron.php?doing_wp_cron=1745147109.5339479446411132812500 HTTP/1.0" 200 - "-" "WordPress/6.8; https://argon-rnd.ru"
38.242.195.184 - - [20/Apr/2025:14:05:09 +0300] "POST /xmlrpc.php HTTP/1.0" 200 441 "http://argon-rnd.ru" "Mozilla/5.0 (Windows NT 10.0; Win64; x64) AppleWebKit/537.36 (KHTML, like Gecko) Chrome/114.0.5735.199 Safari/537.36 Edg/114.0.1823.67"
31.28.24.227 - - [20/Apr/2025:14:05:58 +0300] "POST /wp-cron.php?doing_wp_cron=1745147158.9119019508361816406250 HTTP/1.0" 200 - "-" "WordPress/6.8; https://argon-rnd.ru"
87.250.224.110 - - [20/Apr/2025:14:05:58 +0300] "GET /?yclid=7710547526903176844 HTTP/1.0" 200 194507 "-" "Mozilla/5.0 (compatible; YandexMetrika/2.0; +http://yandex.com/bots yabs01)"
31.28.24.227 - - [20/Apr/2025:14:11:10 +0300] "POST /wp-cron.php?doing_wp_cron=1745147470.3980019092559814453125 HTTP/1.0" 200 - "-" "WordPress/6.8; https://argon-rnd.ru"
31.172.67.59 - - [20/Apr/2025:14:11:09 +0300] "POST /xmlrpc.php HTTP/1.0" 200 441 "http://argon-rnd.ru" "Mozilla/5.0 (Windows NT 11.0; Win64; x64) AppleWebKit/537.36 (KHTML, like Gecko) Chrome/126.0.0.0 Safari/537.36 Edg/126.0.0.0"
31.28.24.227 - - [20/Apr/2025:14:11:28 +0300] "POST /wp-cron.php?doing_wp_cron=1745147488.5389571189880371093750 HTTP/1.0" 200 - "-" "WordPress/6.8; https://argon-rnd.ru"
51.222.253.19 - - [20/Apr/2025:14:11:28 +0300] "GET /22613580 HTTP/1.0" 404 142044 "-" "Mozilla/5.0 (compatible; AhrefsBot/7.0; +http://ahrefs.com/robot/)"
213.180.203.183 - - [20/Apr/2025:14:11:33 +0300] "GET /?yclid=7710547526903176844 HTTP/1.0" 200 194507 "-" "Mozilla/5.0 (compatible; YandexMetrika/2.0; +http://yandex.com/bots yabs01)"
179.124.139.213 - - [20/Apr/2025:14:16:16 +0300] "GET /wbrcoc.php HTTP/1.0" 200 5766 "-" "Mozilla/5.0 (Windows NT 10.0; Win64; x64) AppleWebKit/537.36 (KHTML, like Gecko) Chrome/134.0.0.0 Safari/537.36"
179.124.139.213 - - [20/Apr/2025:14:16:22 +0300] "GET /favicon.ico HTTP/1.0" 200 370070 "https://argon-rnd.ru/wbrcoc.php" "Mozilla/5.0 (Windows NT 10.0; Win64; x64) AppleWebKit/537.36 (KHTML, like Gecko) Chrome/134.0.0.0 Safari/537.36"
179.124.139.213 - - [20/Apr/2025:14:16:31 +0300] "POST /wbrcoc.php HTTP/1.0" 200 9667 "https://argon-rnd.ru/wbrcoc.php" "Mozilla/5.0 (Windows NT 10.0; Win64; x64) AppleWebKit/537.36 (KHTML, like Gecko) Chrome/134.0.0.0 Safari/537.36"
179.124.139.213 - - [20/Apr/2025:14:16:32 +0300] "GET /favicon.ico HTTP/1.0" 200 370070 "https://argon-rnd.ru/wbrcoc.php" "Mozilla/5.0 (Windows NT 10.0; Win64; x64) AppleWebKit/537.36 (KHTML, like Gecko) Chrome/134.0.0.0 Safari/537.36"
31.28.24.227 - - [20/Apr/2025:14:17:10 +0300] "POST /wp-cron.php?doing_wp_cron=1745147830.1152760982513427734375 HTTP/1.0" 200 - "-" "WordPress/6.8; https://argon-rnd.ru"
198.54.114.37 - - [20/Apr/2025:14:17:09 +0300] "POST /xmlrpc.php HTTP/1.0" 200 441 "http://argon-rnd.ru" "Mozilla/5.0 (Macintosh; Intel Mac OS X 10_15_7) AppleWebKit/537.36 (KHTML, like Gecko) Chrome/114.0.5735.134 Safari/537.36"
31.28.24.227 - - [20/Apr/2025:14:17:28 +0300] "POST /wp-cron.php?doing_wp_cron=1745147848.6505279541015625000000 HTTP/1.0" 200 - "-" "WordPress/6.8; https://argon-rnd.ru"
213.180.203.13 - - [20/Apr/2025:14:17:28 +0300] "GET /?yclid=7710547526903176844 HTTP/1.0" 200 194507 "-" "Mozilla/5.0 (compatible; YandexMetrika/2.0; +http://yandex.com/bots yabs01)"
31.28.24.227 - - [20/Apr/2025:14:19:38 +0300] "POST /wp-cron.php?doing_wp_cron=1745147978.7561750411987304687500 HTTP/1.0" 200 - "-" "WordPress/6.8; https://argon-rnd.ru"
51.222.253.6 - - [20/Apr/2025:14:19:38 +0300] "GET /25297642 HTTP/1.0" 404 142044 "-" "Mozilla/5.0 (compatible; AhrefsBot/7.0; +http://ahrefs.com/robot/)"
31.28.24.227 - - [20/Apr/2025:14:22:05 +0300] "POST /wp-cron.php?doing_wp_cron=1745148125.2522881031036376953125 HTTP/1.0" 200 - "-" "WordPress/6.8; https://argon-rnd.ru"
213.180.203.124 - - [20/Apr/2025:14:22:04 +0300] "GET /?yclid=7710547526903176844 HTTP/1.0" 200 194507 "-" "Mozilla/5.0 (compatible; YandexMetrika/2.0; +http://yandex.com/bots yabs01)"
31.28.24.227 - - [20/Apr/2025:14:23:10 +0300] "POST /wp-cron.php?doing_wp_cron=1745148190.2478520870208740234375 HTTP/1.0" 200 - "-" "WordPress/6.8; https://argon-rnd.ru"
103.118.29.120 - - [20/Apr/2025:14:23:09 +0300] "POST /xmlrpc.php HTTP/1.0" 200 441 "http://argon-rnd.ru" "Mozilla/5.0 (Windows NT 10.0; Win64; x64) AppleWebKit/537.36 (KHTML, like Gecko) Chrome/114.0.5735.199 Safari/537.36 Edg/114.0.1823.67"
31.28.24.227 - - [20/Apr/2025:14:27:45 +0300] "POST /wp-cron.php?doing_wp_cron=1745148465.1366961002349853515625 HTTP/1.0" 200 - "-" "WordPress/6.8; https://argon-rnd.ru"
31.28.24.227 - - [20/Apr/2025:14:27:45 +0300] "POST /wp-cron.php?doing_wp_cron=1745148465.1860759258270263671875 HTTP/1.0" 200 - "-" "WordPress/6.8; https://argon-rnd.ru"
95.108.213.131 - - [20/Apr/2025:14:27:44 +0300] "GET /?yclid=7710547526903176844 HTTP/1.0" 200 194507 "-" "Mozilla/5.0 (compatible; YandexMetrika/2.0; +http://yandex.com/bots yabs01)"
51.222.253.8 - - [20/Apr/2025:14:28:02 +0300] "GET /31495638 HTTP/1.0" 404 142044 "-" "Mozilla/5.0 (compatible; AhrefsBot/7.0; +http://ahrefs.com/robot/)"
31.28.24.227 - - [20/Apr/2025:14:29:07 +0300] "POST /wp-cron.php?doing_wp_cron=1745148547.5371069908142089843750 HTTP/1.0" 200 - "-" "WordPress/6.8; https://argon-rnd.ru"
95.188.65.216 - - [20/Apr/2025:14:29:07 +0300] "POST /xmlrpc.php HTTP/1.0" 200 441 "http://argon-rnd.ru" "Mozilla/5.0 (Macintosh; Intel Mac OS X 14_6) AppleWebKit/605.1.15 (KHTML, like Gecko) Version/17.5 Safari/605.1.15"
31.28.24.227 - - [20/Apr/2025:14:33:18 +0300] "POST /wp-cron.php?doing_wp_cron=1745148798.6717150211334228515625 HTTP/1.0" 200 - "-" "WordPress/6.8; https://argon-rnd.ru"
213.180.203.217 - - [20/Apr/2025:14:33:18 +0300] "GET /?yclid=7710547526903176844 HTTP/1.0" 200 194507 "-" "Mozilla/5.0 (compatible; YandexMetrika/2.0; +http://yandex.com/bots yabs01)"
31.28.24.227 - - [20/Apr/2025:14:35:00 +0300] "POST /wp-cron.php?doing_wp_cron=1745148900.2545230388641357421875 HTTP/1.0" 200 - "-" "WordPress/6.8; https://argon-rnd.ru"
152.53.66.195 - - [20/Apr/2025:14:34:59 +0300] "POST /xmlrpc.php HTTP/1.0" 200 441 "http://argon-rnd.ru" "Mozilla/5.0 (Macintosh; Intel Mac OS X 14_6) AppleWebKit/605.1.15 (KHTML, like Gecko) Version/17.5 Safari/605.1.15"
31.28.24.227 - - [20/Apr/2025:14:37:16 +0300] "POST /wp-cron.php?doing_wp_cron=1745149036.8539969921112060546875 HTTP/1.0" 200 - "-" "WordPress/6.8; https://argon-rnd.ru"
51.222.253.11 - - [20/Apr/2025:14:37:16 +0300] "GET /32089924 HTTP/1.0" 404 142044 "-" "Mozilla/5.0 (compatible; AhrefsBot/7.0; +http://ahrefs.com/robot/)"
31.28.24.227 - - [20/Apr/2025:14:38:42 +0300] "POST /wp-cron.php?doing_wp_cron=1745149121.9779601097106933593750 HTTP/1.0" 200 - "-" "WordPress/6.8; https://argon-rnd.ru"
95.108.213.216 - - [20/Apr/2025:14:38:41 +0300] "GET /?yclid=7710547526903176844 HTTP/1.0" 200 194507 "-" "Mozilla/5.0 (compatible; YandexMetrika/2.0; +http://yandex.com/bots yabs01)"
31.28.24.227 - - [20/Apr/2025:14:40:53 +0300] "POST /wp-cron.php?doing_wp_cron=1745149253.4603550434112548828125 HTTP/1.0" 200 - "-" "WordPress/6.8; https://argon-rnd.ru"
23.239.27.53 - - [20/Apr/2025:14:40:53 +0300] "POST /xmlrpc.php HTTP/1.0" 200 441 "http://argon-rnd.ru" "Mozilla/5.0 (Windows NT 10.0; Win64; x64; rv:125.0.1) Gecko/20100101 Firefox/125.0.1"
177.38.181.160 - - [20/Apr/2025:14:41:09 +0300] "GET /wbrcoc.php HTTP/1.0" 200 5766 "-" "Mozilla/5.0 (Windows NT 10.0; Win64; x64) AppleWebKit/537.36 (KHTML, like Gecko) Chrome/134.0.0.0 Safari/537.36"
177.38.181.160 - - [20/Apr/2025:14:41:15 +0300] "GET /favicon.ico HTTP/1.0" 200 370070 "https://argon-rnd.ru/wbrcoc.php" "Mozilla/5.0 (Windows NT 10.0; Win64; x64) AppleWebKit/537.36 (KHTML, like Gecko) Chrome/134.0.0.0 Safari/537.36"
177.38.181.160 - - [20/Apr/2025:14:41:23 +0300] "POST /wbrcoc.php HTTP/1.0" 200 9693 "https://argon-rnd.ru/wbrcoc.php" "Mozilla/5.0 (Windows NT 10.0; Win64; x64) AppleWebKit/537.36 (KHTML, like Gecko) Chrome/134.0.0.0 Safari/537.36"
177.38.181.160 - - [20/Apr/2025:14:41:24 +0300] "GET /favicon.ico HTTP/1.0" 200 370070 "https://argon-rnd.ru/wbrcoc.php" "Mozilla/5.0 (Windows NT 10.0; Win64; x64) AppleWebKit/537.36 (KHTML, like Gecko) Chrome/134.0.0.0 Safari/537.36"
2.58.21.130 - - [20/Apr/2025:14:43:50 +0300] "GET /assets/images/gzodiy.php HTTP/1.0" 200 5766 "-" "Mozilla/5.0 (Windows NT 10.0; Win64; x64) AppleWebKit/537.36 (KHTML, like Gecko) Chrome/134.0.0.0 Safari/537.36"
2.58.21.130 - - [20/Apr/2025:14:43:50 +0300] "GET /favicon.ico HTTP/1.0" 200 370070 "http://argon-rnd.ru/assets/images/gzodiy.php" "Mozilla/5.0 (Windows NT 10.0; Win64; x64) AppleWebKit/537.36 (KHTML, like Gecko) Chrome/134.0.0.0 Safari/537.36"
2.58.21.130 - - [20/Apr/2025:14:44:02 +0300] "POST /assets/images/gzodiy.php HTTP/1.0" 200 9642 "http://argon-rnd.ru/assets/images/gzodiy.php" "Mozilla/5.0 (Windows NT 10.0; Win64; x64) AppleWebKit/537.36 (KHTML, like Gecko) Chrome/134.0.0.0 Safari/537.36"
2.58.21.130 - - [20/Apr/2025:14:44:02 +0300] "GET /favicon.ico HTTP/1.0" 200 370070 "http://argon-rnd.ru/assets/images/gzodiy.php" "Mozilla/5.0 (Windows NT 10.0; Win64; x64) AppleWebKit/537.36 (KHTML, like Gecko) Chrome/134.0.0.0 Safari/537.36"
31.28.24.227 - - [20/Apr/2025:14:44:13 +0300] "POST /wp-cron.php?doing_wp_cron=1745149452.9706048965454101562500 HTTP/1.0" 200 - "-" "WordPress/6.8; https://argon-rnd.ru"
213.180.203.222 - - [20/Apr/2025:14:44:12 +0300] "GET /?yclid=7710547526903176844 HTTP/1.0" 200 194507 "-" "Mozilla/5.0 (compatible; YandexMetrika/2.0; +http://yandex.com/bots yabs01)"
31.28.24.227 - - [20/Apr/2025:14:46:47 +0300] "POST /wp-cron.php?doing_wp_cron=1745149607.8772280216217041015625 HTTP/1.0" 200 - "-" "WordPress/6.8; https://argon-rnd.ru"
5.202.15.246 - - [20/Apr/2025:14:46:47 +0300] "POST /xmlrpc.php HTTP/1.0" 200 441 "http://argon-rnd.ru" "Mozilla/5.0 (Macintosh; Intel Mac OS X 10_15_7) AppleWebKit/537.36 (KHTML, like Gecko) Chrome/114.0.5735.134 Safari/537.36"
51.222.253.17 - - [20/Apr/2025:14:46:54 +0300] "GET /35101440 HTTP/1.0" 404 142044 "-" "Mozilla/5.0 (compatible; AhrefsBot/7.0; +http://ahrefs.com/robot/)"
31.28.24.227 - - [20/Apr/2025:14:49:16 +0300] "POST /wp-cron.php?doing_wp_cron=1745149756.1722500324249267578125 HTTP/1.0" 200 - "-" "WordPress/6.8; https://argon-rnd.ru"
213.176.73.78 - - [20/Apr/2025:14:49:15 +0300] "GET / HTTP/1.0" 301 - "-" "Mozilla/5.0 (Macintosh; Intel Mac OS X 10.10; rv:51.0) Gecko/20100101 Firefox/51.0"
213.176.73.78 - - [20/Apr/2025:14:49:16 +0300] "GET / HTTP/1.0" 200 194557 "-" "Mozilla/5.0 (Macintosh; Intel Mac OS X 10.10; rv:51.0) Gecko/20100101 Firefox/51.0"
213.176.73.78 - - [20/Apr/2025:14:49:17 +0300] "GET /wp-login.php HTTP/1.0" 200 12251 "https://argon-rnd.ru/" "Mozilla/5.0 (Macintosh; Intel Mac OS X 10.10; rv:51.0) Gecko/20100101 Firefox/51.0"
213.176.73.78 - - [20/Apr/2025:14:49:19 +0300] "POST /wp-login.php HTTP/1.0" 302 - "https://argon-rnd.ru/wp-login.php" "Mozilla/5.0 (Macintosh; Intel Mac OS X 10.10; rv:51.0) Gecko/20100101 Firefox/51.0"
213.176.73.78 - - [20/Apr/2025:14:49:19 +0300] "GET /wp-admin/ HTTP/1.0" 200 387822 "https://argon-rnd.ru/wp-login.php" "Mozilla/5.0 (Macintosh; Intel Mac OS X 10.10; rv:51.0) Gecko/20100101 Firefox/51.0"
213.176.73.78 - - [20/Apr/2025:14:49:20 +0300] "GET /wp-admin/ HTTP/1.0" 200 387822 "https://argon-rnd.ru/wp-admin/" "Mozilla/5.0 (Macintosh; Intel Mac OS X 10.10; rv:51.0) Gecko/20100101 Firefox/51.0"
213.176.73.78 - - [20/Apr/2025:14:49:21 +0300] "GET /wp-admin/plugin-editor.php?file=suretriggers%2Fapp%2Fbuild%2Fmain.asset.php&plugin=suretriggers%2Fsuretriggers.php HTTP/1.0" 403 296 "https://argon-rnd.ru/wp-admin/" "Mozilla/5.0 (Macintosh; Intel Mac OS X 10.10; rv:51.0) Gecko/20100101 Firefox/51.0"
5.255.231.63 - - [20/Apr/2025:14:49:44 +0300] "GET /?yclid=7710547526903176844 HTTP/1.0" 200 194507 "-" "Mozilla/5.0 (compatible; YandexMetrika/2.0; +http://yandex.com/bots yabs01)"
31.28.24.227 - - [20/Apr/2025:14:52:46 +0300] "POST /wp-cron.php?doing_wp_cron=1745149966.7974140644073486328125 HTTP/1.0" 200 - "-" "WordPress/6.8; https://argon-rnd.ru"
68.65.122.55 - - [20/Apr/2025:14:52:46 +0300] "POST /xmlrpc.php HTTP/1.0" 200 441 "http://argon-rnd.ru" "Mozilla/5.0 (Windows NT 10.0; Win64; x64) AppleWebKit/537.36 (KHTML, like Gecko) Chrome/112.0.5615.138 Safari/537.36 Edg/112.0.1722.68"
31.28.24.227 - - [20/Apr/2025:14:55:34 +0300] "POST /wp-cron.php?doing_wp_cron=1745150134.2147169113159179687500 HTTP/1.0" 200 - "-" "WordPress/6.8; https://argon-rnd.ru"
51.222.253.1 - - [20/Apr/2025:14:55:33 +0300] "GET /40100460 HTTP/1.0" 404 142044 "-" "Mozilla/5.0 (compatible; AhrefsBot/7.0; +http://ahrefs.com/robot/)"
31.28.24.227 - - [20/Apr/2025:14:56:09 +0300] "POST /wp-cron.php?doing_wp_cron=1745150169.5739099979400634765625 HTTP/1.0" 200 - "-" "WordPress/6.8; https://argon-rnd.ru"
195.94.230.222 - - [20/Apr/2025:14:56:09 +0300] "POST /xmlrpc.php HTTP/1.0" 200 439 "-" "Mozilla/5.0 (X11; Fedora; Linux x86_64; rv:94.0) Gecko/20100101 Firefox/95.0"
31.28.24.227 - - [20/Apr/2025:15:00:24 +0300] "POST /wp-cron.php?doing_wp_cron=1745150424.4724979400634765625000 HTTP/1.0" 200 - "-" "WordPress/6.8; https://argon-rnd.ru"
87.250.224.41 - - [20/Apr/2025:15:00:24 +0300] "GET /?yclid=7710547526903176844 HTTP/1.0" 200 194507 "-" "Mozilla/5.0 (compatible; YandexMetrika/2.0; +http://yandex.com/bots yabs01)"
31.28.24.227 - - [20/Apr/2025:15:02:29 +0300] "POST /wp-cron.php?doing_wp_cron=1745150549.0164670944213867187500 HTTP/1.0" 200 - "-" "WordPress/6.8; https://argon-rnd.ru"
198.145.66.98 - - [20/Apr/2025:15:02:28 +0300] "GET /wp-login.php HTTP/1.0" 200 12251 "-" "Mozilla/5.0 (Macintosh; Intel Mac OS X 10_15_7) AppleWebKit/537.36 (KHTML, like Gecko) Chrome/135.0.0.0 Safari/537.36"
198.145.66.98 - - [20/Apr/2025:15:02:29 +0300] "GET /wp-includes/css/buttons.min.css?ver=09b501f71a4f1a011b1a92daa3f398ba HTTP/1.0" 200 6061 "https://argon-rnd.ru/wp-login.php" "Mozilla/5.0 (Macintosh; Intel Mac OS X 10_15_7) AppleWebKit/537.36 (KHTML, like Gecko) Chrome/135.0.0.0 Safari/537.36"
198.145.66.98 - - [20/Apr/2025:15:02:29 +0300] "GET /wp-admin/css/forms.min.css?ver=6.8 HTTP/1.0" 200 28448 "https://argon-rnd.ru/wp-login.php" "Mozilla/5.0 (Macintosh; Intel Mac OS X 10_15_7) AppleWebKit/537.36 (KHTML, like Gecko) Chrome/135.0.0.0 Safari/537.36"
198.145.66.98 - - [20/Apr/2025:15:02:29 +0300] "GET /wp-includes/css/dashicons.min.css?ver=09b501f71a4f1a011b1a92daa3f398ba HTTP/1.0" 200 59016 "https://argon-rnd.ru/wp-login.php" "Mozilla/5.0 (Macintosh; Intel Mac OS X 10_15_7) AppleWebKit/537.36 (KHTML, like Gecko) Chrome/135.0.0.0 Safari/537.36"
198.145.66.98 - - [20/Apr/2025:15:02:29 +0300] "GET /wp-includes/js/zxcvbn-async.min.js?ver=1.0 HTTP/1.0" 200 351 "https://argon-rnd.ru/wp-login.php" "Mozilla/5.0 (Macintosh; Intel Mac OS X 10_15_7) AppleWebKit/537.36 (KHTML, like Gecko) Chrome/135.0.0.0 Safari/537.36"
198.145.66.98 - - [20/Apr/2025:15:02:29 +0300] "GET /wp-admin/css/login.min.css?ver=6.8 HTTP/1.0" 200 6381 "https://argon-rnd.ru/wp-login.php" "Mozilla/5.0 (Macintosh; Intel Mac OS X 10_15_7) AppleWebKit/537.36 (KHTML, like Gecko) Chrome/135.0.0.0 Safari/537.36"
198.145.66.98 - - [20/Apr/2025:15:02:29 +0300] "GET /wp-includes/js/dist/hooks.min.js?ver=4d63a3d491d11ffd8ac6 HTTP/1.0" 200 4776 "https://argon-rnd.ru/wp-login.php" "Mozilla/5.0 (Macintosh; Intel Mac OS X 10_15_7) AppleWebKit/537.36 (KHTML, like Gecko) Chrome/135.0.0.0 Safari/537.36"
198.145.66.98 - - [20/Apr/2025:15:02:29 +0300] "GET /wp-includes/js/clipboard.min.js?ver=2.0.11 HTTP/1.0" 200 9009 "https://argon-rnd.ru/wp-login.php" "Mozilla/5.0 (Macintosh; Intel Mac OS X 10_15_7) AppleWebKit/537.36 (KHTML, like Gecko) Chrome/135.0.0.0 Safari/537.36"
198.145.66.98 - - [20/Apr/2025:15:02:29 +0300] "GET /wp-admin/css/l10n.min.css?ver=6.8 HTTP/1.0" 200 3200 "https://argon-rnd.ru/wp-login.php" "Mozilla/5.0 (Macintosh; Intel Mac OS X 10_15_7) AppleWebKit/537.36 (KHTML, like Gecko) Chrome/135.0.0.0 Safari/537.36"
198.145.66.98 - - [20/Apr/2025:15:02:29 +0300] "GET /wp-includes/js/jquery/jquery-migrate.min.js?ver=3.4.1 HTTP/1.0" 200 13577 "https://argon-rnd.ru/wp-login.php" "Mozilla/5.0 (Macintosh; Intel Mac OS X 10_15_7) AppleWebKit/537.36 (KHTML, like Gecko) Chrome/135.0.0.0 Safari/537.36"
198.145.66.98 - - [20/Apr/2025:15:02:29 +0300] "GET /wp-includes/js/jquery/jquery.min.js?ver=3.7.1 HTTP/1.0" 200 87553 "https://argon-rnd.ru/wp-login.php" "Mozilla/5.0 (Macintosh; Intel Mac OS X 10_15_7) AppleWebKit/537.36 (KHTML, like Gecko) Chrome/135.0.0.0 Safari/537.36"
198.145.66.98 - - [20/Apr/2025:15:02:29 +0300] "GET /wp-content/plugins/really-simple-ssl/assets/two-fa/rtl/two-fa-assets.min.css?ver=9.1.2 HTTP/1.0" 200 1737 "https://argon-rnd.ru/wp-login.php" "Mozilla/5.0 (Macintosh; Intel Mac OS X 10_15_7) AppleWebKit/537.36 (KHTML, like Gecko) Chrome/135.0.0.0 Safari/537.36"
198.145.66.98 - - [20/Apr/2025:15:02:29 +0300] "GET /wp-includes/js/dist/i18n.min.js?ver=5e580eb46a90c2b997e6 HTTP/1.0" 200 9141 "https://argon-rnd.ru/wp-login.php" "Mozilla/5.0 (Macintosh; Intel Mac OS X 10_15_7) AppleWebKit/537.36 (KHTML, like Gecko) Chrome/135.0.0.0 Safari/537.36"
198.145.66.98 - - [20/Apr/2025:15:02:29 +0300] "GET /wp-includes/js/underscore.min.js?ver=1.13.7 HTTP/1.0" 200 18905 "https://argon-rnd.ru/wp-login.php" "Mozilla/5.0 (Macintosh; Intel Mac OS X 10_15_7) AppleWebKit/537.36 (KHTML, like Gecko) Chrome/135.0.0.0 Safari/537.36"
198.145.66.98 - - [20/Apr/2025:15:02:29 +0300] "GET /wp-admin/js/password-strength-meter.min.js?ver=6.8 HTTP/1.0" 200 1123 "https://argon-rnd.ru/wp-login.php" "Mozilla/5.0 (Macintosh; Intel Mac OS X 10_15_7) AppleWebKit/537.36 (KHTML, like Gecko) Chrome/135.0.0.0 Safari/537.36"
198.145.66.98 - - [20/Apr/2025:15:02:29 +0300] "GET /wp-includes/js/wp-util.min.js?ver=09b501f71a4f1a011b1a92daa3f398ba HTTP/1.0" 200 1426 "https://argon-rnd.ru/wp-login.php" "Mozilla/5.0 (Macintosh; Intel Mac OS X 10_15_7) AppleWebKit/537.36 (KHTML, like Gecko) Chrome/135.0.0.0 Safari/537.36"
198.145.66.98 - - [20/Apr/2025:15:02:29 +0300] "GET /wp-admin/js/user-profile.min.js?ver=6.8 HTTP/1.0" 200 6862 "https://argon-rnd.ru/wp-login.php" "Mozilla/5.0 (Macintosh; Intel Mac OS X 10_15_7) AppleWebKit/537.36 (KHTML, like Gecko) Chrome/135.0.0.0 Safari/537.36"
198.145.66.98 - - [20/Apr/2025:15:02:29 +0300] "GET /wp-includes/js/dist/a11y.min.js?ver=3156534cc54473497e14 HTTP/1.0" 200 2358 "https://argon-rnd.ru/wp-login.php" "Mozilla/5.0 (Macintosh; Intel Mac OS X 10_15_7) AppleWebKit/537.36 (KHTML, like Gecko) Chrome/135.0.0.0 Safari/537.36"
198.145.66.98 - - [20/Apr/2025:15:02:29 +0300] "GET /wp-includes/js/dist/dom-ready.min.js?ver=f77871ff7694fffea381 HTTP/1.0" 200 457 "https://argon-rnd.ru/wp-login.php" "Mozilla/5.0 (Macintosh; Intel Mac OS X 10_15_7) AppleWebKit/537.36 (KHTML, like Gecko) Chrome/135.0.0.0 Safari/537.36"
198.145.66.98 - - [20/Apr/2025:15:02:29 +0300] "GET /wp-admin/images/wordpress-logo.svg?ver=20131107 HTTP/1.0" 200 1521 "https://argon-rnd.ru/wp-admin/css/login.min.css?ver=6.8" "Mozilla/5.0 (Macintosh; Intel Mac OS X 10_15_7) AppleWebKit/537.36 (KHTML, like Gecko) Chrome/135.0.0.0 Safari/537.36"
198.145.66.98 - - [20/Apr/2025:15:02:30 +0300] "GET /wp-content/uploads/2024/10/%D0%B8%D1%81%D0%BA%D1%80%D0%B0-150x150.jpg HTTP/1.0" 200 2217 "https://argon-rnd.ru/wp-login.php" "Mozilla/5.0 (Macintosh; Intel Mac OS X 10_15_7) AppleWebKit/537.36 (KHTML, like Gecko) Chrome/135.0.0.0 Safari/537.36"
198.145.66.98 - - [20/Apr/2025:15:02:30 +0300] "GET /wp-includes/js/zxcvbn.min.js HTTP/1.0" 200 822237 "https://argon-rnd.ru/wp-login.php" "Mozilla/5.0 (Macintosh; Intel Mac OS X 10_15_7) AppleWebKit/537.36 (KHTML, like Gecko) Chrome/135.0.0.0 Safari/537.36"
198.145.66.98 - - [20/Apr/2025:15:02:32 +0300] "POST /wp-login.php HTTP/1.0" 302 - "https://argon-rnd.ru/wp-login.php" "Mozilla/5.0 (Macintosh; Intel Mac OS X 10_15_7) AppleWebKit/537.36 (KHTML, like Gecko) Chrome/135.0.0.0 Safari/537.36"
198.145.66.98 - - [20/Apr/2025:15:02:33 +0300] "GET /wp-admin/ HTTP/1.0" 200 386354 "https://argon-rnd.ru/wp-login.php" "Mozilla/5.0 (Macintosh; Intel Mac OS X 10_15_7) AppleWebKit/537.36 (KHTML, like Gecko) Chrome/135.0.0.0 Safari/537.36"
198.145.66.98 - - [20/Apr/2025:15:02:34 +0300] "GET /wp-content/plugins/wpforms-lite/assets/lib/font-awesome/font-awesome.min.css?ver=4.7.0 HTTP/1.0" 200 32404 "https://argon-rnd.ru/wp-admin/" "Mozilla/5.0 (Macintosh; Intel Mac OS X 10_15_7) AppleWebKit/537.36 (KHTML, like Gecko) Chrome/135.0.0.0 Safari/537.36"
198.145.66.98 - - [20/Apr/2025:15:02:34 +0300] "GET /wp-content/plugins/wpforms-lite/assets/lite/css/dashboard-education.min.css?ver=1.9.1.3 HTTP/1.0" 200 27973 "https://argon-rnd.ru/wp-admin/" "Mozilla/5.0 (Macintosh; Intel Mac OS X 10_15_7) AppleWebKit/537.36 (KHTML, like Gecko) Chrome/135.0.0.0 Safari/537.36"
198.145.66.98 - - [20/Apr/2025:15:02:34 +0300] "GET /wp-content/plugins/wordpress-seo/css/dist/dashboard-2360.css HTTP/1.0" 200 998 "https://argon-rnd.ru/wp-admin/" "Mozilla/5.0 (Macintosh; Intel Mac OS X 10_15_7) AppleWebKit/537.36 (KHTML, like Gecko) Chrome/135.0.0.0 Safari/537.36"
198.145.66.98 - - [20/Apr/2025:15:02:34 +0300] "GET /wp-content/plugins/wp-mail-smtp/assets/css/admin-bar.min.css?ver=4.1.1 HTTP/1.0" 200 908 "https://argon-rnd.ru/wp-admin/" "Mozilla/5.0 (Macintosh; Intel Mac OS X 10_15_7) AppleWebKit/537.36 (KHTML, like Gecko) Chrome/135.0.0.0 Safari/537.36"
198.145.66.98 - - [20/Apr/2025:15:02:34 +0300] "GET /wp-includes/js/thickbox/thickbox.css?ver=09b501f71a4f1a011b1a92daa3f398ba HTTP/1.0" 200 2659 "https://argon-rnd.ru/wp-admin/" "Mozilla/5.0 (Macintosh; Intel Mac OS X 10_15_7) AppleWebKit/537.36 (KHTML, like Gecko) Chrome/135.0.0.0 Safari/537.36"
198.145.66.98 - - [20/Apr/2025:15:02:34 +0300] "GET /wp-content/plugins/wp-console/assets/css/wp-console.css?ver=3fd1be6f97ec204f993d HTTP/1.0" 200 11503 "https://argon-rnd.ru/wp-admin/" "Mozilla/5.0 (Macintosh; Intel Mac OS X 10_15_7) AppleWebKit/537.36 (KHTML, like Gecko) Chrome/135.0.0.0 Safari/537.36"
198.145.66.98 - - [20/Apr/2025:15:02:34 +0300] "GET /wp-content/plugins/wpforms-lite/assets/lib/jquery.confirm/jquery-confirm.min.css?ver=1.0.0 HTTP/1.0" 200 18174 "https://argon-rnd.ru/wp-admin/" "Mozilla/5.0 (Macintosh; Intel Mac OS X 10_15_7) AppleWebKit/537.36 (KHTML, like Gecko) Chrome/135.0.0.0 Safari/537.36"
198.145.66.98 - - [20/Apr/2025:15:02:34 +0300] "GET /wp-content/plugins/wordpress-seo/css/dist/admin-global-2360.css HTTP/1.0" 200 26219 "https://argon-rnd.ru/wp-admin/" "Mozilla/5.0 (Macintosh; Intel Mac OS X 10_15_7) AppleWebKit/537.36 (KHTML, like Gecko) Chrome/135.0.0.0 Safari/537.36"
198.145.66.98 - - [20/Apr/2025:15:02:34 +0300] "GET /wp-content/plugins/wordpress-seo/js/dist/admin-global.js?ver=ee3745f3fdc45e43fb51 HTTP/1.0" 200 5476 "https://argon-rnd.ru/wp-admin/" "Mozilla/5.0 (Macintosh; Intel Mac OS X 10_15_7) AppleWebKit/537.36 (KHTML, like Gecko) Chrome/135.0.0.0 Safari/537.36"
198.145.66.98 - - [20/Apr/2025:15:02:34 +0300] "GET /wp-content/plugins/wordpress-seo/css/dist/monorepo-2360.css HTTP/1.0" 200 33609 "https://argon-rnd.ru/wp-admin/" "Mozilla/5.0 (Macintosh; Intel Mac OS X 10_15_7) AppleWebKit/537.36 (KHTML, like Gecko) Chrome/135.0.0.0 Safari/537.36"
198.145.66.98 - - [20/Apr/2025:15:02:34 +0300] "GET /wp-content/plugins/wordpress-seo/css/dist/adminbar-2360.css HTTP/1.0" 200 4133 "https://argon-rnd.ru/wp-admin/" "Mozilla/5.0 (Macintosh; Intel Mac OS X 10_15_7) AppleWebKit/537.36 (KHTML, like Gecko) Chrome/135.0.0.0 Safari/537.36"
198.145.66.98 - - [20/Apr/2025:15:02:34 +0300] "GET /wp-content/plugins/wp-mail-smtp/assets/css/dashboard-widget.min.css?ver=4.1.1 HTTP/1.0" 200 19357 "https://argon-rnd.ru/wp-admin/" "Mozilla/5.0 (Macintosh; Intel Mac OS X 10_15_7) AppleWebKit/537.36 (KHTML, like Gecko) Chrome/135.0.0.0 Safari/537.36"
198.145.66.98 - - [20/Apr/2025:15:02:34 +0300] "GET /wp-content/plugins/wordpress-seo/css/dist/wpseo-dismissible-2360.css HTTP/1.0" 200 746 "https://argon-rnd.ru/wp-admin/" "Mozilla/5.0 (Macintosh; Intel Mac OS X 10_15_7) AppleWebKit/537.36 (KHTML, like Gecko) Chrome/135.0.0.0 Safari/537.36"
198.145.66.98 - - [20/Apr/2025:15:02:34 +0300] "GET /wp-content/plugins/wpforms-lite/assets/css/dashboard-widget.min.css?ver=1.9.1.3 HTTP/1.0" 200 16432 "https://argon-rnd.ru/wp-admin/" "Mozilla/5.0 (Macintosh; Intel Mac OS X 10_15_7) AppleWebKit/537.36 (KHTML, like Gecko) Chrome/135.0.0.0 Safari/537.36"
198.145.66.98 - - [20/Apr/2025:15:02:34 +0300] "GET /wp-content/plugins/astra-sites/inc/lib/zip-ai/sidebar/build/sidebar-app.css?ver=1.2.1 HTTP/1.0" 200 23693 "https://argon-rnd.ru/wp-admin/" "Mozilla/5.0 (Macintosh; Intel Mac OS X 10_15_7) AppleWebKit/537.36 (KHTML, like Gecko) Chrome/135.0.0.0 Safari/537.36"
198.145.66.98 - - [20/Apr/2025:15:02:34 +0300] "GET /wp-content/plugins/astra-sites/inc/lib/nps-survey/dist//style-main.css?ver=4.4.3 HTTP/1.0" 200 33334 "https://argon-rnd.ru/wp-admin/" "Mozilla/5.0 (Macintosh; Intel Mac OS X 10_15_7) AppleWebKit/537.36 (KHTML, like Gecko) Chrome/135.0.0.0 Safari/537.36"
198.145.66.98 - - [20/Apr/2025:15:02:34 +0300] "GET /wp-content/plugins/wpforms-lite/assets/css/admin-bar.min.css?ver=1.9.1.3 HTTP/1.0" 200 1443 "https://argon-rnd.ru/wp-admin/" "Mozilla/5.0 (Macintosh; Intel Mac OS X 10_15_7) AppleWebKit/537.36 (KHTML, like Gecko) Chrome/135.0.0.0 Safari/537.36"
198.145.66.98 - - [20/Apr/2025:15:02:34 +0300] "GET /wp-content/plugins/astra-sites/inc/lib/zipwp-images/dist/style-main.css?ver=1.0.10 HTTP/1.0" 200 30788 "https://argon-rnd.ru/wp-admin/" "Mozilla/5.0 (Macintosh; Intel Mac OS X 10_15_7) AppleWebKit/537.36 (KHTML, like Gecko) Chrome/135.0.0.0 Safari/537.36"
198.145.66.98 - - [20/Apr/2025:15:02:34 +0300] "GET /wp-content/themes/astra/admin/assets/theme-builder/build/index.css?ver=4.8.2 HTTP/1.0" 200 5242 "https://argon-rnd.ru/wp-admin/" "Mozilla/5.0 (Macintosh; Intel Mac OS X 10_15_7) AppleWebKit/537.36 (KHTML, like Gecko) Chrome/135.0.0.0 Safari/537.36"
198.145.66.98 - - [20/Apr/2025:15:02:34 +0300] "GET /wp-admin/load-styles.php?c=0&dir=ltr&load%5Bchunk_0%5D=dashicons,admin-bar,site-health,common,forms,admin-menu,dashboard,list-tables,edit,revisions,media,themes,about,nav-menus,wp-poi&load%5Bchunk_1%5D=nter,widgets,site-icon,l10n,buttons,wp-auth-check,wp-components&ver=6.8 HTTP/1.0" 200 494598 "https://argon-rnd.ru/wp-admin/" "Mozilla/5.0 (Macintosh; Intel Mac OS X 10_15_7) AppleWebKit/537.36 (KHTML, like Gecko) Chrome/135.0.0.0 Safari/537.36"
198.145.66.98 - - [20/Apr/2025:15:02:34 +0300] "GET /wp-admin/load-scripts.php?c=0&load%5Bchunk_0%5D=jquery-core,jquery-migrate,utils,wp-polyfill,moxiejs,plupload&ver=6.8 HTTP/1.0" 200 247246 "https://argon-rnd.ru/wp-admin/" "Mozilla/5.0 (Macintosh; Intel Mac OS X 10_15_7) AppleWebKit/537.36 (KHTML, like Gecko) Chrome/135.0.0.0 Safari/537.36"
198.145.66.98 - - [20/Apr/2025:15:02:35 +0300] "GET /wp-content/plugins/wpforms-lite/assets/images/sullie.png HTTP/1.0" 200 25007 "https://argon-rnd.ru/wp-admin/" "Mozilla/5.0 (Macintosh; Intel Mac OS X 10_15_7) AppleWebKit/537.36 (KHTML, like Gecko) Chrome/135.0.0.0 Safari/537.36"
198.145.66.98 - - [20/Apr/2025:15:02:35 +0300] "GET /wp-content/plugins/really-simple-ssl//assets/img/icon.png HTTP/1.0" 200 19502 "https://argon-rnd.ru/wp-admin/" "Mozilla/5.0 (Macintosh; Intel Mac OS X 10_15_7) AppleWebKit/537.36 (KHTML, like Gecko) Chrome/135.0.0.0 Safari/537.36"
198.145.66.98 - - [20/Apr/2025:15:02:35 +0300] "GET /wp-content/plugins/wp-mail-smtp/assets/images/dash-widget/wp/total.svg HTTP/1.0" 200 491 "https://argon-rnd.ru/wp-admin/" "Mozilla/5.0 (Macintosh; Intel Mac OS X 10_15_7) AppleWebKit/537.36 (KHTML, like Gecko) Chrome/135.0.0.0 Safari/537.36"
198.145.66.98 - - [20/Apr/2025:15:02:35 +0300] "GET /wp-content/plugins/wp-mail-smtp/assets/images/dash-widget/wp/delivered.svg HTTP/1.0" 200 532 "https://argon-rnd.ru/wp-admin/" "Mozilla/5.0 (Macintosh; Intel Mac OS X 10_15_7) AppleWebKit/537.36 (KHTML, like Gecko) Chrome/135.0.0.0 Safari/537.36"
198.145.66.98 - - [20/Apr/2025:15:02:35 +0300] "GET /wp-includes/js/hoverintent-js.min.js?ver=2.2.1 HTTP/1.0" 200 1718 "https://argon-rnd.ru/wp-admin/" "Mozilla/5.0 (Macintosh; Intel Mac OS X 10_15_7) AppleWebKit/537.36 (KHTML, like Gecko) Chrome/135.0.0.0 Safari/537.36"
198.145.66.98 - - [20/Apr/2025:15:02:35 +0300] "GET /wp-admin/js/common.min.js?ver=6.8 HTTP/1.0" 200 23627 "https://argon-rnd.ru/wp-admin/" "Mozilla/5.0 (Macintosh; Intel Mac OS X 10_15_7) AppleWebKit/537.36 (KHTML, like Gecko) Chrome/135.0.0.0 Safari/537.36"
198.145.66.98 - - [20/Apr/2025:15:02:35 +0300] "GET /wp-content/plugins/wp-mail-smtp/assets/images/dash-widget/wp/unsent.svg HTTP/1.0" 200 584 "https://argon-rnd.ru/wp-admin/" "Mozilla/5.0 (Macintosh; Intel Mac OS X 10_15_7) AppleWebKit/537.36 (KHTML, like Gecko) Chrome/135.0.0.0 Safari/537.36"
198.145.66.98 - - [20/Apr/2025:15:02:35 +0300] "GET /wp-admin/load-scripts.php?c=0&load%5Bchunk_0%5D=hoverIntent,wp-dom-ready,wp-hooks&ver=6.8 HTTP/1.0" 200 6735 "https://argon-rnd.ru/wp-admin/" "Mozilla/5.0 (Macintosh; Intel Mac OS X 10_15_7) AppleWebKit/537.36 (KHTML, like Gecko) Chrome/135.0.0.0 Safari/537.36"
198.145.66.98 - - [20/Apr/2025:15:02:36 +0300] "GET /wp-includes/js/admin-bar.min.js?ver=09b501f71a4f1a011b1a92daa3f398ba HTTP/1.0" 200 3487 "https://argon-rnd.ru/wp-admin/" "Mozilla/5.0 (Macintosh; Intel Mac OS X 10_15_7) AppleWebKit/537.36 (KHTML, like Gecko) Chrome/135.0.0.0 Safari/537.36"
198.145.66.98 - - [20/Apr/2025:15:02:36 +0300] "GET /wp-includes/js/wp-ajax-response.min.js?ver=09b501f71a4f1a011b1a92daa3f398ba HTTP/1.0" 200 2571 "https://argon-rnd.ru/wp-admin/" "Mozilla/5.0 (Macintosh; Intel Mac OS X 10_15_7) AppleWebKit/537.36 (KHTML, like Gecko) Chrome/135.0.0.0 Safari/537.36"
198.145.66.98 - - [20/Apr/2025:15:02:36 +0300] "GET /wp-includes/js/api-request.min.js?ver=09b501f71a4f1a011b1a92daa3f398ba HTTP/1.0" 200 1023 "https://argon-rnd.ru/wp-admin/" "Mozilla/5.0 (Macintosh; Intel Mac OS X 10_15_7) AppleWebKit/537.36 (KHTML, like Gecko) Chrome/135.0.0.0 Safari/537.36"
198.145.66.98 - - [20/Apr/2025:15:02:36 +0300] "GET /wp-includes/js/dist/url.min.js?ver=6bf93e90403a1eec6501 HTTP/1.0" 200 8460 "https://argon-rnd.ru/wp-admin/" "Mozilla/5.0 (Macintosh; Intel Mac OS X 10_15_7) AppleWebKit/537.36 (KHTML, like Gecko) Chrome/135.0.0.0 Safari/537.36"
198.145.66.98 - - [20/Apr/2025:15:02:36 +0300] "GET /wp-admin/js/site-health.min.js?ver=6.8 HTTP/1.0" 200 6282 "https://argon-rnd.ru/wp-admin/" "Mozilla/5.0 (Macintosh; Intel Mac OS X 10_15_7) AppleWebKit/537.36 (KHTML, like Gecko) Chrome/135.0.0.0 Safari/537.36"
198.145.66.98 - - [20/Apr/2025:15:02:36 +0300] "GET /wp-includes/js/jquery/jquery.color.min.js?ver=3.0.0 HTTP/1.0" 200 6645 "https://argon-rnd.ru/wp-admin/" "Mozilla/5.0 (Macintosh; Intel Mac OS X 10_15_7) AppleWebKit/537.36 (KHTML, like Gecko) Chrome/135.0.0.0 Safari/537.36"
198.145.66.98 - - [20/Apr/2025:15:02:36 +0300] "GET /wp-includes/js/jquery/jquery.query.js?ver=2.2.3 HTTP/1.0" 200 3694 "https://argon-rnd.ru/wp-admin/" "Mozilla/5.0 (Macintosh; Intel Mac OS X 10_15_7) AppleWebKit/537.36 (KHTML, like Gecko) Chrome/135.0.0.0 Safari/537.36"
198.145.66.98 - - [20/Apr/2025:15:02:36 +0300] "GET /wp-includes/js/wp-lists.min.js?ver=09b501f71a4f1a011b1a92daa3f398ba HTTP/1.0" 200 7521 "https://argon-rnd.ru/wp-admin/" "Mozilla/5.0 (Macintosh; Intel Mac OS X 10_15_7) AppleWebKit/537.36 (KHTML, like Gecko) Chrome/135.0.0.0 Safari/537.36"
198.145.66.98 - - [20/Apr/2025:15:02:36 +0300] "GET /wp-admin/js/edit-comments.min.js?ver=6.8 HTTP/1.0" 200 15488 "https://argon-rnd.ru/wp-admin/" "Mozilla/5.0 (Macintosh; Intel Mac OS X 10_15_7) AppleWebKit/537.36 (KHTML, like Gecko) Chrome/135.0.0.0 Safari/537.36"
198.145.66.98 - - [20/Apr/2025:15:02:36 +0300] "GET /wp-includes/js/quicktags.min.js?ver=09b501f71a4f1a011b1a92daa3f398ba HTTP/1.0" 200 11132 "https://argon-rnd.ru/wp-admin/" "Mozilla/5.0 (Macintosh; Intel Mac OS X 10_15_7) AppleWebKit/537.36 (KHTML, like Gecko) Chrome/135.0.0.0 Safari/537.36"
198.145.66.98 - - [20/Apr/2025:15:02:36 +0300] "GET /wp-includes/js/jquery/ui/core.min.js?ver=1.13.3 HTTP/1.0" 200 21464 "https://argon-rnd.ru/wp-admin/" "Mozilla/5.0 (Macintosh; Intel Mac OS X 10_15_7) AppleWebKit/537.36 (KHTML, like Gecko) Chrome/135.0.0.0 Safari/537.36"
198.145.66.98 - - [20/Apr/2025:15:02:36 +0300] "GET /wp-includes/js/jquery/ui/mouse.min.js?ver=1.13.3 HTTP/1.0" 200 3428 "https://argon-rnd.ru/wp-admin/" "Mozilla/5.0 (Macintosh; Intel Mac OS X 10_15_7) AppleWebKit/537.36 (KHTML, like Gecko) Chrome/135.0.0.0 Safari/537.36"
198.145.66.98 - - [20/Apr/2025:15:02:36 +0300] "GET /wp-admin/js/postbox.min.js?ver=6.8 HTTP/1.0" 200 6761 "https://argon-rnd.ru/wp-admin/" "Mozilla/5.0 (Macintosh; Intel Mac OS X 10_15_7) AppleWebKit/537.36 (KHTML, like Gecko) Chrome/135.0.0.0 Safari/537.36"
198.145.66.98 - - [20/Apr/2025:15:02:36 +0300] "GET /wp-includes/js/jquery/ui/sortable.min.js?ver=1.13.3 HTTP/1.0" 200 25504 "https://argon-rnd.ru/wp-admin/" "Mozilla/5.0 (Macintosh; Intel Mac OS X 10_15_7) AppleWebKit/537.36 (KHTML, like Gecko) Chrome/135.0.0.0 Safari/537.36"
198.145.66.98 - - [20/Apr/2025:15:02:36 +0300] "GET /wp-includes/js/dist/vendor/moment.min.js?ver=2.30.1 HTTP/1.0" 200 58812 "https://argon-rnd.ru/wp-admin/" "Mozilla/5.0 (Macintosh; Intel Mac OS X 10_15_7) AppleWebKit/537.36 (KHTML, like Gecko) Chrome/135.0.0.0 Safari/537.36"
198.145.66.98 - - [20/Apr/2025:15:02:36 +0300] "GET /wp-includes/js/dist/deprecated.min.js?ver=e1f84915c5e8ae38964c HTTP/1.0" 200 684 "https://argon-rnd.ru/wp-admin/" "Mozilla/5.0 (Macintosh; Intel Mac OS X 10_15_7) AppleWebKit/537.36 (KHTML, like Gecko) Chrome/135.0.0.0 Safari/537.36"
